000
CDUS43 KDTX 252029
CLIFNT


CLIMATE REPORT
NATIONAL WEATHER SERVICE DETROIT/PONTIAC MI
428 PM EDT FRI JUL 25 2014


...................................

...THE FLINT MI CLIMATE SUMMARY FOR JULY 25 2014...
VALID TODAY AS OF 0400 PM LOCAL TIME.

CLIMATE NORMAL PERIOD 1981 TO 2010
CLIMATE RECORD PERIOD 1921 TO 2014


WEATHER ITEM   OBSERVED TIME   RECORD YEAR NORMAL DEPARTURE LAST
                VALUE   (LST)  VALUE       VALUE  FROM      YEAR
                                                  NORMAL
..................................................................
TEMPERATURE (F)
 TODAY
  MAXIMUM         77    259 PM 103    1934  82     -5       78
  MINIMUM         52    446 AM  47    2013  59     -7       47
  AVERAGE         65                        70     -5       63

PRECIPITATION (IN)
  TODAY            0.00          0.90 1987   0.12  -0.12     0.00
  MONTH TO DATE    4.68                      2.61   2.07     0.72
  SINCE JUN 1      7.14                      5.68   1.46     5.23
  SINCE JAN 1     22.09                     16.67   5.42    21.99

SNOWFALL (IN)
  TODAY            0.0           0.0    MM   0.0    0.0      0.0
  MONTH TO DATE    0.0                       0.0    0.0      0.0
  SINCE JUN 1      0.0                       0.0    0.0      0.0
  SINCE JUL 1      0.0                       0.0    0.0      0.0
  SNOW DEPTH       0

DEGREE DAYS
 HEATING
  TODAY            0                         0      0        2
  MONTH TO DATE    8                        10     -2        3
  SINCE JUN 1     30                        76    -46       44
  SINCE JUL 1      8                        10     -2        3

 COOLING
  TODAY            0                         6     -6        0
  MONTH TO DATE  112                       150    -38      255
  SINCE JUN 1    264                       262      2      414
  SINCE JAN 1    312                       294     18      493
..................................................................


WIND (MPH)
  HIGHEST WIND SPEED    14   HIGHEST WIND DIRECTION    SW (210)
  HIGHEST GUST SPEED    20   HIGHEST GUST DIRECTION     W (260)
  AVERAGE WIND SPEED     5.5


SKY COVER
  POSSIBLE SUNSHINE  MM
  AVERAGE SKY COVER 0.1


WEATHER CONDITIONS
 THE FOLLOWING WEATHER WAS RECORDED TODAY.
  NO SIGNIFICANT WEATHER WAS OBSERVED.


RELATIVE HUMIDITY (PERCENT)
 HIGHEST    83          1200 AM
 LOWEST     40           300 PM
 AVERAGE    62

..........................................................


THE FLINT MI CLIMATE NORMALS FOR TOMORROW
                         NORMAL    RECORD    YEAR
 MAXIMUM TEMPERATURE (F)   82        99      1941
 MINIMUM TEMPERATURE (F)   59        48      1977


SUNRISE AND SUNSET
JULY 25 2014..........SUNRISE   619 AM EDT   SUNSET   904 PM EDT
JULY 26 2014..........SUNRISE   620 AM EDT   SUNSET   903 PM EDT


-  INDICATES NEGATIVE NUMBERS.
R  INDICATES RECORD WAS SET OR TIED.
MM INDICATES DATA IS MISSING.
T  INDICATES TRACE AMOUNT.




$$
