000
CDUS43 KDTX 160537
CLIFNT


CLIMATE REPORT
NATIONAL WEATHER SERVICE DETROIT/PONTIAC MI
137 AM EDT WED AUG 16 2017


...................................

...THE FLINT MI CLIMATE SUMMARY FOR AUGUST 15 2017...

CLIMATE NORMAL PERIOD 1981 TO 2010
CLIMATE RECORD PERIOD 1921 TO 2017


WEATHER ITEM   OBSERVED TIME   RECORD YEAR NORMAL DEPARTURE LAST
                VALUE   (LST)  VALUE       VALUE  FROM      YEAR
                                                  NORMAL
..................................................................
TEMPERATURE (F)
 YESTERDAY
  MAXIMUM         81    452 PM  95    1944  80      1       85
  MINIMUM         59    311 AM  42    1964  58      1       66
                                      1962
  AVERAGE         70                        69      1       76

PRECIPITATION (IN)
  YESTERDAY        0.30          0.84 1959   0.10   0.20     0.18
  MONTH TO DATE    2.08                      1.57   0.51     0.90
  SINCE JUN 1      7.46                      7.96  -0.50     3.32
  SINCE JAN 1     23.89                     18.95   4.94    15.55

SNOWFALL (IN)
  YESTERDAY        0.0           0.0    MM   0.0    0.0      0.0
  MONTH TO DATE    0.0                       0.0    0.0      0.0
  SINCE JUN 1      0.0                       0.0    0.0      0.0
  SINCE JUL 1      0.0                       0.0    0.0      0.0
  SNOW DEPTH       0

DEGREE DAYS
 HEATING
  YESTERDAY        0                         1     -1        0
  MONTH TO DATE    2                        14    -12        0
  SINCE JUN 1     42                        95    -53       28
  SINCE JUL 1      3                        29    -26        0

 COOLING
  YESTERDAY        5                         5      0       11
  MONTH TO DATE   53                        80    -27      199
  SINCE JUN 1    387                       379      8      726
  SINCE JAN 1    412                       411      1      805
..................................................................


WIND (MPH)
  HIGHEST WIND SPEED    12   HIGHEST WIND DIRECTION    NE (40)
  HIGHEST GUST SPEED    23   HIGHEST GUST DIRECTION    NW (330)
  AVERAGE WIND SPEED     4.0


SKY COVER
  POSSIBLE SUNSHINE  MM
  AVERAGE SKY COVER 0.4


WEATHER CONDITIONS
 THE FOLLOWING WEATHER WAS RECORDED YESTERDAY.
  HEAVY RAIN
  RAIN
  LIGHT RAIN
  FOG
  HAZE


RELATIVE HUMIDITY (PERCENT)
 HIGHEST   100           600 AM
 LOWEST     45           500 PM
 AVERAGE    73

..........................................................


THE FLINT MI CLIMATE NORMALS FOR TODAY
                         NORMAL    RECORD    YEAR
 MAXIMUM TEMPERATURE (F)   80        95      1922
 MINIMUM TEMPERATURE (F)   58        43      1979


SUNRISE AND SUNSET
AUGUST 16 2017........SUNRISE   642 AM EDT   SUNSET   835 PM EDT
AUGUST 17 2017........SUNRISE   643 AM EDT   SUNSET   834 PM EDT


-  INDICATES NEGATIVE NUMBERS.
R  INDICATES RECORD WAS SET OR TIED.
MM INDICATES DATA IS MISSING.
T  INDICATES TRACE AMOUNT.




$$
