000
CDUS43 KDTX 050539
CLIFNT


CLIMATE REPORT
NATIONAL WEATHER SERVICE DETROIT/PONTIAC MI
139 AM EDT THU MAY 5 2016


...................................

...THE FLINT MI CLIMATE SUMMARY FOR MAY 4 2016...

CLIMATE NORMAL PERIOD 1981 TO 2010
CLIMATE RECORD PERIOD 1921 TO 2016


WEATHER ITEM   OBSERVED TIME   RECORD YEAR NORMAL DEPARTURE LAST
                VALUE   (LST)  VALUE       VALUE  FROM      YEAR
                                                  NORMAL
..................................................................
TEMPERATURE (F)
 YESTERDAY
  MAXIMUM         64   1143 AM  88    1949  65     -1       76
  MINIMUM         47   1158 PM  23    2005  41      6       60
  AVERAGE         56                        53      3       68

PRECIPITATION (IN)
  YESTERDAY        0.30          3.23 2012   0.11   0.19     0.10
  MONTH TO DATE    0.68                      0.40   0.28     0.10
  SINCE MAR 1      7.34                      5.20   2.14     2.65
  SINCE JAN 1     11.19                      8.31   2.88     4.82

SNOWFALL (IN)
  YESTERDAY        0.0           0.3    MM   0.0    0.0      0.0
  MONTH TO DATE    0.0                       0.0    0.0      0.0
  SINCE MAR 1     18.4                       8.8    9.6      4.8
  SINCE JUL 1     69.0                      47.4   21.6     45.3
  SNOW DEPTH       0

DEGREE DAYS
 HEATING
  YESTERDAY        9                        12     -3        0
  MONTH TO DATE   50                        51     -1       11
  SINCE MAR 1   1329                      1570   -241     1492
  SINCE JUL 1   5199                      6658  -1459     6800

 COOLING
  YESTERDAY        0                         0      0        3
  MONTH TO DATE    0                         0      0        3
  SINCE MAR 1      1                         4     -3        3
  SINCE JAN 1      1                         4     -3        3
..................................................................


WIND (MPH)
  HIGHEST WIND SPEED    30   HIGHEST WIND DIRECTION     S (160)
  HIGHEST GUST SPEED    36   HIGHEST GUST DIRECTION    SE (140)
  AVERAGE WIND SPEED     9.6


SKY COVER
  POSSIBLE SUNSHINE  MM
  AVERAGE SKY COVER 0.8


WEATHER CONDITIONS
 THE FOLLOWING WEATHER WAS RECORDED YESTERDAY.
  THUNDERSTORM
  HEAVY RAIN
  RAIN
  LIGHT RAIN
  FOG
  HAZE


RELATIVE HUMIDITY (PERCENT)
 HIGHEST    83           900 PM
 LOWEST     47          1200 AM
 AVERAGE    65

..........................................................


THE FLINT MI CLIMATE NORMALS FOR TODAY
                         NORMAL    RECORD    YEAR
 MAXIMUM TEMPERATURE (F)   65        90      1952
 MINIMUM TEMPERATURE (F)   42        29      1992


SUNRISE AND SUNSET
MAY  5 2016...........SUNRISE   623 AM EDT   SUNSET   841 PM EDT
MAY  6 2016...........SUNRISE   622 AM EDT   SUNSET   842 PM EDT


-  INDICATES NEGATIVE NUMBERS.
R  INDICATES RECORD WAS SET OR TIED.
MM INDICATES DATA IS MISSING.
T  INDICATES TRACE AMOUNT.




$$
