000
CDUS43 KDTX 280558
CLIFNT


CLIMATE REPORT
NATIONAL WEATHER SERVICE DETROIT/PONTIAC MI
158 AM EDT FRI AUG 28 2015


...................................

...THE FLINT MI CLIMATE SUMMARY FOR AUGUST 27 2015...

CLIMATE NORMAL PERIOD 1981 TO 2010
CLIMATE RECORD PERIOD 1921 TO 2015


WEATHER ITEM   OBSERVED TIME   RECORD YEAR NORMAL DEPARTURE LAST
                VALUE   (LST)  VALUE       VALUE  FROM      YEAR
                                                  NORMAL
..................................................................
TEMPERATURE (F)
 YESTERDAY
  MAXIMUM         67    559 PM  98    1948  78    -11       78
  MINIMUM         50   1159 PM  42    1927  56     -6       64
  AVERAGE         59                        67     -8       71

PRECIPITATION (IN)
  YESTERDAY        0.00          1.54 1992   0.10  -0.10     0.00
  MONTH TO DATE    2.71                      2.74  -0.03     3.75
  SINCE JUN 1     11.11                      9.13   1.98    11.97
  SINCE JAN 1     19.23                     20.12  -0.89    26.92

SNOWFALL (IN)
  YESTERDAY        0.0           0.0    MM   0.0    0.0      0.0
  MONTH TO DATE    0.0                       0.0    0.0      0.0
  SINCE JUN 1      0.0                       0.0    0.0      0.0
  SINCE JUL 1      0.0                       0.0    0.0      0.0
  SNOW DEPTH       0

DEGREE DAYS
 HEATING
  YESTERDAY        6                         1      5        0
  MONTH TO DATE   11                        26    -15        7
  SINCE JUN 1     47                       107    -60       46
  SINCE JUL 1     19                        41    -22       24

 COOLING
  YESTERDAY        0                         4     -4        6
  MONTH TO DATE  178                       133     45      174
  SINCE JUN 1    520                       432     88      455
  SINCE JAN 1    595                       464    131      503
..................................................................


WIND (MPH)
  HIGHEST WIND SPEED    10   HIGHEST WIND DIRECTION    NW (320)
  HIGHEST GUST SPEED    13   HIGHEST GUST DIRECTION    NW (320)
  AVERAGE WIND SPEED     3.5


SKY COVER
  POSSIBLE SUNSHINE  MM
  AVERAGE SKY COVER 0.7


WEATHER CONDITIONS
 THE FOLLOWING WEATHER WAS RECORDED YESTERDAY.
  FOG


RELATIVE HUMIDITY (PERCENT)
 HIGHEST    93           600 AM
 LOWEST     58           200 PM
 AVERAGE    76

..........................................................


THE FLINT MI CLIMATE NORMALS FOR TODAY
                         NORMAL    RECORD    YEAR
 MAXIMUM TEMPERATURE (F)   78        95      1953
                                             1926
 MINIMUM TEMPERATURE (F)   56        39      1986
                                             1982


SUNRISE AND SUNSET
AUGUST 28 2015........SUNRISE   655 AM EDT   SUNSET   817 PM EDT
AUGUST 29 2015........SUNRISE   656 AM EDT   SUNSET   815 PM EDT


-  INDICATES NEGATIVE NUMBERS.
R  INDICATES RECORD WAS SET OR TIED.
MM INDICATES DATA IS MISSING.
T  INDICATES TRACE AMOUNT.




$$
