300
CDUS43 KDTX 172136
CLIFNT


CLIMATE REPORT
NATIONAL WEATHER SERVICE DETROIT/PONTIAC MI
434 PM EST TUE JAN 17 2017


...................................

...THE FLINT MI CLIMATE SUMMARY FOR JANUARY 17 2017...
VALID TODAY AS OF 0400 PM LOCAL TIME.

CLIMATE NORMAL PERIOD 1981 TO 2010
CLIMATE RECORD PERIOD 1921 TO 2017


WEATHER ITEM   OBSERVED TIME   RECORD YEAR NORMAL DEPARTURE LAST
                VALUE   (LST)  VALUE       VALUE  FROM      YEAR
                                                  NORMAL
..................................................................
TEMPERATURE (F)
 TODAY
  MAXIMUM         37    315 PM  60    1952  29      8       30
  MINIMUM         33    425 AM -15    1982  15     18       13
  AVERAGE         35                        22     13       22

PRECIPITATION (IN)
  TODAY            0.44          0.61 1988   0.06   0.38      T
  MONTH TO DATE    2.55                      0.96   1.59     1.06
  SINCE DEC 1      4.14                      2.88   1.26     2.96
  SINCE JAN 1      2.55                      0.96   1.59     1.06

SNOWFALL (IN)
  TODAY            0.0           4.3  1970   0.4   -0.4       T
  MONTH TO DATE    5.7                       7.2   -1.5     11.6
  SINCE DEC 1     25.9                      19.0    6.9     14.1
  SINCE JUL 1     25.9                      21.9    4.0     24.9
  SNOW DEPTH       0

DEGREE DAYS
 HEATING
  TODAY           30                        43    -13       43
  MONTH TO DATE  674                       720    -46      629
  SINCE DEC 1   1822                      1884    -62     1366
  SINCE JUL 1   2863                      3365   -502     2347

 COOLING
  TODAY            0                         0      0        0
  MONTH TO DATE    0                         0      0        0
  SINCE DEC 1      0                         0      0        0
  SINCE JAN 1      0                         0      0        0
..................................................................


WIND (MPH)
  HIGHEST WIND SPEED    15   HIGHEST WIND DIRECTION     E (110)
  HIGHEST GUST SPEED    18   HIGHEST GUST DIRECTION     E (110)
  AVERAGE WIND SPEED     7.3


SKY COVER
  POSSIBLE SUNSHINE  MM
  AVERAGE SKY COVER 1.0


WEATHER CONDITIONS
 THE FOLLOWING WEATHER WAS RECORDED TODAY.
  RAIN
  LIGHT RAIN
  FOG
  FOG W/VISIBILITY <= 1/4 MILE


RELATIVE HUMIDITY (PERCENT)
 HIGHEST   100           600 AM
 LOWEST     89          1200 AM
 AVERAGE    95

..........................................................


THE FLINT MI CLIMATE NORMALS FOR TOMORROW
                         NORMAL    RECORD    YEAR
 MAXIMUM TEMPERATURE (F)   29        60      1996
 MINIMUM TEMPERATURE (F)   15       -25      1976


SUNRISE AND SUNSET
JANUARY 17 2017.......SUNRISE   802 AM EST   SUNSET   529 PM EST
JANUARY 18 2017.......SUNRISE   801 AM EST   SUNSET   530 PM EST


-  INDICATES NEGATIVE NUMBERS.
R  INDICATES RECORD WAS SET OR TIED.
MM INDICATES DATA IS MISSING.
T  INDICATES TRACE AMOUNT.




$$
