000
CDUS43 KDTX 200537
CLIFNT


CLIMATE REPORT
NATIONAL WEATHER SERVICE DETROIT/PONTIAC MI
1237 AM EST SAT DEC 20 2014


...................................

...THE FLINT MI CLIMATE SUMMARY FOR DECEMBER 19 2014...

CLIMATE NORMAL PERIOD 1981 TO 2010
CLIMATE RECORD PERIOD 1921 TO 2014


WEATHER ITEM   OBSERVED TIME   RECORD YEAR NORMAL DEPARTURE LAST
                VALUE   (LST)  VALUE       VALUE  FROM      YEAR
                                                  NORMAL
..................................................................
TEMPERATURE (F)
 YESTERDAY
  MAXIMUM         33    347 PM  55    1957  33      0       39
  MINIMUM         19   1125 PM -11    1951  20     -1       29
  AVERAGE         26                        26      0       34

PRECIPITATION (IN)
  YESTERDAY        0.00          0.69 1929   0.06  -0.06     0.01
  MONTH TO DATE    0.38                      1.22  -0.84     0.58
  SINCE DEC 1      0.38                      1.22  -0.84     0.58
  SINCE JAN 1     34.16                     30.67   3.49    31.36

SNOWFALL (IN)
  YESTERDAY        0.0           7.4  2008   0.4   -0.4      0.0
  MONTH TO DATE    0.1                       6.8   -6.7      7.9
  SINCE DEC 1      0.1                       6.8   -6.7      7.9
  SINCE JUL 1      9.5                       9.7   -0.2      9.5
  SNOW DEPTH       0

DEGREE DAYS
 HEATING
  YESTERDAY       39                        39      0       31
  MONTH TO DATE  603                       680    -77      759
  SINCE DEC 1    603                       680    -77      759
  SINCE JUL 1   2067                      2161    -94     2158

 COOLING
  YESTERDAY        0                         0      0        0
  MONTH TO DATE    0                         0      0        0
  SINCE DEC 1      0                         0      0        0
  SINCE JAN 1    597                       531     66      758
..................................................................


WIND (MPH)
  HIGHEST WIND SPEED    10   HIGHEST WIND DIRECTION     N (360)
  HIGHEST GUST SPEED    13   HIGHEST GUST DIRECTION     N (340)
  AVERAGE WIND SPEED     3.9


SKY COVER
  POSSIBLE SUNSHINE  MM
  AVERAGE SKY COVER 0.6


WEATHER CONDITIONS
 THE FOLLOWING WEATHER WAS RECORDED YESTERDAY.
  NO SIGNIFICANT WEATHER WAS OBSERVED.


RELATIVE HUMIDITY (PERCENT)
 HIGHEST    84          1100 PM
 LOWEST     59           300 PM
 AVERAGE    72

..........................................................


THE FLINT MI CLIMATE NORMALS FOR TODAY
                         NORMAL    RECORD    YEAR
 MAXIMUM TEMPERATURE (F)   33        59      1957
 MINIMUM TEMPERATURE (F)   19        -8      1954


SUNRISE AND SUNSET
DECEMBER 20 2014......SUNRISE   802 AM EST   SUNSET   503 PM EST
DECEMBER 21 2014......SUNRISE   803 AM EST   SUNSET   503 PM EST


-  INDICATES NEGATIVE NUMBERS.
R  INDICATES RECORD WAS SET OR TIED.
MM INDICATES DATA IS MISSING.
T  INDICATES TRACE AMOUNT.




$$
