000
CDUS43 KDTX 080552
CLIFNT


CLIMATE REPORT
NATIONAL WEATHER SERVICE DETROIT/PONTIAC MI
1252 AM EST MON DEC 8 2014


...................................

...THE FLINT MI CLIMATE SUMMARY FOR DECEMBER 7 2014...

CLIMATE NORMAL PERIOD 1981 TO 2010
CLIMATE RECORD PERIOD 1921 TO 2014


WEATHER ITEM   OBSERVED TIME   RECORD YEAR NORMAL DEPARTURE LAST
                VALUE   (LST)  VALUE       VALUE  FROM      YEAR
                                                  NORMAL
..................................................................
TEMPERATURE (F)
 YESTERDAY
  MAXIMUM         37    337 PM  59    1951  37      0       24
                                      1946
  MINIMUM         18    818 AM   0    1983  24     -6       12
  AVERAGE         28                        30     -2       18

PRECIPITATION (IN)
  YESTERDAY        0.00          0.86 1927   0.07  -0.07      T
  MONTH TO DATE    0.01                      0.49  -0.48     0.17
  SINCE DEC 1      0.01                      0.49  -0.48     0.17
  SINCE JAN 1     33.79                     29.94   3.85    30.95

SNOWFALL (IN)
  YESTERDAY        0.0           7.7  1994   0.4   -0.4       T
  MONTH TO DATE    T                         2.2   -2.2       T
  SINCE DEC 1      T                         2.2   -2.2       T
  SINCE JUL 1      9.4                       5.1    4.3      1.6
  SNOW DEPTH       0

DEGREE DAYS
 HEATING
  YESTERDAY       37                        35      2       47
  MONTH TO DATE  245                       235     10      219
  SINCE DEC 1    245                       235     10      219
  SINCE JUL 1   1709                      1716     -7     1618

 COOLING
  YESTERDAY        0                         0      0        0
  MONTH TO DATE    0                         0      0        0
  SINCE DEC 1      0                         0      0        0
  SINCE JAN 1    597                       531     66      758
..................................................................


WIND (MPH)
  HIGHEST WIND SPEED    15   HIGHEST WIND DIRECTION    SE (140)
  HIGHEST GUST SPEED    20   HIGHEST GUST DIRECTION    SE (140)
  AVERAGE WIND SPEED     7.4


SKY COVER
  POSSIBLE SUNSHINE  MM
  AVERAGE SKY COVER 0.0


WEATHER CONDITIONS
 THE FOLLOWING WEATHER WAS RECORDED YESTERDAY.
  NO SIGNIFICANT WEATHER WAS OBSERVED.


RELATIVE HUMIDITY (PERCENT)
 HIGHEST    84           900 AM
 LOWEST     29           200 PM
 AVERAGE    57

..........................................................


THE FLINT MI CLIMATE NORMALS FOR TODAY
                         NORMAL    RECORD    YEAR
 MAXIMUM TEMPERATURE (F)   36        62      1966
 MINIMUM TEMPERATURE (F)   23        -4      1976


SUNRISE AND SUNSET
DECEMBER  8 2014......SUNRISE   753 AM EST   SUNSET   500 PM EST
DECEMBER  9 2014......SUNRISE   754 AM EST   SUNSET   500 PM EST


-  INDICATES NEGATIVE NUMBERS.
R  INDICATES RECORD WAS SET OR TIED.
MM INDICATES DATA IS MISSING.
T  INDICATES TRACE AMOUNT.




$$
