000
CDUS43 KDTX 060536
CLIFNT


CLIMATE REPORT
NATIONAL WEATHER SERVICE DETROIT/PONTIAC MI
1236 AM EST MON MAR 6 2017


...................................

...THE FLINT MI CLIMATE SUMMARY FOR MARCH 5 2017...

CLIMATE NORMAL PERIOD 1981 TO 2010
CLIMATE RECORD PERIOD 1921 TO 2017


WEATHER ITEM   OBSERVED TIME   RECORD YEAR NORMAL DEPARTURE LAST
                VALUE   (LST)  VALUE       VALUE  FROM      YEAR
                                                  NORMAL
..................................................................
TEMPERATURE (F)
 YESTERDAY
  MAXIMUM         43    405 PM  66    2004  39      4       36
                                      1983
  MINIMUM         19   1207 AM -10    1948  21     -2       25
  AVERAGE         31                        30      1       31

PRECIPITATION (IN)
  YESTERDAY        T             0.71 2011   0.06  -0.06     0.11
  MONTH TO DATE    0.38                      0.28   0.10     0.84
  SINCE MAR 1      0.38                      0.28   0.10     0.84
  SINCE JAN 1      5.93                      3.39   2.54     4.69

SNOWFALL (IN)
  YESTERDAY        0.0           6.1  1999   0.2   -0.2      1.5
  MONTH TO DATE    1.5                       1.4    0.1     11.2
  SINCE MAR 1      1.5                       1.4    0.1     11.2
  SINCE JUL 1     34.0                      40.0   -6.0     61.8
  SNOW DEPTH       T

DEGREE DAYS
 HEATING
  YESTERDAY       34                        35     -1       34
  MONTH TO DATE  187                       178      9      211
  SINCE MAR 1    187                       178      9      211
  SINCE JUL 1   4336                      5266   -930     4081

 COOLING
  YESTERDAY        0                         0      0        0
  MONTH TO DATE    0                         0      0        0
  SINCE MAR 1      0                         0      0        0
  SINCE JAN 1      0                         0      0        0
..................................................................


WIND (MPH)
  HIGHEST WIND SPEED    24   HIGHEST WIND DIRECTION    SE (150)
  HIGHEST GUST SPEED    31   HIGHEST GUST DIRECTION     S (160)
  AVERAGE WIND SPEED    14.5


SKY COVER
  POSSIBLE SUNSHINE  MM
  AVERAGE SKY COVER 0.4


WEATHER CONDITIONS
 THE FOLLOWING WEATHER WAS RECORDED YESTERDAY.
  NO SIGNIFICANT WEATHER WAS OBSERVED.


RELATIVE HUMIDITY (PERCENT)
 HIGHEST    77           200 AM
 LOWEST     49           200 PM
 AVERAGE    63

..........................................................


THE FLINT MI CLIMATE NORMALS FOR TODAY
                         NORMAL    RECORD    YEAR
 MAXIMUM TEMPERATURE (F)   39        67      2009
 MINIMUM TEMPERATURE (F)   21        -7      1960


SUNRISE AND SUNSET
MARCH  6 2017.........SUNRISE   702 AM EST   SUNSET   631 PM EST
MARCH  7 2017.........SUNRISE   700 AM EST   SUNSET   632 PM EST


-  INDICATES NEGATIVE NUMBERS.
R  INDICATES RECORD WAS SET OR TIED.
MM INDICATES DATA IS MISSING.
T  INDICATES TRACE AMOUNT.




$$
