000
CDUS43 KDTX 060542
CLIFNT


CLIMATE REPORT
NATIONAL WEATHER SERVICE DETROIT/PONTIAC MI
1242 AM EST TUE FEB 6 2018


...................................

...THE FLINT MI CLIMATE SUMMARY FOR FEBRUARY 5 2018...

CLIMATE NORMAL PERIOD 1981 TO 2010
CLIMATE RECORD PERIOD 1921 TO 2018


WEATHER ITEM   OBSERVED TIME   RECORD YEAR NORMAL DEPARTURE LAST
                VALUE   (LST)  VALUE       VALUE  FROM      YEAR
                                                  NORMAL
..................................................................
TEMPERATURE (F)
 YESTERDAY
  MAXIMUM         18    434 PM  49    2005  31    -13       34
  MINIMUM          0    239 AM -18    2009  15    -15       15
  AVERAGE          9                        23    -14       25

PRECIPITATION (IN)
  YESTERDAY        0.05          1.00 1938   0.04   0.01      T
  MONTH TO DATE    0.42                      0.23   0.19     0.03
  SINCE DEC 1      3.66                      3.78  -0.12     4.75
  SINCE JAN 1      2.28                      1.86   0.42     3.16

SNOWFALL (IN)
  YESTERDAY        0.6           5.7  2014   0.4    0.2       T
  MONTH TO DATE    7.2                       2.0    5.2      1.0
  SINCE DEC 1     50.7                      26.9   23.8     31.6
  SINCE JUL 1     51.1                      29.8   21.3     31.6
  SNOW DEPTH       8

DEGREE DAYS
 HEATING
  YESTERDAY       56                        42     14       40
  MONTH TO DATE  239                       210     29      217
  SINCE DEC 1   2857                      2693    164     2478
  SINCE JUL 1   4155                      4174    -19     3519

 COOLING
  YESTERDAY        0                         0      0        0
  MONTH TO DATE    0                         0      0        0
  SINCE DEC 1      0                         0      0        0
  SINCE JAN 1      0                         0      0        0
..................................................................


WIND (MPH)
  HIGHEST WIND SPEED    18   HIGHEST WIND DIRECTION    SW (240)
  HIGHEST GUST SPEED    23   HIGHEST GUST DIRECTION    SW (230)
  AVERAGE WIND SPEED     9.1


SKY COVER
  POSSIBLE SUNSHINE  MM
  AVERAGE SKY COVER 0.7


WEATHER CONDITIONS
 THE FOLLOWING WEATHER WAS RECORDED YESTERDAY.
  LIGHT SNOW
  FOG


RELATIVE HUMIDITY (PERCENT)
 HIGHEST    87           300 AM
 LOWEST     56           500 PM
 AVERAGE    72

..........................................................


THE FLINT MI CLIMATE NORMALS FOR TODAY
                         NORMAL    RECORD    YEAR
 MAXIMUM TEMPERATURE (F)   31        56      1938
 MINIMUM TEMPERATURE (F)   16        -5      2007
                                             1948


SUNRISE AND SUNSET
FEBRUARY  6 2018......SUNRISE   744 AM EST   SUNSET   554 PM EST
FEBRUARY  7 2018......SUNRISE   743 AM EST   SUNSET   556 PM EST


-  INDICATES NEGATIVE NUMBERS.
R  INDICATES RECORD WAS SET OR TIED.
MM INDICATES DATA IS MISSING.
T  INDICATES TRACE AMOUNT.




$$
