557
CDUS43 KDTX 140535
CLIFNT


CLIMATE REPORT
NATIONAL WEATHER SERVICE DETROIT/PONTIAC MI
135 AM EDT SAT MAY 14 2016


...................................

...THE FLINT MI CLIMATE SUMMARY FOR MAY 13 2016...

CLIMATE NORMAL PERIOD 1981 TO 2010
CLIMATE RECORD PERIOD 1921 TO 2016


WEATHER ITEM   OBSERVED TIME   RECORD YEAR NORMAL DEPARTURE LAST
                VALUE   (LST)  VALUE       VALUE  FROM      YEAR
                                                  NORMAL
..................................................................
TEMPERATURE (F)
 YESTERDAY
  MAXIMUM         69    232 PM  89    1940  68      1       60
  MINIMUM         52   1159 PM  28    1946  44      8       40
  AVERAGE         61                        56      5       50

PRECIPITATION (IN)
  YESTERDAY        0.03          1.18 2014   0.10  -0.07     0.00
  MONTH TO DATE    1.07                      1.28  -0.21     1.54
  SINCE MAR 1      7.73                      6.08   1.65     4.09
  SINCE JAN 1     11.58                      9.19   2.39     6.26

SNOWFALL (IN)
  YESTERDAY        0.0           0.0    MM   0.0    0.0      0.0
  MONTH TO DATE    0.0                       0.0    0.0      0.0
  SINCE MAR 1     18.4                       8.8    9.6      4.8
  SINCE JUL 1     69.0                      47.4   21.6     45.3
  SNOW DEPTH       0

DEGREE DAYS
 HEATING
  YESTERDAY        4                        10     -6       15
  MONTH TO DATE  109                       149    -40       49
  SINCE MAR 1   1388                      1668   -280     1530
  SINCE JUL 1   5258                      6756  -1498     6838

 COOLING
  YESTERDAY        0                         1     -1        0
  MONTH TO DATE    4                         5     -1       22
  SINCE MAR 1      5                         9     -4       22
  SINCE JAN 1      5                         9     -4       22
..................................................................


WIND (MPH)
  HIGHEST WIND SPEED    22   HIGHEST WIND DIRECTION     W (260)
  HIGHEST GUST SPEED    27   HIGHEST GUST DIRECTION     W (270)
  AVERAGE WIND SPEED    11.2


SKY COVER
  POSSIBLE SUNSHINE  MM
  AVERAGE SKY COVER 0.6


WEATHER CONDITIONS
 THE FOLLOWING WEATHER WAS RECORDED YESTERDAY.
  LIGHT RAIN
  FOG
  HAZE


RELATIVE HUMIDITY (PERCENT)
 HIGHEST    86           100 AM
 LOWEST     44           400 PM
 AVERAGE    65

..........................................................


THE FLINT MI CLIMATE NORMALS FOR TODAY
                         NORMAL    RECORD    YEAR
 MAXIMUM TEMPERATURE (F)   68        87      1962
                                             1940
 MINIMUM TEMPERATURE (F)   45        32      1997
                                             1984


SUNRISE AND SUNSET
MAY 14 2016...........SUNRISE   612 AM EDT   SUNSET   851 PM EDT
MAY 15 2016...........SUNRISE   611 AM EDT   SUNSET   852 PM EDT


-  INDICATES NEGATIVE NUMBERS.
R  INDICATES RECORD WAS SET OR TIED.
MM INDICATES DATA IS MISSING.
T  INDICATES TRACE AMOUNT.




$$
