000
CDUS43 KDTX 042130
CLIFNT


CLIMATE REPORT
NATIONAL WEATHER SERVICE DETROIT/PONTIAC MI
430 PM EST WED JAN 4 2017


...................................

...THE FLINT MI CLIMATE SUMMARY FOR JANUARY 4 2017...
VALID TODAY AS OF 0400 PM LOCAL TIME.

CLIMATE NORMAL PERIOD 1981 TO 2010
CLIMATE RECORD PERIOD 1921 TO 2017


WEATHER ITEM   OBSERVED TIME   RECORD YEAR NORMAL DEPARTURE LAST
                VALUE   (LST)  VALUE       VALUE  FROM      YEAR
                                                  NORMAL
..................................................................
TEMPERATURE (F)
 TODAY
  MAXIMUM         35    120 AM  61    1997  30      5       27
  MINIMUM         15    249 PM -16    1981  16     -1        8
  AVERAGE         25                        23      2       18

PRECIPITATION (IN)
  TODAY            T             0.79 1993   0.06  -0.06     0.03
  MONTH TO DATE    0.68                      0.23   0.45     0.08
  SINCE DEC 1      2.27                      2.15   0.12     1.98
  SINCE JAN 1      0.68                      0.23   0.45     0.08

SNOWFALL (IN)
  TODAY           MM             3.5  1972   0.4   MM        1.0
  MONTH TO DATE    0.0                       1.7   -1.7      2.4
  SINCE DEC 1     20.2                      13.5    6.7      4.9
  SINCE JUL 1     20.2                      16.4    3.8     15.7
  SNOW DEPTH       T

DEGREE DAYS
 HEATING
  TODAY           40                        42     -2       47
  MONTH TO DATE  130                       167    -37      149
  SINCE DEC 1   1278                      1331    -53      886
  SINCE JUL 1   2319                      2812   -493     1867

 COOLING
  TODAY            0                         0      0        0
  MONTH TO DATE    0                         0      0        0
  SINCE DEC 1      0                         0      0        0
  SINCE JAN 1      0                         0      0        0
..................................................................


WIND (MPH)
  HIGHEST WIND SPEED    33   HIGHEST WIND DIRECTION     W (280)
  HIGHEST GUST SPEED    41   HIGHEST GUST DIRECTION     W (270)
  AVERAGE WIND SPEED    20.9


SKY COVER
  POSSIBLE SUNSHINE  MM
  AVERAGE SKY COVER 1.0


WEATHER CONDITIONS
 THE FOLLOWING WEATHER WAS RECORDED TODAY.
  LIGHT SNOW
  FOG
  HAZE


RELATIVE HUMIDITY (PERCENT)
 HIGHEST   100           200 AM
 LOWEST     67           200 PM
 AVERAGE    84

..........................................................


THE FLINT MI CLIMATE NORMALS FOR TOMORROW
                         NORMAL    RECORD    YEAR
 MAXIMUM TEMPERATURE (F)   30        59      1997
 MINIMUM TEMPERATURE (F)   16        -7      1924


SUNRISE AND SUNSET
JANUARY  4 2017.......SUNRISE   806 AM EST   SUNSET   514 PM EST
JANUARY  5 2017.......SUNRISE   806 AM EST   SUNSET   515 PM EST


-  INDICATES NEGATIVE NUMBERS.
R  INDICATES RECORD WAS SET OR TIED.
MM INDICATES DATA IS MISSING.
T  INDICATES TRACE AMOUNT.




$$
