000
CDUS43 KDTX 040536
CLIFNT


CLIMATE REPORT
NATIONAL WEATHER SERVICE DETROIT/PONTIAC MI
136 AM EDT FRI JUL 4 2014


...................................

...THE FLINT MI CLIMATE SUMMARY FOR JULY 3 2014...

CLIMATE NORMAL PERIOD 1981 TO 2010
CLIMATE RECORD PERIOD 1921 TO 2014


WEATHER ITEM   OBSERVED TIME   RECORD YEAR NORMAL DEPARTURE LAST
                VALUE   (LST)  VALUE       VALUE  FROM      YEAR
                                                  NORMAL
..................................................................
TEMPERATURE (F)
 YESTERDAY
  MAXIMUM         73    518 PM  99    1921  82     -9       84
  MINIMUM         53    847 AM  45    1968  59     -6       60
                                      1929
  AVERAGE         63                        70     -7       72

PRECIPITATION (IN)
  YESTERDAY        0.01          1.10 1981   0.10  -0.09     0.00
  MONTH TO DATE    0.86                      0.29   0.57     0.01
  SINCE JUN 1      3.32                      3.36  -0.04     4.52
  SINCE JAN 1     18.27                     14.35   3.92    21.28

SNOWFALL (IN)
  YESTERDAY        0.0           0.0    MM   0.0    0.0      0.0
  MONTH TO DATE    0.0                       0.0    0.0      0.0
  SINCE JUN 1      0.0                       0.0    0.0      0.0
  SINCE JUL 1      0.0                       0.0    0.0      0.0
  SNOW DEPTH       0

DEGREE DAYS
 HEATING
  YESTERDAY        2                         1      1        0
  MONTH TO DATE    2                         3     -1        0
  SINCE JUN 1     24                        69    -45       41
  SINCE JUL 1      2                         3     -1        0

 COOLING
  YESTERDAY        0                         6     -6        7
  MONTH TO DATE   18                        18      0       11
  SINCE JUN 1    170                       130     40      170
  SINCE JAN 1    218                       162     56      249
..................................................................


WIND (MPH)
  HIGHEST WIND SPEED    18   HIGHEST WIND DIRECTION    NW (310)
  HIGHEST GUST SPEED    23   HIGHEST GUST DIRECTION    NW (310)
  AVERAGE WIND SPEED     9.0


SKY COVER
  POSSIBLE SUNSHINE  MM
  AVERAGE SKY COVER 0.7


WEATHER CONDITIONS
 THE FOLLOWING WEATHER WAS RECORDED YESTERDAY.
  LIGHT RAIN
  FOG
  HAZE


RELATIVE HUMIDITY (PERCENT)
 HIGHEST    90           400 AM
 LOWEST     53           200 PM
 AVERAGE    72

..........................................................


THE FLINT MI CLIMATE NORMALS FOR TODAY
                         NORMAL    RECORD    YEAR
 MAXIMUM TEMPERATURE (F)   82       102      1921
 MINIMUM TEMPERATURE (F)   59        41      1963


SUNRISE AND SUNSET
JULY  4 2014..........SUNRISE   601 AM EDT   SUNSET   917 PM EDT
JULY  5 2014..........SUNRISE   602 AM EDT   SUNSET   917 PM EDT


-  INDICATES NEGATIVE NUMBERS.
R  INDICATES RECORD WAS SET OR TIED.
MM INDICATES DATA IS MISSING.
T  INDICATES TRACE AMOUNT.




$$
