000
CDUS43 KDTX 290536
CLIFNT


CLIMATE REPORT
NATIONAL WEATHER SERVICE DETROIT/PONTIAC MI
136 AM EDT FRI SEP 29 2017


...................................

...THE FLINT MI CLIMATE SUMMARY FOR SEPTEMBER 28 2017...

CLIMATE NORMAL PERIOD 1981 TO 2010
CLIMATE RECORD PERIOD 1921 TO 2017


WEATHER ITEM   OBSERVED TIME   RECORD YEAR NORMAL DEPARTURE LAST
                VALUE   (LST)  VALUE       VALUE  FROM      YEAR
                                                  NORMAL
..................................................................
TEMPERATURE (F)
 YESTERDAY
  MAXIMUM         68    403 PM  87    1946  67      1       62
  MINIMUM         48   1132 PM  26    1991  45      3       46
  AVERAGE         58                        56      2       54

PRECIPITATION (IN)
  YESTERDAY        0.00          1.04 1944   0.11  -0.11     0.08
  MONTH TO DATE    0.72                      3.52  -2.80     2.85
  SINCE SEP 1      0.72                      3.52  -2.80     2.85
  SINCE JAN 1     26.41                     24.08   2.33    22.40

SNOWFALL (IN)
  YESTERDAY        0.0           0.0    MM   0.0    0.0      0.0
  MONTH TO DATE    0.0                       0.0    0.0      0.0
  SINCE SEP 1      0.0                       0.0    0.0      0.0
  SINCE JUL 1      0.0                       0.0    0.0      0.0
  SNOW DEPTH       0

DEGREE DAYS
 HEATING
  YESTERDAY        7                        10     -3       11
  MONTH TO DATE  104                       145    -41       59
  SINCE SEP 1    104                       145    -41       59
  SINCE JUL 1    136                       189    -53       59

 COOLING
  YESTERDAY        0                         1     -1        0
  MONTH TO DATE   95                        47     48       72
  SINCE SEP 1     95                        47     48       72
  SINCE JAN 1    552                       524     28     1011
..................................................................


WIND (MPH)
  HIGHEST WIND SPEED    15   HIGHEST WIND DIRECTION    NW (300)
  HIGHEST GUST SPEED    19   HIGHEST GUST DIRECTION     W (280)
  AVERAGE WIND SPEED     5.8


SKY COVER
  POSSIBLE SUNSHINE  MM
  AVERAGE SKY COVER 0.5


WEATHER CONDITIONS
 THE FOLLOWING WEATHER WAS RECORDED YESTERDAY.
  NO SIGNIFICANT WEATHER WAS OBSERVED.


RELATIVE HUMIDITY (PERCENT)
 HIGHEST    86           300 AM
 LOWEST     39           400 PM
 AVERAGE    63

..........................................................


THE FLINT MI CLIMATE NORMALS FOR TODAY
                         NORMAL    RECORD    YEAR
 MAXIMUM TEMPERATURE (F)   67        84      1939
 MINIMUM TEMPERATURE (F)   45        28      1951


SUNRISE AND SUNSET
SEPTEMBER 29 2017.....SUNRISE   730 AM EDT   SUNSET   719 PM EDT
SEPTEMBER 30 2017.....SUNRISE   731 AM EDT   SUNSET   717 PM EDT


-  INDICATES NEGATIVE NUMBERS.
R  INDICATES RECORD WAS SET OR TIED.
MM INDICATES DATA IS MISSING.
T  INDICATES TRACE AMOUNT.




$$
