000
CDUS43 KDTX 080544
CLIFNT


CLIMATE REPORT
NATIONAL WEATHER SERVICE DETROIT/PONTIAC MI
143 AM EDT SAT APR 8 2017


...................................

...THE FLINT MI CLIMATE SUMMARY FOR APRIL 7 2017...

CLIMATE NORMAL PERIOD 1981 TO 2010
CLIMATE RECORD PERIOD 1921 TO 2017


WEATHER ITEM   OBSERVED TIME   RECORD YEAR NORMAL DEPARTURE LAST
                VALUE   (LST)  VALUE       VALUE  FROM      YEAR
                                                  NORMAL
..................................................................
TEMPERATURE (F)
 YESTERDAY
  MAXIMUM         51    550 PM  83    1929  54     -3       43
  MINIMUM         33    801 AM   6    1982  33      0       33
  AVERAGE         42                        43     -1       38

PRECIPITATION (IN)
  YESTERDAY        0.02          0.87 2010   0.10  -0.08     0.02
  MONTH TO DATE    2.76                      0.63   2.13     0.56
  SINCE MAR 1      5.97                      2.54   3.43     4.89
  SINCE JAN 1     11.52                      5.65   5.87     8.74

SNOWFALL (IN)
  YESTERDAY        0.1           1.7  2007   0.1    0.0      0.3
  MONTH TO DATE    1.5                       0.9    0.6      1.7
  SINCE MAR 1      6.9                       7.4   -0.5     13.3
  SINCE JUL 1     39.4                      46.0   -6.6     63.9
  SNOW DEPTH       1

DEGREE DAYS
 HEATING
  YESTERDAY       23                        22      1       27
  MONTH TO DATE  144                       162    -18      201
  SINCE MAR 1   1102                      1119    -17      915
  SINCE JUL 1   5251                      6207   -956     4785

 COOLING
  YESTERDAY        0                         0      0        0
  MONTH TO DATE    0                         0      0        0
  SINCE MAR 1      0                         0      0        1
  SINCE JAN 1      0                         0      0        1
..................................................................


WIND (MPH)
  HIGHEST WIND SPEED    24   HIGHEST WIND DIRECTION     N (340)
  HIGHEST GUST SPEED    32   HIGHEST GUST DIRECTION     N (350)
  AVERAGE WIND SPEED    14.4


SKY COVER
  POSSIBLE SUNSHINE  MM
  AVERAGE SKY COVER 0.3


WEATHER CONDITIONS
 THE FOLLOWING WEATHER WAS RECORDED YESTERDAY.
  LIGHT SNOW
  FOG


RELATIVE HUMIDITY (PERCENT)
 HIGHEST    96          1200 AM
 LOWEST     29           600 PM
 AVERAGE    63

..........................................................


THE FLINT MI CLIMATE NORMALS FOR TODAY
                         NORMAL    RECORD    YEAR
 MAXIMUM TEMPERATURE (F)   54        76      1991
 MINIMUM TEMPERATURE (F)   33         8      1982


SUNRISE AND SUNSET
APRIL  8 2017.........SUNRISE   704 AM EDT   SUNSET   810 PM EDT
APRIL  9 2017.........SUNRISE   703 AM EDT   SUNSET   811 PM EDT


-  INDICATES NEGATIVE NUMBERS.
R  INDICATES RECORD WAS SET OR TIED.
MM INDICATES DATA IS MISSING.
T  INDICATES TRACE AMOUNT.




$$
