000
CDUS43 KDTX 030537
CLIFNT


CLIMATE REPORT
NATIONAL WEATHER SERVICE DETROIT/PONTIAC MI
137 AM EDT TUE OCT 3 2017


...................................

...THE FLINT MI CLIMATE SUMMARY FOR OCTOBER 2 2017...

CLIMATE NORMAL PERIOD 1981 TO 2010
CLIMATE RECORD PERIOD 1921 TO 2017


WEATHER ITEM   OBSERVED TIME   RECORD YEAR NORMAL DEPARTURE LAST
                VALUE   (LST)  VALUE       VALUE  FROM      YEAR
                                                  NORMAL
..................................................................
TEMPERATURE (F)
 YESTERDAY
  MAXIMUM         76    349 PM  85    1922  65     11       66
  MINIMUM         41    533 AM  27    1974  44     -3       46
  AVERAGE         59                        54      5       56

PRECIPITATION (IN)
  YESTERDAY        0.00          0.63 1925   0.09  -0.09     0.00
  MONTH TO DATE    0.00                      0.19  -0.19     0.22
  SINCE SEP 1      0.84                      3.94  -3.10     4.63
  SINCE JAN 1     26.53                     24.50   2.03    24.18

SNOWFALL (IN)
  YESTERDAY        0.0           T      MM   0.0    0.0      0.0
  MONTH TO DATE    0.0                       0.0    0.0      0.0
  SINCE SEP 1      0.0                       0.0    0.0      0.0
  SINCE JUL 1      0.0                       0.0    0.0      0.0
  SNOW DEPTH       0

DEGREE DAYS
 HEATING
  YESTERDAY        6                        11     -5        9
  MONTH TO DATE   19                        22     -3       15
  SINCE SEP 1    142                       188    -46       85
  SINCE JUL 1    174                       232    -58       85

 COOLING
  YESTERDAY        0                         1     -1        0
  MONTH TO DATE    0                         2     -2        0
  SINCE SEP 1     95                        51     44       72
  SINCE JAN 1    552                       528     24     1011
..................................................................


WIND (MPH)
  HIGHEST WIND SPEED    15   HIGHEST WIND DIRECTION    SE (150)
  HIGHEST GUST SPEED    18   HIGHEST GUST DIRECTION     S (190)
  AVERAGE WIND SPEED     6.4


SKY COVER
  POSSIBLE SUNSHINE  MM
  AVERAGE SKY COVER 0.0


WEATHER CONDITIONS
 THE FOLLOWING WEATHER WAS RECORDED YESTERDAY.
  FOG


RELATIVE HUMIDITY (PERCENT)
 HIGHEST   100           700 AM
 LOWEST     38           100 PM
 AVERAGE    69

..........................................................


THE FLINT MI CLIMATE NORMALS FOR TODAY
                         NORMAL    RECORD    YEAR
 MAXIMUM TEMPERATURE (F)   65        89      1953
 MINIMUM TEMPERATURE (F)   43        25      1974


SUNRISE AND SUNSET
OCTOBER  3 2017.......SUNRISE   735 AM EDT   SUNSET   712 PM EDT
OCTOBER  4 2017.......SUNRISE   736 AM EDT   SUNSET   710 PM EDT


-  INDICATES NEGATIVE NUMBERS.
R  INDICATES RECORD WAS SET OR TIED.
MM INDICATES DATA IS MISSING.
T  INDICATES TRACE AMOUNT.




$$
