000
CDUS43 KDTX 290540
CLIFNT


CLIMATE REPORT
NATIONAL WEATHER SERVICE DETROIT/PONTIAC MI
140 AM EDT SAT JUL 29 2017


...................................

...THE FLINT MI CLIMATE SUMMARY FOR JULY 28 2017...

CLIMATE NORMAL PERIOD 1981 TO 2010
CLIMATE RECORD PERIOD 1921 TO 2017


WEATHER ITEM   OBSERVED TIME   RECORD YEAR NORMAL DEPARTURE LAST
                VALUE   (LST)  VALUE       VALUE  FROM      YEAR
                                                  NORMAL
..................................................................
TEMPERATURE (F)
 YESTERDAY
  MAXIMUM         78    206 PM 100    1930  81     -3       90
  MINIMUM         57   1124 PM  48    1984  59     -2       62
  AVERAGE         68                        70     -2       76

PRECIPITATION (IN)
  YESTERDAY        0.00          3.73 2011   0.12  -0.12     0.00
  MONTH TO DATE    2.72                      2.96  -0.24     1.32
  SINCE JUN 1      5.38                      6.03  -0.65     1.99
  SINCE JAN 1     21.81                     17.02   4.79    14.22

SNOWFALL (IN)
  YESTERDAY        0.0           0.0    MM   0.0    0.0      0.0
  MONTH TO DATE    0.0                       0.0    0.0      0.0
  SINCE JUN 1      0.0                       0.0    0.0      0.0
  SINCE JUL 1      0.0                       0.0    0.0      0.0
  SNOW DEPTH       0

DEGREE DAYS
 HEATING
  YESTERDAY        0                         0      0        0
  MONTH TO DATE    1                        10     -9        0
  SINCE JUN 1     40                        76    -36       28
  SINCE JUL 1      1                        10     -9        0

 COOLING
  YESTERDAY        3                         6     -3       11
  MONTH TO DATE  179                       168     11      321
  SINCE JUN 1    324                       280     44      499
  SINCE JAN 1    349                       312     37      578
..................................................................


WIND (MPH)
  HIGHEST WIND SPEED    25   HIGHEST WIND DIRECTION    NE (30)
  HIGHEST GUST SPEED    31   HIGHEST GUST DIRECTION    NE (40)
  AVERAGE WIND SPEED    11.6


SKY COVER
  POSSIBLE SUNSHINE  MM
  AVERAGE SKY COVER 0.1


WEATHER CONDITIONS
 THE FOLLOWING WEATHER WAS RECORDED YESTERDAY.
  NO SIGNIFICANT WEATHER WAS OBSERVED.


RELATIVE HUMIDITY (PERCENT)
 HIGHEST    90           100 AM
 LOWEST     43           400 PM
 AVERAGE    67

..........................................................


THE FLINT MI CLIMATE NORMALS FOR TODAY
                         NORMAL    RECORD    YEAR
 MAXIMUM TEMPERATURE (F)   81        98      1931
 MINIMUM TEMPERATURE (F)   59        42      1928


SUNRISE AND SUNSET
JULY 29 2017..........SUNRISE   623 AM EDT   SUNSET   859 PM EDT
JULY 30 2017..........SUNRISE   624 AM EDT   SUNSET   858 PM EDT


-  INDICATES NEGATIVE NUMBERS.
R  INDICATES RECORD WAS SET OR TIED.
MM INDICATES DATA IS MISSING.
T  INDICATES TRACE AMOUNT.




$$
