000
CDUS43 KDTX 220536
CLIFNT


CLIMATE REPORT
NATIONAL WEATHER SERVICE DETROIT/PONTIAC MI
136 AM EDT MON JUN 22 2015


...................................

...THE FLINT MI CLIMATE SUMMARY FOR JUNE 21 2015...

CLIMATE NORMAL PERIOD 1981 TO 2010
CLIMATE RECORD PERIOD 1921 TO 2015


WEATHER ITEM   OBSERVED TIME   RECORD YEAR NORMAL DEPARTURE LAST
                VALUE   (LST)  VALUE       VALUE  FROM      YEAR
                                                  NORMAL
..................................................................
TEMPERATURE (F)
 YESTERDAY
  MAXIMUM         85    524 PM  98    1923  80      5       80
  MINIMUM         68   1159 PM  40    1969  57     11       58
  AVERAGE         77                        68      9       69

PRECIPITATION (IN)
  YESTERDAY        0.00          1.80 2006   0.11  -0.11     0.00
  MONTH TO DATE    3.43                      2.18   1.25     1.43
  SINCE JUN 1      3.43                      2.18   1.25     1.43
  SINCE JAN 1     11.55                     13.17  -1.62    16.38

SNOWFALL (IN)
  YESTERDAY        0.0           0.0    MM   0.0    0.0      0.0
  MONTH TO DATE    0.0                       0.0    0.0      0.0
  SINCE JUN 1      0.0                       0.0    0.0      0.0
  SINCE JUL 1     45.3                      47.4   -2.1     83.9
  SNOW DEPTH       0

DEGREE DAYS
 HEATING
  YESTERDAY        0                         1     -1        0
  MONTH TO DATE   26                        57    -31       22
  SINCE JUN 1     26                        57    -31       22
  SINCE JUL 1   6946                      6944      2     7479

 COOLING
  YESTERDAY       12                         5      7        4
  MONTH TO DATE   89                        64     25       82
  SINCE JUN 1     89                        64     25       82
  SINCE JAN 1    164                        96     68      130
..................................................................


WIND (MPH)
  HIGHEST WIND SPEED    20   HIGHEST WIND DIRECTION     W (270)
  HIGHEST GUST SPEED    23   HIGHEST GUST DIRECTION     W (270)
  AVERAGE WIND SPEED     9.2


SKY COVER
  POSSIBLE SUNSHINE  MM
  AVERAGE SKY COVER 0.6


WEATHER CONDITIONS
 THE FOLLOWING WEATHER WAS RECORDED YESTERDAY.
  HAZE


RELATIVE HUMIDITY (PERCENT)
 HIGHEST    79           100 AM
 LOWEST     47           600 PM
 AVERAGE    63

..........................................................


THE FLINT MI CLIMATE NORMALS FOR TODAY
                         NORMAL    RECORD    YEAR
 MAXIMUM TEMPERATURE (F)   80        96      1923
 MINIMUM TEMPERATURE (F)   57        37      1963


SUNRISE AND SUNSET
JUNE 22 2015..........SUNRISE   556 AM EDT   SUNSET   918 PM EDT
JUNE 23 2015..........SUNRISE   556 AM EDT   SUNSET   918 PM EDT


-  INDICATES NEGATIVE NUMBERS.
R  INDICATES RECORD WAS SET OR TIED.
MM INDICATES DATA IS MISSING.
T  INDICATES TRACE AMOUNT.




$$
