000
CDUS43 KDTX 180539
CLIFNT


CLIMATE REPORT
NATIONAL WEATHER SERVICE DETROIT/PONTIAC MI
1238 AM EST SUN JAN 18 2015


...................................

...THE FLINT MI CLIMATE SUMMARY FOR JANUARY 17 2015...

CLIMATE NORMAL PERIOD 1981 TO 2010
CLIMATE RECORD PERIOD 1921 TO 2015


WEATHER ITEM   OBSERVED TIME   RECORD YEAR NORMAL DEPARTURE LAST
                VALUE   (LST)  VALUE       VALUE  FROM      YEAR
                                                  NORMAL
..................................................................
TEMPERATURE (F)
 YESTERDAY
  MAXIMUM         44    528 PM  60    1952  29     15       30
  MINIMUM         16    239 AM -15    1982  15      1       20
  AVERAGE         30                        22      8       25

PRECIPITATION (IN)
  YESTERDAY        0.00          0.70 2014   0.06  -0.06     0.07
  MONTH TO DATE    0.95                      0.96  -0.01     2.16
  SINCE DEC 1      2.59                      2.88  -0.29     4.01
  SINCE JAN 1      0.95                      0.96  -0.01     2.16

SNOWFALL (IN)
  YESTERDAY        0.0           4.3    MM   0.4   -0.4      1.1
  MONTH TO DATE    8.4                       7.2    1.2     24.8
  SINCE DEC 1      9.0                      19.0  -10.0     41.7
  SINCE JUL 1     18.4                      21.9   -3.5     43.3
  SNOW DEPTH       5

DEGREE DAYS
 HEATING
  YESTERDAY       35                        43     -8       40
  MONTH TO DATE  804                       720     84      773
  SINCE DEC 1   1794                      1884    -90     2004
  SINCE JUL 1   3258                      3365   -107     3403

 COOLING
  YESTERDAY        0                         0      0        0
  MONTH TO DATE    0                         0      0        0
  SINCE DEC 1      0                         0      0        0
  SINCE JAN 1      0                         0      0        0
..................................................................


WIND (MPH)
  HIGHEST WIND SPEED    23   HIGHEST WIND DIRECTION     S (190)
  HIGHEST GUST SPEED    33   HIGHEST GUST DIRECTION     S (190)
  AVERAGE WIND SPEED    14.5


SKY COVER
  POSSIBLE SUNSHINE  MM
  AVERAGE SKY COVER 0.4


WEATHER CONDITIONS
 THE FOLLOWING WEATHER WAS RECORDED YESTERDAY.
  HAZE


RELATIVE HUMIDITY (PERCENT)
 HIGHEST    77           700 AM
 LOWEST     51          1200 AM
 AVERAGE    64

..........................................................


THE FLINT MI CLIMATE NORMALS FOR TODAY
                         NORMAL    RECORD    YEAR
 MAXIMUM TEMPERATURE (F)   29        60      1996
 MINIMUM TEMPERATURE (F)   15       -25      1976


SUNRISE AND SUNSET
JANUARY 18 2015.......SUNRISE   802 AM EST   SUNSET   529 PM EST
JANUARY 19 2015.......SUNRISE   801 AM EST   SUNSET   530 PM EST


-  INDICATES NEGATIVE NUMBERS.
R  INDICATES RECORD WAS SET OR TIED.
MM INDICATES DATA IS MISSING.
T  INDICATES TRACE AMOUNT.




$$
