000
CDUS43 KDTX 012142
CLIFNT


CLIMATE REPORT
NATIONAL WEATHER SERVICE DETROIT/PONTIAC MI
441 PM EST WED FEB 1 2017


...................................

...THE FLINT MI CLIMATE SUMMARY FOR FEBRUARY 1 2017...
VALID TODAY AS OF 0400 PM LOCAL TIME.

CLIMATE NORMAL PERIOD 1981 TO 2010
CLIMATE RECORD PERIOD 1921 TO 2017


WEATHER ITEM   OBSERVED TIME   RECORD YEAR NORMAL DEPARTURE LAST
                VALUE   (LST)  VALUE       VALUE  FROM      YEAR
                                                  NORMAL
..................................................................
TEMPERATURE (F)
 TODAY
  MAXIMUM         34    359 PM  52    2012  30      4       46
                                      1933
  MINIMUM         26    805 AM -18    1959  15     11       27
  AVERAGE         30                        22      8       37

PRECIPITATION (IN)
  TODAY            0.03          1.31 1968   0.05  -0.02     0.01
  MONTH TO DATE    0.03                      0.05  -0.02     0.01
  SINCE DEC 1      4.75                      3.60   1.15     3.55
  SINCE JAN 1      3.16                      1.68   1.48     1.65

SNOWFALL (IN)
  TODAY            1.0           8.0  2015   0.4    0.6      0.0
  MONTH TO DATE    1.0                       0.4    0.6      0.0
  SINCE DEC 1     31.6                      25.3    6.3     17.1
  SINCE JUL 1     31.6                      28.2    3.4     27.9
  SNOW DEPTH       3

DEGREE DAYS
 HEATING
  TODAY           35                        42     -7       28
  MONTH TO DATE   35                        42     -7       28
  SINCE DEC 1   2296                      2525   -229     1904
  SINCE JUL 1   3337                      4006   -669     2885

 COOLING
  TODAY            0                         0      0        0
  MONTH TO DATE    0                         0      0        0
  SINCE DEC 1      0                         0      0        0
  SINCE JAN 1      0                         0      0        0
..................................................................


WIND (MPH)
  HIGHEST WIND SPEED    18   HIGHEST WIND DIRECTION     W (280)
  HIGHEST GUST SPEED    22   HIGHEST GUST DIRECTION     W (280)
  AVERAGE WIND SPEED    10.9


SKY COVER
  POSSIBLE SUNSHINE  MM
  AVERAGE SKY COVER 0.6


WEATHER CONDITIONS
 THE FOLLOWING WEATHER WAS RECORDED TODAY.
  LIGHT SNOW
  FOG


RELATIVE HUMIDITY (PERCENT)
 HIGHEST    92           500 AM
 LOWEST     56           100 PM
 AVERAGE    74

..........................................................


THE FLINT MI CLIMATE NORMALS FOR TOMORROW
                         NORMAL    RECORD    YEAR
 MAXIMUM TEMPERATURE (F)   30        53      1973
 MINIMUM TEMPERATURE (F)   15       -22      1959


SUNRISE AND SUNSET
FEBRUARY  1 2017......SUNRISE   750 AM EST   SUNSET   548 PM EST
FEBRUARY  2 2017......SUNRISE   748 AM EST   SUNSET   549 PM EST


-  INDICATES NEGATIVE NUMBERS.
R  INDICATES RECORD WAS SET OR TIED.
MM INDICATES DATA IS MISSING.
T  INDICATES TRACE AMOUNT.




$$
