000
CDUS43 KDTX 190538
CLIFNT


CLIMATE REPORT
NATIONAL WEATHER SERVICE DETROIT/PONTIAC MI
138 AM EDT THU MAR 19 2015


...................................

...THE FLINT MI CLIMATE SUMMARY FOR MARCH 18 2015...

CLIMATE NORMAL PERIOD 1981 TO 2010
CLIMATE RECORD PERIOD 1921 TO 2015


WEATHER ITEM   OBSERVED TIME   RECORD YEAR NORMAL DEPARTURE LAST
                VALUE   (LST)  VALUE       VALUE  FROM      YEAR
                                                  NORMAL
..................................................................
TEMPERATURE (F)
 YESTERDAY
  MAXIMUM         48    410 PM  75    2012  44      4       47
  MINIMUM         24    608 AM   3    1959  25     -1       23
  AVERAGE         36                        35      1       35

PRECIPITATION (IN)
  YESTERDAY        0.00          0.38 1989   0.06  -0.06     0.00
  MONTH TO DATE    0.26                      1.01  -0.75     0.66
  SINCE MAR 1      0.26                      1.01  -0.75     0.66
  SINCE JAN 1      2.43                      4.12  -1.69     4.67

SNOWFALL (IN)
  YESTERDAY        0.0           3.7  1977   0.2   -0.2      0.0
  MONTH TO DATE    3.4                       4.5   -1.1      8.6
  SINCE MAR 1      3.4                       4.5   -1.1      8.6
  SINCE JUL 1     43.9                      43.1    0.8     81.8
  SNOW DEPTH       0

DEGREE DAYS
 HEATING
  YESTERDAY       29                        30     -1       30
  MONTH TO DATE  590                       601    -11      776
  SINCE MAR 1    590                       601    -11      776
  SINCE JUL 1   5898                      5689    209     6297

 COOLING
  YESTERDAY        0                         0      0        0
  MONTH TO DATE    0                         0      0        0
  SINCE MAR 1      0                         0      0        0
  SINCE JAN 1      0                         0      0        0
..................................................................


WIND (MPH)
  HIGHEST WIND SPEED    24   HIGHEST WIND DIRECTION     W (290)
  HIGHEST GUST SPEED    32   HIGHEST GUST DIRECTION    NW (320)
  AVERAGE WIND SPEED    10.4


SKY COVER
  POSSIBLE SUNSHINE  MM
  AVERAGE SKY COVER 0.0


WEATHER CONDITIONS
 THE FOLLOWING WEATHER WAS RECORDED YESTERDAY.
  NO SIGNIFICANT WEATHER WAS OBSERVED.


RELATIVE HUMIDITY (PERCENT)
 HIGHEST    68           600 AM
 LOWEST     31           200 PM
 AVERAGE    50

..........................................................


THE FLINT MI CLIMATE NORMALS FOR TODAY
                         NORMAL    RECORD    YEAR
 MAXIMUM TEMPERATURE (F)   45        80      2012
 MINIMUM TEMPERATURE (F)   26        -1      1923


SUNRISE AND SUNSET
MARCH 19 2015.........SUNRISE   740 AM EDT   SUNSET   746 PM EDT
MARCH 20 2015.........SUNRISE   739 AM EDT   SUNSET   747 PM EDT


-  INDICATES NEGATIVE NUMBERS.
R  INDICATES RECORD WAS SET OR TIED.
MM INDICATES DATA IS MISSING.
T  INDICATES TRACE AMOUNT.




$$
