000
CDUS43 KDTX 310540
CLIFNT


CLIMATE REPORT
NATIONAL WEATHER SERVICE DETROIT/PONTIAC MI
1239 AM EST TUE JAN 31 2017


...................................

...THE FLINT MI CLIMATE SUMMARY FOR JANUARY 30 2017...

CLIMATE NORMAL PERIOD 1981 TO 2010
CLIMATE RECORD PERIOD 1921 TO 2017


WEATHER ITEM   OBSERVED TIME   RECORD YEAR NORMAL DEPARTURE LAST
                VALUE   (LST)  VALUE       VALUE  FROM      YEAR
                                                  NORMAL
..................................................................
TEMPERATURE (F)
 YESTERDAY
  MAXIMUM         24    911 PM  58    2013  30     -6       49
  MINIMUM         16    827 AM -16    1951  15      1       29
  AVERAGE         20                        22     -2       39

PRECIPITATION (IN)
  YESTERDAY        0.07          0.98 1947   0.04   0.03     0.00
  MONTH TO DATE    3.02                      1.58   1.44     1.50
  SINCE DEC 1      4.61                      3.50   1.11     3.40
  SINCE JAN 1      3.02                      1.58   1.44     1.50

SNOWFALL (IN)
  YESTERDAY        1.4           5.5  1939   0.4    1.0      0.0
  MONTH TO DATE    8.8                      12.7   -3.9     14.6
  SINCE DEC 1     29.0                      24.5    4.5     17.1
  SINCE JUL 1     29.0                      27.4    1.6     27.9
  SNOW DEPTH       1

DEGREE DAYS
 HEATING
  YESTERDAY       45                        43      2       26
  MONTH TO DATE 1074                      1279   -205     1119
  SINCE DEC 1   2222                      2443   -221     1856
  SINCE JUL 1   3263                      3924   -661     2837

 COOLING
  YESTERDAY        0                         0      0        0
  MONTH TO DATE    0                         0      0        0
  SINCE DEC 1      0                         0      0        0
  SINCE JAN 1      0                         0      0        0
..................................................................


WIND (MPH)
  HIGHEST WIND SPEED    15   HIGHEST WIND DIRECTION     N (360)
  HIGHEST GUST SPEED    19   HIGHEST GUST DIRECTION     N (10)
  AVERAGE WIND SPEED     7.0


SKY COVER
  POSSIBLE SUNSHINE  MM
  AVERAGE SKY COVER 0.9


WEATHER CONDITIONS
 THE FOLLOWING WEATHER WAS RECORDED YESTERDAY.
  LIGHT SNOW
  FOG


RELATIVE HUMIDITY (PERCENT)
 HIGHEST    92          1100 PM
 LOWEST     52          1200 PM
 AVERAGE    72

..........................................................


THE FLINT MI CLIMATE NORMALS FOR TODAY
                         NORMAL    RECORD    YEAR
 MAXIMUM TEMPERATURE (F)   30        59      1989
 MINIMUM TEMPERATURE (F)   15        -8      1963


SUNRISE AND SUNSET
JANUARY 31 2017.......SUNRISE   751 AM EST   SUNSET   547 PM EST
FEBRUARY  1 2017......SUNRISE   750 AM EST   SUNSET   548 PM EST


-  INDICATES NEGATIVE NUMBERS.
R  INDICATES RECORD WAS SET OR TIED.
MM INDICATES DATA IS MISSING.
T  INDICATES TRACE AMOUNT.




$$
