000
CDUS43 KDTX 250537
CLIFNT


CLIMATE REPORT
NATIONAL WEATHER SERVICE DETROIT/PONTIAC MI
1237 AM EST SAT NOV 25 2017


...................................

...THE FLINT MI CLIMATE SUMMARY FOR NOVEMBER 24 2017...

CLIMATE NORMAL PERIOD 1981 TO 2010
CLIMATE RECORD PERIOD 1921 TO 2017


WEATHER ITEM   OBSERVED TIME   RECORD YEAR NORMAL DEPARTURE LAST
                VALUE   (LST)  VALUE       VALUE  FROM      YEAR
                                                  NORMAL
..................................................................
TEMPERATURE (F)
 YESTERDAY
  MAXIMUM         56    336 PM  64    1931  43     13       43
  MINIMUM         32    127 AM   5    1950  28      4       38
  AVERAGE         44                        36      8       41

PRECIPITATION (IN)
  YESTERDAY        0.00          1.32 1973   0.08  -0.08     0.05
  MONTH TO DATE    3.01                      2.18   0.83     1.53
  SINCE SEP 1      8.54                      8.40   0.14     9.12
  SINCE JAN 1     34.23                     28.96   5.27    28.67

SNOWFALL (IN)
  YESTERDAY        0.0           7.2  1949   0.2   -0.2      0.0
  MONTH TO DATE    0.3                       1.5   -1.2       T
  SINCE SEP 1      0.4                       1.9   -1.5       T
  SINCE JUL 1      0.4                       1.9   -1.5       T
  SNOW DEPTH       0

DEGREE DAYS
 HEATING
  YESTERDAY       21                        30     -9       24
  MONTH TO DATE  663                       599     64      464
  SINCE SEP 1   1114                      1251   -137      903
  SINCE JUL 1   1146                      1295   -149      903

 COOLING
  YESTERDAY        0                         0      0        0
  MONTH TO DATE    0                         0      0        0
  SINCE SEP 1    110                        54     56       83
  SINCE JAN 1    567                       531     36     1022
..................................................................


WIND (MPH)
  HIGHEST WIND SPEED    23   HIGHEST WIND DIRECTION    SW (210)
  HIGHEST GUST SPEED    32   HIGHEST GUST DIRECTION     S (200)
  AVERAGE WIND SPEED    12.7


SKY COVER
  POSSIBLE SUNSHINE  MM
  AVERAGE SKY COVER 0.1


WEATHER CONDITIONS
 THE FOLLOWING WEATHER WAS RECORDED YESTERDAY.
  NO SIGNIFICANT WEATHER WAS OBSERVED.


RELATIVE HUMIDITY (PERCENT)
 HIGHEST    69           800 AM
 LOWEST     38           200 PM
 AVERAGE    54

..........................................................


THE FLINT MI CLIMATE NORMALS FOR TODAY
                         NORMAL    RECORD    YEAR
 MAXIMUM TEMPERATURE (F)   42        63      2011
                                             2001
 MINIMUM TEMPERATURE (F)   28         9      1950


SUNRISE AND SUNSET
NOVEMBER 25 2017......SUNRISE   740 AM EST   SUNSET   504 PM EST
NOVEMBER 26 2017......SUNRISE   741 AM EST   SUNSET   503 PM EST


-  INDICATES NEGATIVE NUMBERS.
R  INDICATES RECORD WAS SET OR TIED.
MM INDICATES DATA IS MISSING.
T  INDICATES TRACE AMOUNT.




$$
