000
CDUS43 KDTX 062131
CLIFNT


CLIMATE REPORT
NATIONAL WEATHER SERVICE DETROIT/PONTIAC MI
430 PM EST SAT DEC 6 2014


...................................

...THE FLINT MI CLIMATE SUMMARY FOR DECEMBER 6 2014...
VALID TODAY AS OF 0400 PM LOCAL TIME.

CLIMATE NORMAL PERIOD 1981 TO 2010
CLIMATE RECORD PERIOD 1921 TO 2014


WEATHER ITEM   OBSERVED TIME   RECORD YEAR NORMAL DEPARTURE LAST
                VALUE   (LST)  VALUE       VALUE  FROM      YEAR
                                                  NORMAL
..................................................................
TEMPERATURE (F)
 TODAY
  MAXIMUM         42    153 PM  66    1998  37      5       30
  MINIMUM         31    732 AM  -6    1926  24      7       20
  AVERAGE         37                        30      7       25

PRECIPITATION (IN)
  TODAY            0.00          0.91 1975   0.07  -0.07     0.00
  MONTH TO DATE    0.01                      0.42  -0.41     0.17
  SINCE DEC 1      0.01                      0.42  -0.41     0.17
  SINCE JAN 1     33.79                     29.87   3.92    30.95

SNOWFALL (IN)
  TODAY            0.0           6.9  1962   0.3   -0.3      0.0
  MONTH TO DATE    T                         1.8   -1.8      0.0
  SINCE DEC 1      T                         1.8   -1.8      0.0
  SINCE JUL 1      9.4                       4.7    4.7      1.6
  SNOW DEPTH       0

DEGREE DAYS
 HEATING
  TODAY           28                        34     -6       40
  MONTH TO DATE  206                       200      6      172
  SINCE DEC 1    206                       200      6      172
  SINCE JUL 1   1670                      1681    -11     1571

 COOLING
  TODAY            0                         0      0        0
  MONTH TO DATE    0                         0      0        0
  SINCE DEC 1      0                         0      0        0
  SINCE JAN 1    597                       531     66      758
..................................................................


WIND (MPH)
  HIGHEST WIND SPEED    21   HIGHEST WIND DIRECTION     N (10)
  HIGHEST GUST SPEED    27   HIGHEST GUST DIRECTION     N (10)
  AVERAGE WIND SPEED    10.8


SKY COVER
  POSSIBLE SUNSHINE  MM
  AVERAGE SKY COVER 0.8


WEATHER CONDITIONS
 THE FOLLOWING WEATHER WAS RECORDED TODAY.
  HAZE


RELATIVE HUMIDITY (PERCENT)
 HIGHEST    82           800 AM
 LOWEST     48           400 PM
 AVERAGE    65

..........................................................


THE FLINT MI CLIMATE NORMALS FOR TOMORROW
                         NORMAL    RECORD    YEAR
 MAXIMUM TEMPERATURE (F)   37        59      1951
                                             1946
 MINIMUM TEMPERATURE (F)   24         0      1983


SUNRISE AND SUNSET
DECEMBER  6 2014......SUNRISE   751 AM EST   SUNSET   500 PM EST
DECEMBER  7 2014......SUNRISE   752 AM EST   SUNSET   500 PM EST


-  INDICATES NEGATIVE NUMBERS.
R  INDICATES RECORD WAS SET OR TIED.
MM INDICATES DATA IS MISSING.
T  INDICATES TRACE AMOUNT.




$$
