249
CDUS43 KDTX 012126
CLIFNT


CLIMATE REPORT
NATIONAL WEATHER SERVICE DETROIT/PONTIAC MI
425 PM EST MON FEB 1 2016


...................................

...THE FLINT MI CLIMATE SUMMARY FOR FEBRUARY 1 2016...
VALID TODAY AS OF 0400 PM LOCAL TIME.

CLIMATE NORMAL PERIOD 1981 TO 2010
CLIMATE RECORD PERIOD 1921 TO 2016


WEATHER ITEM   OBSERVED TIME   RECORD YEAR NORMAL DEPARTURE LAST
                VALUE   (LST)  VALUE       VALUE  FROM      YEAR
                                                  NORMAL
..................................................................
TEMPERATURE (F)
 TODAY
  MAXIMUM         46    359 PM  52    2012  30     16       29
                                      1933
  MINIMUM         32    807 AM -18    1959  15     17       17
  AVERAGE         39                        22     17       23

PRECIPITATION (IN)
  TODAY            0.01          1.31 1968   0.05  -0.04     0.46
  MONTH TO DATE    0.01                      0.05  -0.04     0.46
  SINCE DEC 1      3.55                      3.60  -0.05     3.40
  SINCE JAN 1      1.65                      1.68  -0.03     1.76

SNOWFALL (IN)
  TODAY            0.0           8.0  2015   0.4   -0.4      8.0
  MONTH TO DATE    0.0                       0.4   -0.4      8.0
  SINCE DEC 1     17.1                      25.3   -8.2     21.7
  SINCE JUL 1     27.9                      28.2   -0.3     31.1
  SNOW DEPTH       0

DEGREE DAYS
 HEATING
  TODAY           26                        42    -16       42
  MONTH TO DATE   26                        42    -16       42
  SINCE DEC 1   1902                      2525   -623     2390
  SINCE JUL 1   2883                      4006  -1123     3854

 COOLING
  TODAY            0                         0      0        0
  MONTH TO DATE    0                         0      0        0
  SINCE DEC 1      0                         0      0        0
  SINCE JAN 1      0                         0      0        0
..................................................................


WIND (MPH)
  HIGHEST WIND SPEED    26   HIGHEST WIND DIRECTION     W (290)
  HIGHEST GUST SPEED    33   HIGHEST GUST DIRECTION     W (290)
  AVERAGE WIND SPEED     8.7


SKY COVER
  POSSIBLE SUNSHINE  MM
  AVERAGE SKY COVER 0.3


WEATHER CONDITIONS
 THE FOLLOWING WEATHER WAS RECORDED TODAY.
  LIGHT RAIN
  FOG
  HAZE


RELATIVE HUMIDITY (PERCENT)
 HIGHEST    89           400 AM
 LOWEST     58           200 PM
 AVERAGE    74

..........................................................


THE FLINT MI CLIMATE NORMALS FOR TOMORROW
                         NORMAL    RECORD    YEAR
 MAXIMUM TEMPERATURE (F)   30        53      1973
 MINIMUM TEMPERATURE (F)   15       -22      1959


SUNRISE AND SUNSET
FEBRUARY  1 2016......SUNRISE   750 AM EST   SUNSET   547 PM EST
FEBRUARY  2 2016......SUNRISE   749 AM EST   SUNSET   548 PM EST


-  INDICATES NEGATIVE NUMBERS.
R  INDICATES RECORD WAS SET OR TIED.
MM INDICATES DATA IS MISSING.
T  INDICATES TRACE AMOUNT.




$$
