000
CDUS43 KDTX 172134
CLIFNT


CLIMATE REPORT
NATIONAL WEATHER SERVICE DETROIT/PONTIAC MI
433 PM EST THU NOV 17 2016


...................................

...THE FLINT MI CLIMATE SUMMARY FOR NOVEMBER 17 2016...
VALID TODAY AS OF 0400 PM LOCAL TIME.

CLIMATE NORMAL PERIOD 1981 TO 2010
CLIMATE RECORD PERIOD 1921 TO 2016


WEATHER ITEM   OBSERVED TIME   RECORD YEAR NORMAL DEPARTURE LAST
                VALUE   (LST)  VALUE       VALUE  FROM      YEAR
                                                  NORMAL
..................................................................
TEMPERATURE (F)
 TODAY
  MAXIMUM         63    310 PM  70    1953  46     17       64
  MINIMUM         30   1256 AM   9    1959  31     -1       42
  AVERAGE         47                        38      9       53

PRECIPITATION (IN)
  TODAY            0.00          1.93 1952   0.09  -0.09      T
  MONTH TO DATE    0.61                      1.55  -0.94     0.56
  SINCE SEP 1      8.20                      7.77   0.43     6.35
  SINCE JAN 1     27.75                     28.33  -0.58    25.72

SNOWFALL (IN)
  TODAY            0.0           2.9  1989   0.1   -0.1      0.0
  MONTH TO DATE    0.0                       0.7   -0.7       T
  SINCE SEP 1      T                         1.1   -1.1       T
  SINCE JUL 1      T                         1.1   -1.1       T
  SNOW DEPTH       0

DEGREE DAYS
 HEATING
  TODAY           18                        27     -9       12
  MONTH TO DATE  278                       401   -123      235
  SINCE SEP 1    717                      1053   -336      630
  SINCE JUL 1    717                      1097   -380      652

 COOLING
  TODAY            0                         0      0        0
  MONTH TO DATE    0                         0      0        2
  SINCE SEP 1     83                        54     29      153
  SINCE JAN 1   1022                       531    491      766
..................................................................


WIND (MPH)
  HIGHEST WIND SPEED    22   HIGHEST WIND DIRECTION     S (160)
  HIGHEST GUST SPEED    28   HIGHEST GUST DIRECTION     S (160)
  AVERAGE WIND SPEED    10.2


SKY COVER
  POSSIBLE SUNSHINE  MM
  AVERAGE SKY COVER 0.0


WEATHER CONDITIONS
 THE FOLLOWING WEATHER WAS RECORDED TODAY.
  FOG
  FOG W/VISIBILITY <= 1/4 MILE
  HAZE


RELATIVE HUMIDITY (PERCENT)
 HIGHEST   100          1200 AM
 LOWEST     52           300 PM
 AVERAGE    76

..........................................................


THE FLINT MI CLIMATE NORMALS FOR TOMORROW
                         NORMAL    RECORD    YEAR
 MAXIMUM TEMPERATURE (F)   46        68      1975
                                             1958
                                             1953
 MINIMUM TEMPERATURE (F)   30        11      1959


SUNRISE AND SUNSET
NOVEMBER 17 2016......SUNRISE   730 AM EST   SUNSET   509 PM EST
NOVEMBER 18 2016......SUNRISE   732 AM EST   SUNSET   508 PM EST


-  INDICATES NEGATIVE NUMBERS.
R  INDICATES RECORD WAS SET OR TIED.
MM INDICATES DATA IS MISSING.
T  INDICATES TRACE AMOUNT.




$$
