000
CDUS43 KDTX 120536
CLIFNT


CLIMATE REPORT
NATIONAL WEATHER SERVICE DETROIT/PONTIAC MI
136 AM EDT SAT JUL 12 2014


...................................

...THE FLINT MI CLIMATE SUMMARY FOR JULY 11 2014...

CLIMATE NORMAL PERIOD 1981 TO 2010
CLIMATE RECORD PERIOD 1921 TO 2014


WEATHER ITEM   OBSERVED TIME   RECORD YEAR NORMAL DEPARTURE LAST
                VALUE   (LST)  VALUE       VALUE  FROM      YEAR
                                                  NORMAL
..................................................................
TEMPERATURE (F)
 YESTERDAY
  MAXIMUM         81    515 PM 104    1936  82     -1       79
  MINIMUM         56    529 AM  41    1945  59     -3       56
  AVERAGE         69                        71     -2       68

PRECIPITATION (IN)
  YESTERDAY        0.00          2.20 1922   0.10  -0.10     0.00
  MONTH TO DATE    4.06                      1.07   2.99     0.31
  SINCE JUN 1      6.52                      4.14   2.38     4.82
  SINCE JAN 1     21.47                     15.13   6.34    21.58

SNOWFALL (IN)
  YESTERDAY        0.0           0.0    MM   0.0    0.0      0.0
  MONTH TO DATE    0.0                       0.0    0.0      0.0
  SINCE JUN 1      0.0                       0.0    0.0      0.0
  SINCE JUL 1      0.0                       0.0    0.0      0.0
  SNOW DEPTH       0

DEGREE DAYS
 HEATING
  YESTERDAY        0                         0      0        0
  MONTH TO DATE    3                        10     -7        0
  SINCE JUN 1     25                        76    -51       41
  SINCE JUL 1      3                        10     -7        0

 COOLING
  YESTERDAY        4                         6     -2        3
  MONTH TO DATE   51                        66    -15       99
  SINCE JUN 1    203                       178     25      258
  SINCE JAN 1    251                       210     41      337
..................................................................


WIND (MPH)
  HIGHEST WIND SPEED    10   HIGHEST WIND DIRECTION    SW (210)
  HIGHEST GUST SPEED    14   HIGHEST GUST DIRECTION    SW (210)
  AVERAGE WIND SPEED     4.4


SKY COVER
  POSSIBLE SUNSHINE  MM
  AVERAGE SKY COVER 0.1


WEATHER CONDITIONS
 THE FOLLOWING WEATHER WAS RECORDED YESTERDAY.
  NO SIGNIFICANT WEATHER WAS OBSERVED.


RELATIVE HUMIDITY (PERCENT)
 HIGHEST    87           200 AM
 LOWEST     42           400 PM
 AVERAGE    65

..........................................................


THE FLINT MI CLIMATE NORMALS FOR TODAY
                         NORMAL    RECORD    YEAR
 MAXIMUM TEMPERATURE (F)   82       105      1936
 MINIMUM TEMPERATURE (F)   59        47      2002
                                             1978
                                             1959


SUNRISE AND SUNSET
JULY 12 2014..........SUNRISE   607 AM EDT   SUNSET   914 PM EDT
JULY 13 2014..........SUNRISE   608 AM EDT   SUNSET   913 PM EDT


-  INDICATES NEGATIVE NUMBERS.
R  INDICATES RECORD WAS SET OR TIED.
MM INDICATES DATA IS MISSING.
T  INDICATES TRACE AMOUNT.




$$
