000
CDUS43 KDTX 220538
CLIFNT


CLIMATE REPORT
NATIONAL WEATHER SERVICE DETROIT/PONTIAC MI
1238 AM EST SUN FEB 22 2015


...................................

...THE FLINT MI CLIMATE SUMMARY FOR FEBRUARY 21 2015...

CLIMATE NORMAL PERIOD 1981 TO 2010
CLIMATE RECORD PERIOD 1921 TO 2015


WEATHER ITEM   OBSERVED TIME   RECORD YEAR NORMAL DEPARTURE LAST
                VALUE   (LST)  VALUE       VALUE  FROM      YEAR
                                                  NORMAL
..................................................................
TEMPERATURE (F)
 YESTERDAY
  MAXIMUM         29    333 PM  63    1930  34     -5       47
  MINIMUM         14    431 AM  -9    1946  18     -4       30
  AVERAGE         22                        26     -4       39

PRECIPITATION (IN)
  YESTERDAY        0.01          1.36 1997   0.05  -0.04      T
  MONTH TO DATE    0.80                      1.06  -0.26     1.45
  SINCE DEC 1      3.74                      4.61  -0.87     5.83
  SINCE JAN 1      2.10                      2.69  -0.59     3.98

SNOWFALL (IN)
  YESTERDAY        0.3           4.1  2011   0.4   -0.1       T
                                      1962
  MONTH TO DATE   16.4                       8.3    8.1     20.4
  SINCE DEC 1     30.1                      33.2   -3.1     70.2
  SINCE JUL 1     39.5                      36.1    3.4     71.8
  SNOW DEPTH       8

DEGREE DAYS
 HEATING
  YESTERDAY       43                        39      4       26
  MONTH TO DATE 1094                       859    235     1011
  SINCE DEC 1   3442                      3342    100     3765
  SINCE JUL 1   4906                      4823     83     5164

 COOLING
  YESTERDAY        0                         0      0        0
  MONTH TO DATE    0                         0      0        0
  SINCE DEC 1      0                         0      0        0
  SINCE JAN 1      0                         0      0        0
..................................................................


WIND (MPH)
  HIGHEST WIND SPEED    13   HIGHEST WIND DIRECTION     S (200)
  HIGHEST GUST SPEED    18   HIGHEST GUST DIRECTION     S (170)
  AVERAGE WIND SPEED     5.7


SKY COVER
  POSSIBLE SUNSHINE  MM
  AVERAGE SKY COVER 0.7


WEATHER CONDITIONS
 THE FOLLOWING WEATHER WAS RECORDED YESTERDAY.
  LIGHT SNOW
  HAZE


RELATIVE HUMIDITY (PERCENT)
 HIGHEST    77           900 PM
 LOWEST     63           400 PM
 AVERAGE    70

..........................................................


THE FLINT MI CLIMATE NORMALS FOR TODAY
                         NORMAL    RECORD    YEAR
 MAXIMUM TEMPERATURE (F)   35        65      1930
 MINIMUM TEMPERATURE (F)   18        -5      1963


SUNRISE AND SUNSET
FEBRUARY 22 2015......SUNRISE   722 AM EST   SUNSET   615 PM EST
FEBRUARY 23 2015......SUNRISE   721 AM EST   SUNSET   616 PM EST


-  INDICATES NEGATIVE NUMBERS.
R  INDICATES RECORD WAS SET OR TIED.
MM INDICATES DATA IS MISSING.
T  INDICATES TRACE AMOUNT.




$$
