000
CDUS43 KDTX 170535
CLIFNT


CLIMATE REPORT
NATIONAL WEATHER SERVICE DETROIT/PONTIAC MI
135 AM EDT THU JUL 17 2014


...................................

...THE FLINT MI CLIMATE SUMMARY FOR JULY 16 2014...

CLIMATE NORMAL PERIOD 1981 TO 2010
CLIMATE RECORD PERIOD 1921 TO 2014


WEATHER ITEM   OBSERVED TIME   RECORD YEAR NORMAL DEPARTURE LAST
                VALUE   (LST)  VALUE       VALUE  FROM      YEAR
                                                  NORMAL
..................................................................
TEMPERATURE (F)
 YESTERDAY
  MAXIMUM         71    355 PM  97    2012  82    -11       94
                                      1988
                                      1931
  MINIMUM         53    347 AM  45    1945  59     -6       74
  AVERAGE         62                        71     -9       84

PRECIPITATION (IN)
  YESTERDAY        0.00          1.07 1988   0.12  -0.12     0.00
  MONTH TO DATE    4.68                      1.60   3.08     0.31
  SINCE JUN 1      7.14                      4.67   2.47     4.82
  SINCE JAN 1     22.09                     15.66   6.43    21.58

SNOWFALL (IN)
  YESTERDAY        0.0           0.0    MM   0.0    0.0      0.0
  MONTH TO DATE    0.0                       0.0    0.0      0.0
  SINCE JUN 1      0.0                       0.0    0.0      0.0
  SINCE JUL 1      0.0                       0.0    0.0      0.0
  SNOW DEPTH       0

DEGREE DAYS
 HEATING
  YESTERDAY        3                         0      3        0
  MONTH TO DATE    7                        10     -3        0
  SINCE JUN 1     29                        76    -47       41
  SINCE JUL 1      7                        10     -3        0

 COOLING
  YESTERDAY        0                         6     -6       19
  MONTH TO DATE   78                        96    -18      158
  SINCE JUN 1    230                       208     22      317
  SINCE JAN 1    278                       240     38      396
..................................................................


WIND (MPH)
  HIGHEST WIND SPEED    16   HIGHEST WIND DIRECTION    NW (330)
  HIGHEST GUST SPEED    21   HIGHEST GUST DIRECTION     W (290)
  AVERAGE WIND SPEED     8.6


SKY COVER
  POSSIBLE SUNSHINE  MM
  AVERAGE SKY COVER 0.9


WEATHER CONDITIONS
 THE FOLLOWING WEATHER WAS RECORDED YESTERDAY.
  NO SIGNIFICANT WEATHER WAS OBSERVED.


RELATIVE HUMIDITY (PERCENT)
 HIGHEST    86          1200 AM
 LOWEST     47           300 PM
 AVERAGE    67

..........................................................


THE FLINT MI CLIMATE NORMALS FOR TODAY
                         NORMAL    RECORD    YEAR
 MAXIMUM TEMPERATURE (F)   82       101      2012
                                             1931
 MINIMUM TEMPERATURE (F)   59        45      1978


SUNRISE AND SUNSET
JULY 17 2014..........SUNRISE   611 AM EDT   SUNSET   910 PM EDT
JULY 18 2014..........SUNRISE   612 AM EDT   SUNSET   910 PM EDT


-  INDICATES NEGATIVE NUMBERS.
R  INDICATES RECORD WAS SET OR TIED.
MM INDICATES DATA IS MISSING.
T  INDICATES TRACE AMOUNT.




$$
