000
CDUS43 KDTX 030537
CLIFNT


CLIMATE REPORT
NATIONAL WEATHER SERVICE DETROIT/PONTIAC MI
137 AM EDT WED AUG 3 2016


...................................

...THE FLINT MI CLIMATE SUMMARY FOR AUGUST 2 2016...

CLIMATE NORMAL PERIOD 1981 TO 2010
CLIMATE RECORD PERIOD 1921 TO 2016


WEATHER ITEM   OBSERVED TIME   RECORD YEAR NORMAL DEPARTURE LAST
                VALUE   (LST)  VALUE       VALUE  FROM      YEAR
                                                  NORMAL
..................................................................
TEMPERATURE (F)
 YESTERDAY
  MAXIMUM         92    345 PM  97    1964  81     11       93
                                      1955
  MINIMUM         65    522 AM  42    1927  59      6       58
  AVERAGE         79                        70      9       76

PRECIPITATION (IN)
  YESTERDAY        0.00          1.50 1934   0.10  -0.10     1.33
  MONTH TO DATE    0.00                      0.21  -0.21     1.33
  SINCE JUN 1      2.42                      6.60  -4.18     9.73
  SINCE JAN 1     14.65                     17.59  -2.94    17.85

SNOWFALL (IN)
  YESTERDAY        0.0           0.0    MM   0.0    0.0      0.0
  MONTH TO DATE    0.0                       0.0    0.0      0.0
  SINCE JUN 1      0.0                       0.0    0.0      0.0
  SINCE JUL 1      0.0                       0.0    0.0      0.0
  SNOW DEPTH       0

DEGREE DAYS
 HEATING
  YESTERDAY        0                         1     -1        0
  MONTH TO DATE    0                         1     -1        0
  SINCE JUN 1     28                        82    -54       36
  SINCE JUL 1      0                        16    -16        8

 COOLING
  YESTERDAY       14                         6      8       11
  MONTH TO DATE   25                        12     13       18
  SINCE JUN 1    552                       311    241      360
  SINCE JAN 1    631                       343    288      435
..................................................................


WIND (MPH)
  HIGHEST WIND SPEED    12   HIGHEST WIND DIRECTION    NE (60)
  HIGHEST GUST SPEED    15   HIGHEST GUST DIRECTION     N (10)
  AVERAGE WIND SPEED     2.5


SKY COVER
  POSSIBLE SUNSHINE  MM
  AVERAGE SKY COVER 0.3


WEATHER CONDITIONS
 THE FOLLOWING WEATHER WAS RECORDED YESTERDAY.
  NO SIGNIFICANT WEATHER WAS OBSERVED.


RELATIVE HUMIDITY (PERCENT)
 HIGHEST    87           200 AM
 LOWEST     38           300 PM
 AVERAGE    63

..........................................................


THE FLINT MI CLIMATE NORMALS FOR TODAY
                         NORMAL    RECORD    YEAR
 MAXIMUM TEMPERATURE (F)   81        98      1930
 MINIMUM TEMPERATURE (F)   59        41      1965


SUNRISE AND SUNSET
AUGUST  3 2016........SUNRISE   629 AM EDT   SUNSET   853 PM EDT
AUGUST  4 2016........SUNRISE   630 AM EDT   SUNSET   852 PM EDT


-  INDICATES NEGATIVE NUMBERS.
R  INDICATES RECORD WAS SET OR TIED.
MM INDICATES DATA IS MISSING.
T  INDICATES TRACE AMOUNT.




$$
