000
CDUS43 KDTX 042031
CLIFNT


CLIMATE REPORT
NATIONAL WEATHER SERVICE DETROIT/PONTIAC MI
429 PM EDT SUN JUN 4 2017


...................................

...THE FLINT MI CLIMATE SUMMARY FOR JUNE 4 2017...
VALID TODAY AS OF 0400 PM LOCAL TIME.

CLIMATE NORMAL PERIOD 1981 TO 2010
CLIMATE RECORD PERIOD 1921 TO 2017


WEATHER ITEM   OBSERVED TIME   RECORD YEAR NORMAL DEPARTURE LAST
                VALUE   (LST)  VALUE       VALUE  FROM      YEAR
                                                  NORMAL
..................................................................
TEMPERATURE (F)
 TODAY
  MAXIMUM         85    253 PM  98    1934  75     10       85
  MINIMUM         62    532 AM  33    1998  52     10       60
  AVERAGE         74                        63     11       73

PRECIPITATION (IN)
  TODAY            0.16          1.50 1975   0.10   0.06     0.26
  MONTH TO DATE    0.16                      0.40  -0.24     0.26
  SINCE JUN 1      0.16                      0.40  -0.24     0.26
  SINCE JAN 1     16.59                     11.39   5.20    12.49

SNOWFALL (IN)
  TODAY            0.0           0.0    MM   0.0    0.0      0.0
  MONTH TO DATE    0.0                       0.0    0.0      0.0
  SINCE JUN 1      0.0                       0.0    0.0      0.0
  SINCE JUL 1     39.4                      47.4   -8.0     69.0
  SNOW DEPTH       0

DEGREE DAYS
 HEATING
  TODAY            0                         4     -4        0
  MONTH TO DATE    7                        18    -11        0
  SINCE JUN 1      7                        18    -11        0
  SINCE JUL 1   5795                      6905  -1110     5356

 COOLING
  TODAY            9                         2      7        8
  MONTH TO DATE    9                         8      1       24
  SINCE JUN 1      9                         8      1       24
  SINCE JAN 1     34                        40     -6      103
..................................................................


WIND (MPH)
  HIGHEST WIND SPEED    21   HIGHEST WIND DIRECTION     W (270)
  HIGHEST GUST SPEED    29   HIGHEST GUST DIRECTION     W (260)
  AVERAGE WIND SPEED     8.9


SKY COVER
  POSSIBLE SUNSHINE  MM
  AVERAGE SKY COVER 0.7


WEATHER CONDITIONS
 THE FOLLOWING WEATHER WAS RECORDED TODAY.
  THUNDERSTORM
  LIGHT RAIN
  FOG
  HAZE


RELATIVE HUMIDITY (PERCENT)
 HIGHEST    93           600 AM
 LOWEST     48           300 PM
 AVERAGE    71

..........................................................


THE FLINT MI CLIMATE NORMALS FOR TOMORROW
                         NORMAL    RECORD    YEAR
 MAXIMUM TEMPERATURE (F)   75        97      1934
                                             1925
 MINIMUM TEMPERATURE (F)   52        36      1998
                                             1926
                                             1921


SUNRISE AND SUNSET
JUNE  4 2017..........SUNRISE   557 AM EDT   SUNSET   910 PM EDT
JUNE  5 2017..........SUNRISE   557 AM EDT   SUNSET   910 PM EDT


-  INDICATES NEGATIVE NUMBERS.
R  INDICATES RECORD WAS SET OR TIED.
MM INDICATES DATA IS MISSING.
T  INDICATES TRACE AMOUNT.




$$
