278
CDUS43 KDTX 130535
CLIFNT


CLIMATE REPORT
NATIONAL WEATHER SERVICE DETROIT/PONTIAC MI
135 AM EDT MON MAR 13 2017


...................................

...THE FLINT MI CLIMATE SUMMARY FOR MARCH 12 2017...

CLIMATE NORMAL PERIOD 1981 TO 2010
CLIMATE RECORD PERIOD 1921 TO 2017


WEATHER ITEM   OBSERVED TIME   RECORD YEAR NORMAL DEPARTURE LAST
                VALUE   (LST)  VALUE       VALUE  FROM      YEAR
                                                  NORMAL
..................................................................
TEMPERATURE (F)
 YESTERDAY
  MAXIMUM         31    337 PM  75    1990  42    -11       62
  MINIMUM         13    715 AM   0    1948  23    -10       30
  AVERAGE         22                        32    -10       46

PRECIPITATION (IN)
  YESTERDAY        0.00          0.74 2012   0.06  -0.06     0.00
  MONTH TO DATE    0.38                      0.67  -0.29     1.05
  SINCE MAR 1      0.38                      0.67  -0.29     1.05
  SINCE JAN 1      5.93                      3.78   2.15     4.90

SNOWFALL (IN)
  YESTERDAY        0.0           4.5  2014   0.3   -0.3      0.0
  MONTH TO DATE    1.7                       3.3   -1.6     11.2
  SINCE MAR 1      1.7                       3.3   -1.6     11.2
  SINCE JUL 1     34.2                      41.9   -7.7     61.8
  SNOW DEPTH       0

DEGREE DAYS
 HEATING
  YESTERDAY       43                        33     10       19
  MONTH TO DATE  401                       414    -13      318
  SINCE MAR 1    401                       414    -13      318
  SINCE JUL 1   4550                      5502   -952     4188

 COOLING
  YESTERDAY        0                         0      0        0
  MONTH TO DATE    0                         0      0        1
  SINCE MAR 1      0                         0      0        1
  SINCE JAN 1      0                         0      0        1
..................................................................


WIND (MPH)
  HIGHEST WIND SPEED    17   HIGHEST WIND DIRECTION     N (340)
  HIGHEST GUST SPEED    22   HIGHEST GUST DIRECTION     W (270)
  AVERAGE WIND SPEED     7.5


SKY COVER
  POSSIBLE SUNSHINE  MM
  AVERAGE SKY COVER 0.4


WEATHER CONDITIONS
 THE FOLLOWING WEATHER WAS RECORDED YESTERDAY.
  NO SIGNIFICANT WEATHER WAS OBSERVED.


RELATIVE HUMIDITY (PERCENT)
 HIGHEST    73           800 AM
 LOWEST     32           500 PM
 AVERAGE    53

..........................................................


THE FLINT MI CLIMATE NORMALS FOR TODAY
                         NORMAL    RECORD    YEAR
 MAXIMUM TEMPERATURE (F)   42        76      1990
 MINIMUM TEMPERATURE (F)   24        -4      1960


SUNRISE AND SUNSET
MARCH 13 2017.........SUNRISE   750 AM EDT   SUNSET   739 PM EDT
MARCH 14 2017.........SUNRISE   748 AM EDT   SUNSET   740 PM EDT


-  INDICATES NEGATIVE NUMBERS.
R  INDICATES RECORD WAS SET OR TIED.
MM INDICATES DATA IS MISSING.
T  INDICATES TRACE AMOUNT.




$$
