000
CDUS43 KDTX 300536
CLIFNT


CLIMATE REPORT
NATIONAL WEATHER SERVICE DETROIT/PONTIAC MI
136 AM EDT FRI JUN 30 2017


...................................

...THE FLINT MI CLIMATE SUMMARY FOR JUNE 29 2017...

CLIMATE NORMAL PERIOD 1981 TO 2010
CLIMATE RECORD PERIOD 1921 TO 2017


WEATHER ITEM   OBSERVED TIME   RECORD YEAR NORMAL DEPARTURE LAST
                VALUE   (LST)  VALUE       VALUE  FROM      YEAR
                                                  NORMAL
..................................................................
TEMPERATURE (F)
 YESTERDAY
  MAXIMUM         85    105 PM 100    1934  81      4       83
  MINIMUM         64   1217 AM  40    1923  58      6       43
  AVERAGE         75                        70      5       63

PRECIPITATION (IN)
  YESTERDAY        T             1.76 1949   0.10  -0.10     0.00
  MONTH TO DATE    2.64                      2.98  -0.34     0.67
  SINCE JUN 1      2.64                      2.98  -0.34     0.67
  SINCE JAN 1     19.07                     13.97   5.10    12.90

SNOWFALL (IN)
  YESTERDAY        0.0           0.0    MM   0.0    0.0      0.0
  MONTH TO DATE    0.0                       0.0    0.0      0.0
  SINCE JUN 1      0.0                       0.0    0.0      0.0
  SINCE JUL 1     39.4                      47.4   -8.0     69.0
  SNOW DEPTH       0

DEGREE DAYS
 HEATING
  YESTERDAY        0                         1     -1        2
  MONTH TO DATE   39                        65    -26       28
  SINCE JUN 1     39                        65    -26       28
  SINCE JUL 1   5827                      6952  -1125     5384

 COOLING
  YESTERDAY       10                         6      4        0
  MONTH TO DATE  135                       105     30      175
  SINCE JUN 1    135                       105     30      175
  SINCE JAN 1    160                       137     23      254
..................................................................


WIND (MPH)
  HIGHEST WIND SPEED    21   HIGHEST WIND DIRECTION     W (250)
  HIGHEST GUST SPEED    28   HIGHEST GUST DIRECTION    SW (240)
  AVERAGE WIND SPEED    11.7


SKY COVER
  POSSIBLE SUNSHINE  MM
  AVERAGE SKY COVER 0.4


WEATHER CONDITIONS
 THE FOLLOWING WEATHER WAS RECORDED YESTERDAY.
  NO SIGNIFICANT WEATHER WAS OBSERVED.


RELATIVE HUMIDITY (PERCENT)
 HIGHEST    81           500 AM
 LOWEST     51           100 PM
 AVERAGE    66

..........................................................


THE FLINT MI CLIMATE NORMALS FOR TODAY
                         NORMAL    RECORD    YEAR
 MAXIMUM TEMPERATURE (F)   81        98      1933
                                             1931
 MINIMUM TEMPERATURE (F)   58        42      1943


SUNRISE AND SUNSET
JUNE 30 2017..........SUNRISE   559 AM EDT   SUNSET   918 PM EDT
JULY  1 2017..........SUNRISE   600 AM EDT   SUNSET   918 PM EDT


-  INDICATES NEGATIVE NUMBERS.
R  INDICATES RECORD WAS SET OR TIED.
MM INDICATES DATA IS MISSING.
T  INDICATES TRACE AMOUNT.




$$
