000
CDUS43 KDTX 312134
CLIFNT


CLIMATE REPORT
NATIONAL WEATHER SERVICE DETROIT/PONTIAC MI
432 PM EST SAT DEC 31 2016


...................................

...THE FLINT MI CLIMATE SUMMARY FOR DECEMBER 31 2016...
VALID TODAY AS OF 0400 PM LOCAL TIME.

CLIMATE NORMAL PERIOD 1981 TO 2010
CLIMATE RECORD PERIOD 1921 TO 2016


WEATHER ITEM   OBSERVED TIME   RECORD YEAR NORMAL DEPARTURE LAST
                VALUE   (LST)  VALUE       VALUE  FROM      YEAR
                                                  NORMAL
..................................................................
TEMPERATURE (F)
 TODAY
  MAXIMUM         43   1224 PM  61    1965  31     12       34
  MINIMUM         28   1214 AM -11    1976  17     11       31
                                      1963
  AVERAGE         36                        24     12       33

PRECIPITATION (IN)
  TODAY            0.00          1.04 1978   0.06  -0.06     0.01
  MONTH TO DATE    1.59                      1.92  -0.33     1.90
  SINCE DEC 1      1.59                      1.92  -0.33     1.90
  SINCE JAN 1     30.74                     31.37  -0.63    29.28

SNOWFALL (IN)
  TODAY            0.0           3.7  1974   0.5   -0.5      0.1
  MONTH TO DATE   20.2                      11.8    8.4      2.5
  SINCE DEC 1     20.2                      11.8    8.4      2.5
  SINCE JUL 1     20.2                      14.7    5.5     13.3
  SNOW DEPTH       0

DEGREE DAYS
 HEATING
  TODAY           29                        41    -12       32
  MONTH TO DATE 1148                      1163    -15      737
  SINCE DEC 1   1148                      1164    -16      737
  SINCE JUL 1   2189                      2645   -456     1718

 COOLING
  TODAY            0                         0      0        0
  MONTH TO DATE    0                         0      0        0
  SINCE DEC 1      0                         0      0        0
  SINCE JAN 1   1022                       531    491      766
..................................................................


WIND (MPH)
  HIGHEST WIND SPEED    26   HIGHEST WIND DIRECTION     W (290)
  HIGHEST GUST SPEED    32   HIGHEST GUST DIRECTION    SW (220)
  AVERAGE WIND SPEED    13.9


SKY COVER
  POSSIBLE SUNSHINE  MM
  AVERAGE SKY COVER 0.6


WEATHER CONDITIONS
 THE FOLLOWING WEATHER WAS RECORDED TODAY.
  NO SIGNIFICANT WEATHER WAS OBSERVED.


RELATIVE HUMIDITY (PERCENT)
 HIGHEST    75           200 AM
 LOWEST     45          1200 PM
 AVERAGE    60

..........................................................


THE FLINT MI CLIMATE NORMALS FOR TOMORROW
                         NORMAL    RECORD    YEAR
 MAXIMUM TEMPERATURE (F)   30        55      2011
 MINIMUM TEMPERATURE (F)   17       -10      2001
                                             1947


SUNRISE AND SUNSET
DECEMBER 31 2016......SUNRISE   806 AM EST   SUNSET   510 PM EST
JANUARY  1 2017.......SUNRISE   806 AM EST   SUNSET   511 PM EST


-  INDICATES NEGATIVE NUMBERS.
R  INDICATES RECORD WAS SET OR TIED.
MM INDICATES DATA IS MISSING.
T  INDICATES TRACE AMOUNT.




$$
