344
CDUS43 KDTX 220536
CLIFNT


CLIMATE REPORT
NATIONAL WEATHER SERVICE DETROIT/PONTIAC MI
135 AM EDT FRI APR 22 2016


...................................

...THE FLINT MI CLIMATE SUMMARY FOR APRIL 21 2016...

CLIMATE NORMAL PERIOD 1981 TO 2010
CLIMATE RECORD PERIOD 1921 TO 2016


WEATHER ITEM   OBSERVED TIME   RECORD YEAR NORMAL DEPARTURE LAST
                VALUE   (LST)  VALUE       VALUE  FROM      YEAR
                                                  NORMAL
..................................................................
TEMPERATURE (F)
 YESTERDAY
  MAXIMUM         65    235 PM  84    1985  60      5       49
  MINIMUM         52    804 AM  23    2013  37     15       37
  AVERAGE         59                        49     10       43

PRECIPITATION (IN)
  YESTERDAY        0.14          1.35 1937   0.10   0.04     0.01
  MONTH TO DATE    1.55                      2.04  -0.49     1.50
  SINCE MAR 1      5.88                      3.95   1.93     2.42
  SINCE JAN 1      9.73                      7.06   2.67     4.59

SNOWFALL (IN)
  YESTERDAY        0.0           0.3    MM   0.0    0.0      0.0
  MONTH TO DATE    6.8                       2.0    4.8       T
  SINCE MAR 1     18.4                       8.5    9.9      4.5
  SINCE JUL 1     68.8                      47.1   21.7     45.0
  SNOW DEPTH       0

DEGREE DAYS
 HEATING
  YESTERDAY        6                        17    -11       22
  MONTH TO DATE  429                       428      1      313
  SINCE MAR 1   1143                      1385   -242     1303
  SINCE JUL 1   5013                      6473  -1460     6611

 COOLING
  YESTERDAY        0                         0      0        0
  MONTH TO DATE    0                         0      0        0
  SINCE MAR 1      1                         0      1        0
  SINCE JAN 1      1                         0      1        0
..................................................................


WIND (MPH)
  HIGHEST WIND SPEED    16   HIGHEST WIND DIRECTION     S (180)
  HIGHEST GUST SPEED    23   HIGHEST GUST DIRECTION    SW (210)
  AVERAGE WIND SPEED     6.9


SKY COVER
  POSSIBLE SUNSHINE  MM
  AVERAGE SKY COVER 0.9


WEATHER CONDITIONS
 THE FOLLOWING WEATHER WAS RECORDED YESTERDAY.
  RAIN
  LIGHT RAIN
  FOG
  HAZE


RELATIVE HUMIDITY (PERCENT)
 HIGHEST    86          1000 AM
 LOWEST     26          1200 AM
 AVERAGE    56

..........................................................


THE FLINT MI CLIMATE NORMALS FOR TODAY
                         NORMAL    RECORD    YEAR
 MAXIMUM TEMPERATURE (F)   60        84      1985
                                             1980
 MINIMUM TEMPERATURE (F)   38        20      1927


SUNRISE AND SUNSET
APRIL 22 2016.........SUNRISE   641 AM EDT   SUNSET   826 PM EDT
APRIL 23 2016.........SUNRISE   640 AM EDT   SUNSET   827 PM EDT


-  INDICATES NEGATIVE NUMBERS.
R  INDICATES RECORD WAS SET OR TIED.
MM INDICATES DATA IS MISSING.
T  INDICATES TRACE AMOUNT.




$$
