000
CDUS43 KDTX 180548
CLIFNT


CLIMATE REPORT
NATIONAL WEATHER SERVICE DETROIT/PONTIAC MI
148 AM EDT TUE AUG 18 2015


...................................

...THE FLINT MI CLIMATE SUMMARY FOR AUGUST 17 2015...

CLIMATE NORMAL PERIOD 1981 TO 2010
CLIMATE RECORD PERIOD 1921 TO 2015


WEATHER ITEM   OBSERVED TIME   RECORD YEAR NORMAL DEPARTURE LAST
                VALUE   (LST)  VALUE       VALUE  FROM      YEAR
                                                  NORMAL
..................................................................
TEMPERATURE (F)
 YESTERDAY
  MAXIMUM         89        MM  96    1988  80      9       81
  MINIMUM         72        MM  43    1954  58     14       63
  AVERAGE         81                        69     12       72

PRECIPITATION (IN)
  YESTERDAY        T             3.78 1995   0.10  -0.10     0.00
  MONTH TO DATE    2.32                      1.77   0.55     2.97
  SINCE JUN 1     10.72                      8.16   2.56    11.19
  SINCE JAN 1     18.84                     19.15  -0.31    26.14

SNOWFALL (IN)
  YESTERDAY        0.0           0.0    MM   0.0    0.0      0.0
  MONTH TO DATE    0.0                       0.0    0.0      0.0
  SINCE JUN 1      0.0                       0.0    0.0      0.0
  SINCE JUL 1      0.0                       0.0    0.0      0.0
  SNOW DEPTH       0

DEGREE DAYS
 HEATING
  YESTERDAY        0                         1     -1        0
  MONTH TO DATE    0                        16    -16        7
  SINCE JUN 1     36                        97    -61       46
  SINCE JUL 1      8                        31    -23       24

 COOLING
  YESTERDAY       16                         5     11        7
  MONTH TO DATE  130                        90     40       85
  SINCE JUN 1    472                       389     83      366
  SINCE JAN 1    547                       421    126      414
..................................................................


WIND (MPH)
  HIGHEST WIND SPEED    14   HIGHEST WIND DIRECTION     W (250)
  HIGHEST GUST SPEED    MM   HIGHEST GUST DIRECTION    MM
  AVERAGE WIND SPEED     7.6


SKY COVER
  POSSIBLE SUNSHINE  MM
  AVERAGE SKY COVER 0.1


WEATHER CONDITIONS
 THE FOLLOWING WEATHER WAS RECORDED YESTERDAY.
  LIGHT RAIN
  HAZE


RELATIVE HUMIDITY (PERCENT)
 HIGHEST    87           300 AM
 LOWEST     50           200 PM
 AVERAGE    69

..........................................................


THE FLINT MI CLIMATE NORMALS FOR TODAY
                         NORMAL    RECORD    YEAR
 MAXIMUM TEMPERATURE (F)   80        99      1947
 MINIMUM TEMPERATURE (F)   58        42      1981
                                             1963


SUNRISE AND SUNSET
AUGUST 18 2015........SUNRISE   644 AM EDT   SUNSET   833 PM EDT
AUGUST 19 2015........SUNRISE   645 AM EDT   SUNSET   831 PM EDT


-  INDICATES NEGATIVE NUMBERS.
R  INDICATES RECORD WAS SET OR TIED.
MM INDICATES DATA IS MISSING.
T  INDICATES TRACE AMOUNT.




$$
