739
CDUS43 KDTX 260746
CLIFNT


CLIMATE REPORT
NATIONAL WEATHER SERVICE DETROIT/PONTIAC MI
246 AM EST SAT NOV 26 2016


...................................

...THE FLINT MI CLIMATE SUMMARY FOR NOVEMBER 25 2016...

CLIMATE NORMAL PERIOD 1981 TO 2010
CLIMATE RECORD PERIOD 1921 TO 2016


WEATHER ITEM   OBSERVED TIME   RECORD YEAR NORMAL DEPARTURE LAST
                VALUE   (LST)  VALUE       VALUE  FROM      YEAR
                                                  NORMAL
..................................................................
TEMPERATURE (F)
 YESTERDAY
  MAXIMUM         42   1256 PM  63    2011  42      0       52
                                      2001
  MINIMUM         37   1159 PM   9    1950  28      9       30
  AVERAGE         40                        35      5       41

PRECIPITATION (IN)
  YESTERDAY        0.07          1.71 1987   0.09  -0.02     0.00
  MONTH TO DATE    1.60                      2.27  -0.67     1.46
  SINCE SEP 1      9.19                      8.49   0.70     7.25
  SINCE JAN 1     28.74                     29.05  -0.31    26.62

SNOWFALL (IN)
  YESTERDAY        T             6.5  1950   0.1   -0.1      0.0
  MONTH TO DATE    T                         1.6   -1.6     10.8
  SINCE SEP 1      T                         2.0   -2.0     10.8
  SINCE JUL 1      T                         2.0   -2.0     10.8
  SNOW DEPTH       0

DEGREE DAYS
 HEATING
  YESTERDAY       25                        30     -5       24
  MONTH TO DATE  489                       629   -140      439
  SINCE SEP 1    928                      1281   -353      834
  SINCE JUL 1    928                      1325   -397      856

 COOLING
  YESTERDAY        0                         0      0        0
  MONTH TO DATE    0                         0      0        2
  SINCE SEP 1     83                        54     29      153
  SINCE JAN 1   1022                       531    491      766
..................................................................


WIND (MPH)
  HIGHEST WIND SPEED    14   HIGHEST WIND DIRECTION     W (280)
  HIGHEST GUST SPEED    18   HIGHEST GUST DIRECTION     W (250)
  AVERAGE WIND SPEED     7.7


SKY COVER
  POSSIBLE SUNSHINE  MM
  AVERAGE SKY COVER 1.0


WEATHER CONDITIONS
 THE FOLLOWING WEATHER WAS RECORDED YESTERDAY.
  LIGHT RAIN
  LIGHT SNOW
  FOG


RELATIVE HUMIDITY (PERCENT)
 HIGHEST   100          1200 AM
 LOWEST     79           200 PM
 AVERAGE    90

..........................................................


THE FLINT MI CLIMATE NORMALS FOR TODAY
                         NORMAL    RECORD    YEAR
 MAXIMUM TEMPERATURE (F)   42        63      1984
 MINIMUM TEMPERATURE (F)   28        -7      1949


SUNRISE AND SUNSET
NOVEMBER 26 2016......SUNRISE   741 AM EST   SUNSET   503 PM EST
NOVEMBER 27 2016......SUNRISE   742 AM EST   SUNSET   503 PM EST


-  INDICATES NEGATIVE NUMBERS.
R  INDICATES RECORD WAS SET OR TIED.
MM INDICATES DATA IS MISSING.
T  INDICATES TRACE AMOUNT.




$$
