000
CDUS43 KDTX 150539
CLIFNT


CLIMATE REPORT
NATIONAL WEATHER SERVICE DETROIT/PONTIAC MI
1238 AM EST TUE NOV 15 2016


...................................

...THE FLINT MI CLIMATE SUMMARY FOR NOVEMBER 14 2016...

CLIMATE NORMAL PERIOD 1981 TO 2010
CLIMATE RECORD PERIOD 1921 TO 2016


WEATHER ITEM   OBSERVED TIME   RECORD YEAR NORMAL DEPARTURE LAST
                VALUE   (LST)  VALUE       VALUE  FROM      YEAR
                                                  NORMAL
..................................................................
TEMPERATURE (F)
 YESTERDAY
  MAXIMUM         58    409 PM  66    2009  48     10       51
                                      1956
                                      1953
  MINIMUM         40    748 AM  12    1986  32      8       38
  AVERAGE         49                        40      9       45

PRECIPITATION (IN)
  YESTERDAY        0.00          0.87 1957   0.10  -0.10      T
  MONTH TO DATE    0.61                      1.27  -0.66     0.56
  SINCE SEP 1      8.20                      7.49   0.71     6.35
  SINCE JAN 1     27.75                     28.05  -0.30    25.72

SNOWFALL (IN)
  YESTERDAY        0.0           1.5  1974   0.1   -0.1       T
  MONTH TO DATE    0.0                       0.5   -0.5       T
  SINCE SEP 1      T                         0.9   -0.9       T
  SINCE JUL 1      T                         0.9   -0.9       T
  SNOW DEPTH       0

DEGREE DAYS
 HEATING
  YESTERDAY       16                        25     -9       20
  MONTH TO DATE  221                       322   -101      201
  SINCE SEP 1    660                       974   -314      596
  SINCE JUL 1    660                      1018   -358      618

 COOLING
  YESTERDAY        0                         0      0        0
  MONTH TO DATE    0                         0      0        2
  SINCE SEP 1     83                        54     29      153
  SINCE JAN 1   1022                       531    491      766
..................................................................


WIND (MPH)
  HIGHEST WIND SPEED    14   HIGHEST WIND DIRECTION    SW (240)
  HIGHEST GUST SPEED    20   HIGHEST GUST DIRECTION     S (200)
  AVERAGE WIND SPEED     7.4


SKY COVER
  POSSIBLE SUNSHINE  MM
  AVERAGE SKY COVER 0.0


WEATHER CONDITIONS
 THE FOLLOWING WEATHER WAS RECORDED YESTERDAY.
  NO SIGNIFICANT WEATHER WAS OBSERVED.


RELATIVE HUMIDITY (PERCENT)
 HIGHEST    70           500 AM
 LOWEST     47           300 PM
 AVERAGE    59

..........................................................


THE FLINT MI CLIMATE NORMALS FOR TODAY
                         NORMAL    RECORD    YEAR
 MAXIMUM TEMPERATURE (F)   47        69      1990
 MINIMUM TEMPERATURE (F)   31        10      1933


SUNRISE AND SUNSET
NOVEMBER 15 2016......SUNRISE   728 AM EST   SUNSET   511 PM EST
NOVEMBER 16 2016......SUNRISE   729 AM EST   SUNSET   510 PM EST


-  INDICATES NEGATIVE NUMBERS.
R  INDICATES RECORD WAS SET OR TIED.
MM INDICATES DATA IS MISSING.
T  INDICATES TRACE AMOUNT.




$$
