000
CDUS43 KDTX 012032
CLIFNT


CLIMATE REPORT
NATIONAL WEATHER SERVICE DETROIT/PONTIAC MI
431 PM EDT FRI JUL 1 2016


...................................

...THE FLINT MI CLIMATE SUMMARY FOR JULY 1 2016...
VALID TODAY AS OF 0400 PM LOCAL TIME.

CLIMATE NORMAL PERIOD 1981 TO 2010
CLIMATE RECORD PERIOD 1921 TO 2016


WEATHER ITEM   OBSERVED TIME   RECORD YEAR NORMAL DEPARTURE LAST
                VALUE   (LST)  VALUE       VALUE  FROM      YEAR
                                                  NORMAL
..................................................................
TEMPERATURE (F)
 TODAY
  MAXIMUM         77    250 PM 102    1931  82     -5       68
  MINIMUM         61    612 AM  40    1965  59      2       59
  AVERAGE         69                        70     -1       64

PRECIPITATION (IN)
  TODAY            0.43          1.34 1999   0.10   0.33     0.00
  MONTH TO DATE    0.43                      0.10   0.33     0.00
  SINCE JUN 1      1.10                      3.17  -2.07     5.46
  SINCE JAN 1     13.33                     14.16  -0.83    13.58

SNOWFALL (IN)
  TODAY            0.0           0.0    MM   0.0    0.0      0.0
  MONTH TO DATE    0.0                       0.0    0.0      0.0
  SINCE JUN 1      0.0                       0.0    0.0      0.0
  SINCE JUL 1      0.0                       0.0    0.0      0.0
  SNOW DEPTH       0

DEGREE DAYS
 HEATING
  TODAY            0                         1     -1        1
  MONTH TO DATE    0                         1     -1        1
  SINCE JUN 1     28                        67    -39       29
  SINCE JUL 1      0                         1     -1        1

 COOLING
  TODAY            4                         6     -2        0
  MONTH TO DATE    4                         6     -2        0
  SINCE JUN 1    182                       118     64      124
  SINCE JAN 1    261                       150    111      199
..................................................................


WIND (MPH)
  HIGHEST WIND SPEED    24   HIGHEST WIND DIRECTION     W (290)
  HIGHEST GUST SPEED    31   HIGHEST GUST DIRECTION     W (290)
  AVERAGE WIND SPEED     8.2


SKY COVER
  POSSIBLE SUNSHINE  MM
  AVERAGE SKY COVER 0.9


WEATHER CONDITIONS
 THE FOLLOWING WEATHER WAS RECORDED TODAY.
  HEAVY RAIN
  RAIN
  LIGHT RAIN
  FOG
  HAZE


RELATIVE HUMIDITY (PERCENT)
 HIGHEST    84           500 AM
 LOWEST     46           300 PM
 AVERAGE    65

..........................................................


THE FLINT MI CLIMATE NORMALS FOR TOMORROW
                         NORMAL    RECORD    YEAR
 MAXIMUM TEMPERATURE (F)   82       100      1931
                                             1927
 MINIMUM TEMPERATURE (F)   59        40      2001


SUNRISE AND SUNSET
JULY  1 2016..........SUNRISE   600 AM EDT   SUNSET   918 PM EDT
JULY  2 2016..........SUNRISE   601 AM EDT   SUNSET   917 PM EDT


-  INDICATES NEGATIVE NUMBERS.
R  INDICATES RECORD WAS SET OR TIED.
MM INDICATES DATA IS MISSING.
T  INDICATES TRACE AMOUNT.




$$
