000
CDUS43 KDTX 202026
CLIFNT


CLIMATE REPORT
NATIONAL WEATHER SERVICE DETROIT/PONTIAC MI
425 PM EDT SAT SEP 20 2014


...................................

...THE FLINT MI CLIMATE SUMMARY FOR SEPTEMBER 20 2014...
VALID TODAY AS OF 0400 PM LOCAL TIME.

CLIMATE NORMAL PERIOD 1981 TO 2010
CLIMATE RECORD PERIOD 1921 TO 2014


WEATHER ITEM   OBSERVED TIME   RECORD YEAR NORMAL DEPARTURE LAST
                VALUE   (LST)  VALUE       VALUE  FROM      YEAR
                                                  NORMAL
..................................................................
TEMPERATURE (F)
 TODAY
  MAXIMUM         80    208 PM  89    1998  71      9       81
                                      1940
                                      1931
  MINIMUM         57   1214 AM  33    1962  48      9       68
                                      1956
  AVERAGE         69                        59     10       75

PRECIPITATION (IN)
  TODAY            0.33          0.79 1971   0.14   0.19     0.01
  MONTH TO DATE    2.43                      2.52  -0.09     0.43
  SINCE SEP 1      2.43                      2.52  -0.09     0.43
  SINCE JAN 1     29.42                     23.08   6.34    26.02

SNOWFALL (IN)
  TODAY            0.0           0.0    MM   0.0    0.0      0.0
  MONTH TO DATE    0.0                       0.0    0.0      0.0
  SINCE SEP 1      0.0                       0.0    0.0      0.0
  SINCE JUL 1      0.0                       0.0    0.0      0.0
  SNOW DEPTH       0

DEGREE DAYS
 HEATING
  TODAY            0                         7     -7        0
  MONTH TO DATE   98                        79     19       80
  SINCE SEP 1     98                        79     19       80
  SINCE JUL 1    122                       123     -1      102

 COOLING
  TODAY            4                         1      3       10
  MONTH TO DATE   64                        39     25       73
  SINCE SEP 1     64                        39     25       73
  SINCE JAN 1    596                       516     80      743
..................................................................


WIND (MPH)
  HIGHEST WIND SPEED    22   HIGHEST WIND DIRECTION    SW (240)
  HIGHEST GUST SPEED    29   HIGHEST GUST DIRECTION     S (200)
  AVERAGE WIND SPEED    11.7


SKY COVER
  POSSIBLE SUNSHINE  MM
  AVERAGE SKY COVER 0.5


WEATHER CONDITIONS
 THE FOLLOWING WEATHER WAS RECORDED TODAY.
  THUNDERSTORM
  HEAVY RAIN
  LIGHT RAIN


RELATIVE HUMIDITY (PERCENT)
 HIGHEST    80          1200 AM
 LOWEST     56          1200 PM
 AVERAGE    68

..........................................................


THE FLINT MI CLIMATE NORMALS FOR TOMORROW
                         NORMAL    RECORD    YEAR
 MAXIMUM TEMPERATURE (F)   70        90      1931
 MINIMUM TEMPERATURE (F)   48        32      1956


SUNRISE AND SUNSET
SEPTEMBER 20 2014.....SUNRISE   720 AM EDT   SUNSET   736 PM EDT
SEPTEMBER 21 2014.....SUNRISE   721 AM EDT   SUNSET   734 PM EDT


-  INDICATES NEGATIVE NUMBERS.
R  INDICATES RECORD WAS SET OR TIED.
MM INDICATES DATA IS MISSING.
T  INDICATES TRACE AMOUNT.




$$
