000
CDUS43 KDTX 091146 CCA
CLIFNT

CLIMATE REPORT
NATIONAL WEATHER SERVICE DETROIT/PONTIAC MI
1239 AM EST FRI DEC 9 2016


...................................

...THE FLINT MI CLIMATE SUMMARY FOR DECEMBER 8 2016...

CLIMATE NORMAL PERIOD 1981 TO 2010
CLIMATE RECORD PERIOD 1921 TO 2016


WEATHER ITEM   OBSERVED TIME   RECORD YEAR NORMAL DEPARTURE LAST
                VALUE   (LST)  VALUE       VALUE  FROM      YEAR
                                                  NORMAL
..................................................................
TEMPERATURE (F)
 YESTERDAY
  MAXIMUM         32   1221 AM  62    1966  36     -4       47
  MINIMUM         25   1014 AM  -4    1976  23      2       34
  AVERAGE         29                        30     -1       41

PRECIPITATION (IN)
  YESTERDAY        T             0.80 1924   0.06  -0.06     0.00
  MONTH TO DATE    0.26                      0.55  -0.29     0.03
  SINCE DEC 1      0.26                      0.55  -0.29     0.03
  SINCE JAN 1     29.41                     30.00  -0.59    27.41

SNOWFALL (IN)
  YESTERDAY        0.5           4.8  1972   0.3    0.2      0.0
  MONTH TO DATE    2.0                       2.5   -0.5      0.1
  SINCE DEC 1      2.0                       2.5   -0.5      0.1
  SINCE JUL 1      2.0                       5.4   -3.4     10.9
  SNOW DEPTH       T

DEGREE DAYS
 HEATING
  YESTERDAY       36                        35      1       24
  MONTH TO DATE  247                       270    -23      213
  SINCE DEC 1    247                       270    -23      213
  SINCE JUL 1   1288                      1751   -463     1194

 COOLING
  YESTERDAY        0                         0      0        0
  MONTH TO DATE    0                         0      0        0
  SINCE DEC 1      0                         0      0        0
  SINCE JAN 1   1022                       531    491      766
..................................................................


WIND (MPH)
  HIGHEST WIND SPEED    26   HIGHEST WIND DIRECTION     W (280)
  HIGHEST GUST SPEED    33   HIGHEST GUST DIRECTION     W (270)
  AVERAGE WIND SPEED    16.9


SKY COVER
  POSSIBLE SUNSHINE  MM
  AVERAGE SKY COVER 1.0


WEATHER CONDITIONS
 THE FOLLOWING WEATHER WAS RECORDED YESTERDAY.
  LIGHT SNOW
  FOG
  HAZE


RELATIVE HUMIDITY (PERCENT)
 HIGHEST    84          1100 PM
 LOWEST     63          1200 AM
 AVERAGE    74

..........................................................


THE FLINT MI CLIMATE NORMALS FOR TODAY
                         NORMAL    RECORD    YEAR
 MAXIMUM TEMPERATURE (F)   36        59      1946
 MINIMUM TEMPERATURE (F)   23        -4      1964


SUNRISE AND SUNSET
DECEMBER  9 2016......SUNRISE   755 AM EST   SUNSET   500 PM EST
DECEMBER 10 2016......SUNRISE   756 AM EST   SUNSET   500 PM EST


-  INDICATES NEGATIVE NUMBERS.
R  INDICATES RECORD WAS SET OR TIED.
MM INDICATES DATA IS MISSING.
T  INDICATES TRACE AMOUNT.




$$
