000
CDUS43 KDTX 130536
CLIFNT


CLIMATE REPORT
NATIONAL WEATHER SERVICE DETROIT/PONTIAC MI
1236 AM EST WED DEC 13 2017


...................................

...THE FLINT MI CLIMATE SUMMARY FOR DECEMBER 12 2017...

CLIMATE NORMAL PERIOD 1981 TO 2010
CLIMATE RECORD PERIOD 1921 TO 2017


WEATHER ITEM   OBSERVED TIME   RECORD YEAR NORMAL DEPARTURE LAST
                VALUE   (LST)  VALUE       VALUE  FROM      YEAR
                                                  NORMAL
..................................................................
TEMPERATURE (F)
 YESTERDAY
  MAXIMUM         29    123 AM  61    1949  35     -6       34
  MINIMUM         12    610 PM  -8    1958  22    -10       26
  AVERAGE         21                        28     -7       30

PRECIPITATION (IN)
  YESTERDAY        0.02          1.54 1946   0.07  -0.05     0.04
  MONTH TO DATE    0.18                      0.82  -0.64     0.89
  SINCE DEC 1      0.18                      0.82  -0.64     0.89
  SINCE JAN 1     34.51                     30.27   4.24    30.04

SNOWFALL (IN)
  YESTERDAY        0.4           5.5  2010   0.4    0.0      0.6
  MONTH TO DATE    3.1                       4.0   -0.9     13.6
  SINCE DEC 1      3.1                       4.0   -0.9     13.6
  SINCE JUL 1      3.5                       6.9   -3.4     13.6
  SNOW DEPTH       2

DEGREE DAYS
 HEATING
  YESTERDAY       44                        37      7       35
  MONTH TO DATE  403                       415    -12      400
  SINCE DEC 1    403                       415    -12      400
  SINCE JUL 1   1701                      1896   -195     1441

 COOLING
  YESTERDAY        0                         0      0        0
  MONTH TO DATE    0                         0      0        0
  SINCE DEC 1      0                         0      0        0
  SINCE JAN 1    567                       531     36     1022
..................................................................


WIND (MPH)
  HIGHEST WIND SPEED    31   HIGHEST WIND DIRECTION    NW (330)
  HIGHEST GUST SPEED    41   HIGHEST GUST DIRECTION    NW (320)
  AVERAGE WIND SPEED    15.4


SKY COVER
  POSSIBLE SUNSHINE  MM
  AVERAGE SKY COVER 0.7


WEATHER CONDITIONS
 THE FOLLOWING WEATHER WAS RECORDED YESTERDAY.
  LT FREEZING RAIN
  LIGHT SNOW
  FOG
  HAZE


RELATIVE HUMIDITY (PERCENT)
 HIGHEST    92          1200 AM
 LOWEST     49           400 PM
 AVERAGE    71

..........................................................


THE FLINT MI CLIMATE NORMALS FOR TODAY
                         NORMAL    RECORD    YEAR
 MAXIMUM TEMPERATURE (F)   35        65      2015
 MINIMUM TEMPERATURE (F)   22        -3      1960
                                             1958


SUNRISE AND SUNSET
DECEMBER 13 2017......SUNRISE   758 AM EST   SUNSET   501 PM EST
DECEMBER 14 2017......SUNRISE   759 AM EST   SUNSET   501 PM EST


-  INDICATES NEGATIVE NUMBERS.
R  INDICATES RECORD WAS SET OR TIED.
MM INDICATES DATA IS MISSING.
T  INDICATES TRACE AMOUNT.




$$
