000
CDUS43 KDTX 180535
CLIFNT


CLIMATE REPORT
NATIONAL WEATHER SERVICE DETROIT/PONTIAC MI
1235 AM EST SAT FEB 18 2017


...................................

...THE FLINT MI CLIMATE SUMMARY FOR FEBRUARY 17 2017...

CLIMATE NORMAL PERIOD 1981 TO 2010
CLIMATE RECORD PERIOD 1921 TO 2017


WEATHER ITEM   OBSERVED TIME   RECORD YEAR NORMAL DEPARTURE LAST
                VALUE   (LST)  VALUE       VALUE  FROM      YEAR
                                                  NORMAL
..................................................................
TEMPERATURE (F)
 YESTERDAY
  MAXIMUM         48    313 PM  54    2011  33     15       31
  MINIMUM         26    441 AM -19    1979  17      9        3
  AVERAGE         37                        25     12       17

PRECIPITATION (IN)
  YESTERDAY        0.00          0.75 1938   0.05  -0.05     0.02
  MONTH TO DATE    0.94                      0.84   0.10     1.21
  SINCE DEC 1      5.66                      4.39   1.27     4.75
  SINCE JAN 1      4.07                      2.47   1.60     2.85

SNOWFALL (IN)
  YESTERDAY        0.0           4.5  2014   0.4   -0.4      0.5
  MONTH TO DATE    1.8                       6.8   -5.0     12.4
  SINCE DEC 1     32.4                      31.7    0.7     29.5
  SINCE JUL 1     32.4                      34.6   -2.2     40.3
  SNOW DEPTH       0

DEGREE DAYS
 HEATING
  YESTERDAY       28                        40    -12       48
  MONTH TO DATE  625                       702    -77      663
  SINCE DEC 1   2886                      3185   -299     2539
  SINCE JUL 1   3927                      4666   -739     3520

 COOLING
  YESTERDAY        0                         0      0        0
  MONTH TO DATE    0                         0      0        0
  SINCE DEC 1      0                         0      0        0
  SINCE JAN 1      0                         0      0        0
..................................................................


WIND (MPH)
  HIGHEST WIND SPEED    15   HIGHEST WIND DIRECTION    SE (140)
  HIGHEST GUST SPEED    19   HIGHEST GUST DIRECTION    SE (140)
  AVERAGE WIND SPEED     8.4


SKY COVER
  POSSIBLE SUNSHINE  MM
  AVERAGE SKY COVER 0.1


WEATHER CONDITIONS
 THE FOLLOWING WEATHER WAS RECORDED YESTERDAY.
  NO SIGNIFICANT WEATHER WAS OBSERVED.


RELATIVE HUMIDITY (PERCENT)
 HIGHEST    76          1000 PM
 LOWEST     42           200 PM
 AVERAGE    59

..........................................................


THE FLINT MI CLIMATE NORMALS FOR TODAY
                         NORMAL    RECORD    YEAR
 MAXIMUM TEMPERATURE (F)   33        56      2011
                                             1994
 MINIMUM TEMPERATURE (F)   17       -11      1936


SUNRISE AND SUNSET
FEBRUARY 18 2017......SUNRISE   728 AM EST   SUNSET   611 PM EST
FEBRUARY 19 2017......SUNRISE   726 AM EST   SUNSET   612 PM EST


-  INDICATES NEGATIVE NUMBERS.
R  INDICATES RECORD WAS SET OR TIED.
MM INDICATES DATA IS MISSING.
T  INDICATES TRACE AMOUNT.




$$
