000
CDUS43 KDTX 030544
CLIFNT


CLIMATE REPORT
NATIONAL WEATHER SERVICE DETROIT/PONTIAC MI
144 AM EDT MON AUG 3 2015


...................................

...THE FLINT MI CLIMATE SUMMARY FOR AUGUST 2 2015...

CLIMATE NORMAL PERIOD 1981 TO 2010
CLIMATE RECORD PERIOD 1921 TO 2015


WEATHER ITEM   OBSERVED TIME   RECORD YEAR NORMAL DEPARTURE LAST
                VALUE   (LST)  VALUE       VALUE  FROM      YEAR
                                                  NORMAL
..................................................................
TEMPERATURE (F)
 YESTERDAY
  MAXIMUM         93    315 PM  97    1964  81     12       84
                                      1955
  MINIMUM         58    324 AM  42    1927  59     -1       56
  AVERAGE         76                        70      6       70

PRECIPITATION (IN)
  YESTERDAY        1.33          1.50 1934   0.10   1.23     0.00
  MONTH TO DATE    1.33                      0.21   1.12      T
  SINCE JUN 1      9.73                      6.60   3.13     8.22
  SINCE JAN 1     17.85                     17.59   0.26    23.17

SNOWFALL (IN)
  YESTERDAY        0.0           0.0    MM   0.0    0.0      0.0
  MONTH TO DATE    0.0                       0.0    0.0      0.0
  SINCE JUN 1      0.0                       0.0    0.0      0.0
  SINCE JUL 1      0.0                       0.0    0.0      0.0
  SNOW DEPTH       0

DEGREE DAYS
 HEATING
  YESTERDAY        0                         1     -1        0
  MONTH TO DATE    0                         1     -1        0
  SINCE JUN 1     36                        82    -46       39
  SINCE JUL 1      8                        16     -8       17

 COOLING
  YESTERDAY       11                         6      5        5
  MONTH TO DATE   18                        12      6       12
  SINCE JUN 1    360                       311     49      293
  SINCE JAN 1    435                       343     92      341
..................................................................


WIND (MPH)
  HIGHEST WIND SPEED    29   HIGHEST WIND DIRECTION     N (360)
  HIGHEST GUST SPEED    50   HIGHEST GUST DIRECTION     N (10)
  AVERAGE WIND SPEED    11.8


SKY COVER
  POSSIBLE SUNSHINE  MM
  AVERAGE SKY COVER 0.2


WEATHER CONDITIONS
 THE FOLLOWING WEATHER WAS RECORDED YESTERDAY.
  THUNDERSTORM
  HEAVY RAIN
  RAIN
  LIGHT RAIN
  FOG


RELATIVE HUMIDITY (PERCENT)
 HIGHEST    80           200 AM
 LOWEST     33           300 PM
 AVERAGE    57

..........................................................


THE FLINT MI CLIMATE NORMALS FOR TODAY
                         NORMAL    RECORD    YEAR
 MAXIMUM TEMPERATURE (F)   81        98      1930
 MINIMUM TEMPERATURE (F)   59        41      1965


SUNRISE AND SUNSET
AUGUST  3 2015........SUNRISE   628 AM EDT   SUNSET   854 PM EDT
AUGUST  4 2015........SUNRISE   629 AM EDT   SUNSET   853 PM EDT


-  INDICATES NEGATIVE NUMBERS.
R  INDICATES RECORD WAS SET OR TIED.
MM INDICATES DATA IS MISSING.
T  INDICATES TRACE AMOUNT.




$$
