000
CDUS43 KDTX 260603
CLIFNT


CLIMATE REPORT
NATIONAL WEATHER SERVICE DETROIT/PONTIAC MI
203 AM EDT WED APR 26 2017


...................................

...THE FLINT MI CLIMATE SUMMARY FOR APRIL 25 2017...

CLIMATE NORMAL PERIOD 1981 TO 2010
CLIMATE RECORD PERIOD 1921 TO 2017


WEATHER ITEM   OBSERVED TIME   RECORD YEAR NORMAL DEPARTURE LAST
                VALUE   (LST)  VALUE       VALUE  FROM      YEAR
                                                  NORMAL
..................................................................
TEMPERATURE (F)
 YESTERDAY
  MAXIMUM         73    440 PM  87    1990  61     12       76
  MINIMUM         47    235 AM  26    1963  39      8       49
  AVERAGE         60                        50     10       63

PRECIPITATION (IN)
  YESTERDAY        0.00          1.96 1976   0.09  -0.09     0.36
  MONTH TO DATE    3.95                      2.40   1.55     1.91
  SINCE MAR 1      7.16                      4.31   2.85     6.24
  SINCE JAN 1     12.71                      7.42   5.29    10.09

SNOWFALL (IN)
  YESTERDAY        0.0           1.7  1976   0.1   -0.1      0.0
  MONTH TO DATE    1.5                       2.2   -0.7      6.8
  SINCE MAR 1      6.9                       8.7   -1.8     18.4
  SINCE JUL 1     39.4                      47.3   -7.9     69.0
  SNOW DEPTH       0

DEGREE DAYS
 HEATING
  YESTERDAY        5                        15    -10        2
  MONTH TO DATE  353                       491   -138      476
  SINCE MAR 1   1311                      1448   -137     1190
  SINCE JUL 1   5460                      6536  -1076     5060

 COOLING
  YESTERDAY        0                         0      0        0
  MONTH TO DATE    1                         0      1        0
  SINCE MAR 1      1                         0      1        1
  SINCE JAN 1      1                         0      1        1
..................................................................


WIND (MPH)
  HIGHEST WIND SPEED    18   HIGHEST WIND DIRECTION    SE (130)
  HIGHEST GUST SPEED    24   HIGHEST GUST DIRECTION    SE (140)
  AVERAGE WIND SPEED     9.2


SKY COVER
  POSSIBLE SUNSHINE  MM
  AVERAGE SKY COVER 0.5


WEATHER CONDITIONS
 THE FOLLOWING WEATHER WAS RECORDED YESTERDAY.
  NO SIGNIFICANT WEATHER WAS OBSERVED.


RELATIVE HUMIDITY (PERCENT)
 HIGHEST    77          1200 AM
 LOWEST     53           400 PM
 AVERAGE    65

..........................................................


THE FLINT MI CLIMATE NORMALS FOR TODAY
                         NORMAL    RECORD    YEAR
 MAXIMUM TEMPERATURE (F)   62        86      1939
 MINIMUM TEMPERATURE (F)   39        25      1933
                                             1926


SUNRISE AND SUNSET
APRIL 26 2017.........SUNRISE   636 AM EDT   SUNSET   830 PM EDT
APRIL 27 2017.........SUNRISE   634 AM EDT   SUNSET   832 PM EDT


-  INDICATES NEGATIVE NUMBERS.
R  INDICATES RECORD WAS SET OR TIED.
MM INDICATES DATA IS MISSING.
T  INDICATES TRACE AMOUNT.




$$
