000
CDUS43 KDTX 160554
CLIFNT


CLIMATE REPORT
NATIONAL WEATHER SERVICE DETROIT/PONTIAC MI
154 AM EDT THU MAR 16 2017


...................................

...THE FLINT MI CLIMATE SUMMARY FOR MARCH 15 2017...

CLIMATE NORMAL PERIOD 1981 TO 2010
CLIMATE RECORD PERIOD 1921 TO 2017


WEATHER ITEM   OBSERVED TIME   RECORD YEAR NORMAL DEPARTURE LAST
                VALUE   (LST)  VALUE       VALUE  FROM      YEAR
                                                  NORMAL
..................................................................
TEMPERATURE (F)
 YESTERDAY
  MAXIMUM         31    506 PM  78    1990  43    -12       54
  MINIMUM         12    540 AM   3    1960  24    -12       45
  AVERAGE         22                        34    -12       50

PRECIPITATION (IN)
  YESTERDAY        0.00          0.74 1943   0.05  -0.05     0.00
  MONTH TO DATE    0.55                      0.83  -0.28     1.41
  SINCE MAR 1      0.55                      0.83  -0.28     1.41
  SINCE JAN 1      6.10                      3.94   2.16     5.26

SNOWFALL (IN)
  YESTERDAY        0.0           1.5  1967   0.2   -0.2      0.0
  MONTH TO DATE    3.7                       3.9   -0.2     11.2
  SINCE MAR 1      3.7                       3.9   -0.2     11.2
  SINCE JUL 1     36.2                      42.5   -6.3     61.8
  SNOW DEPTH       2

DEGREE DAYS
 HEATING
  YESTERDAY       43                        31     12       15
  MONTH TO DATE  537                       509     28      363
  SINCE MAR 1    537                       509     28      363
  SINCE JUL 1   4686                      5597   -911     4233

 COOLING
  YESTERDAY        0                         0      0        0
  MONTH TO DATE    0                         0      0        1
  SINCE MAR 1      0                         0      0        1
  SINCE JAN 1      0                         0      0        1
..................................................................


WIND (MPH)
  HIGHEST WIND SPEED    25   HIGHEST WIND DIRECTION     W (290)
  HIGHEST GUST SPEED    34   HIGHEST GUST DIRECTION     W (290)
  AVERAGE WIND SPEED    15.6


SKY COVER
  POSSIBLE SUNSHINE  MM
  AVERAGE SKY COVER 0.1


WEATHER CONDITIONS
 THE FOLLOWING WEATHER WAS RECORDED YESTERDAY.
  NO SIGNIFICANT WEATHER WAS OBSERVED.


RELATIVE HUMIDITY (PERCENT)
 HIGHEST    73          1100 PM
 LOWEST     42          1200 PM
 AVERAGE    58

..........................................................


THE FLINT MI CLIMATE NORMALS FOR TODAY
                         NORMAL    RECORD    YEAR
 MAXIMUM TEMPERATURE (F)   43        75      2012
 MINIMUM TEMPERATURE (F)   25         6      1992


SUNRISE AND SUNSET
MARCH 16 2017.........SUNRISE   745 AM EDT   SUNSET   743 PM EDT
MARCH 17 2017.........SUNRISE   743 AM EDT   SUNSET   744 PM EDT


-  INDICATES NEGATIVE NUMBERS.
R  INDICATES RECORD WAS SET OR TIED.
MM INDICATES DATA IS MISSING.
T  INDICATES TRACE AMOUNT.




$$
