000
CDUS43 KDTX 012035
CLIFNT


CLIMATE REPORT
NATIONAL WEATHER SERVICE DETROIT/PONTIAC MI
434 PM EDT THU JUN 1 2017


...................................

...THE FLINT MI CLIMATE SUMMARY FOR JUNE 1 2017...
VALID TODAY AS OF 0400 PM LOCAL TIME.

CLIMATE NORMAL PERIOD 1981 TO 2010
CLIMATE RECORD PERIOD 1921 TO 2017


WEATHER ITEM   OBSERVED TIME   RECORD YEAR NORMAL DEPARTURE LAST
                VALUE   (LST)  VALUE       VALUE  FROM      YEAR
                                                  NORMAL
..................................................................
TEMPERATURE (F)
 TODAY
  MAXIMUM         73    259 PM 104    1934  74     -1       83
  MINIMUM         45    533 AM  33    1966  51     -6       58
  AVERAGE         59                        62     -3       71

PRECIPITATION (IN)
  TODAY            0.00          3.48 1943   0.10  -0.10      T
  MONTH TO DATE    0.00                      0.10  -0.10      T
  SINCE JUN 1      0.00                      0.10  -0.10      T
  SINCE JAN 1     16.43                     11.09   5.34    12.23

SNOWFALL (IN)
  TODAY            0.0           0.0    MM   0.0    0.0      0.0
  MONTH TO DATE    0.0                       0.0    0.0      0.0
  SINCE JUN 1      0.0                       0.0    0.0      0.0
  SINCE JUL 1     39.4                      47.4   -8.0     69.0
  SNOW DEPTH       0

DEGREE DAYS
 HEATING
  TODAY            6                         5      1        0
  MONTH TO DATE    6                         5      1        0
  SINCE JUN 1      6                         5      1        0
  SINCE JUL 1   5794                      6892  -1098     5356

 COOLING
  TODAY            0                         2     -2        6
  MONTH TO DATE    0                         2     -2        6
  SINCE JUN 1      0                         2     -2        6
  SINCE JAN 1     25                        34     -9       85
..................................................................


WIND (MPH)
  HIGHEST WIND SPEED    21   HIGHEST WIND DIRECTION     W (290)
  HIGHEST GUST SPEED    26   HIGHEST GUST DIRECTION    NW (320)
  AVERAGE WIND SPEED     5.3


SKY COVER
  POSSIBLE SUNSHINE  MM
  AVERAGE SKY COVER 0.1


WEATHER CONDITIONS
 THE FOLLOWING WEATHER WAS RECORDED TODAY.
  NO SIGNIFICANT WEATHER WAS OBSERVED.


RELATIVE HUMIDITY (PERCENT)
 HIGHEST    86           600 AM
 LOWEST     31           100 PM
 AVERAGE    59

..........................................................


THE FLINT MI CLIMATE NORMALS FOR TOMORROW
                         NORMAL    RECORD    YEAR
 MAXIMUM TEMPERATURE (F)   74       102      1934
 MINIMUM TEMPERATURE (F)   51        36      1994


SUNRISE AND SUNSET
JUNE  1 2017..........SUNRISE   559 AM EDT   SUNSET   907 PM EDT
JUNE  2 2017..........SUNRISE   558 AM EDT   SUNSET   908 PM EDT


-  INDICATES NEGATIVE NUMBERS.
R  INDICATES RECORD WAS SET OR TIED.
MM INDICATES DATA IS MISSING.
T  INDICATES TRACE AMOUNT.




$$
