000
CDUS43 KDTX 050547
CLIFNT


CLIMATE REPORT
NATIONAL WEATHER SERVICE DETROIT/PONTIAC MI
147 AM EDT WED APR 5 2017


...................................

...THE FLINT MI CLIMATE SUMMARY FOR APRIL 4 2017...

CLIMATE NORMAL PERIOD 1981 TO 2010
CLIMATE RECORD PERIOD 1921 TO 2017


WEATHER ITEM   OBSERVED TIME   RECORD YEAR NORMAL DEPARTURE LAST
                VALUE   (LST)  VALUE       VALUE  FROM      YEAR
                                                  NORMAL
..................................................................
TEMPERATURE (F)
 YESTERDAY
  MAXIMUM         56    446 AM  77    1921  52      4       37
  MINIMUM         43   1159 PM  13    1995  32     11       24
                                      1926
  AVERAGE         50                        42      8       31

PRECIPITATION (IN)
  YESTERDAY        0.13          1.51 2003   0.08   0.05      T
  MONTH TO DATE    0.80                      0.35   0.45     0.26
  SINCE MAR 1      4.01                      2.26   1.75     4.59
  SINCE JAN 1      9.56                      5.37   4.19     8.44

SNOWFALL (IN)
  YESTERDAY        0.0           2.6  1992   0.2   -0.2       T
  MONTH TO DATE    0.0                       0.6   -0.6      1.1
  SINCE MAR 1      5.4                       7.1   -1.7     12.7
  SINCE JUL 1     37.9                      45.7   -7.8     63.3
  SNOW DEPTH       0

DEGREE DAYS
 HEATING
  YESTERDAY       15                        23     -8       34
  MONTH TO DATE   68                        95    -27      118
  SINCE MAR 1   1026                      1052    -26      832
  SINCE JUL 1   5175                      6140   -965     4702

 COOLING
  YESTERDAY        0                         0      0        0
  MONTH TO DATE    0                         0      0        0
  SINCE MAR 1      0                         0      0        1
  SINCE JAN 1      0                         0      0        1
..................................................................


WIND (MPH)
  HIGHEST WIND SPEED    24   HIGHEST WIND DIRECTION    NW (300)
  HIGHEST GUST SPEED    29   HIGHEST GUST DIRECTION    NW (310)
  AVERAGE WIND SPEED    11.5


SKY COVER
  POSSIBLE SUNSHINE  MM
  AVERAGE SKY COVER 1.0


WEATHER CONDITIONS
 THE FOLLOWING WEATHER WAS RECORDED YESTERDAY.
  LIGHT RAIN
  FOG


RELATIVE HUMIDITY (PERCENT)
 HIGHEST   100           100 AM
 LOWEST     76           300 PM
 AVERAGE    88

..........................................................


THE FLINT MI CLIMATE NORMALS FOR TODAY
                         NORMAL    RECORD    YEAR
 MAXIMUM TEMPERATURE (F)   53        80      1921
 MINIMUM TEMPERATURE (F)   32        13      1995


SUNRISE AND SUNSET
APRIL  5 2017.........SUNRISE   710 AM EDT   SUNSET   806 PM EDT
APRIL  6 2017.........SUNRISE   708 AM EDT   SUNSET   807 PM EDT


-  INDICATES NEGATIVE NUMBERS.
R  INDICATES RECORD WAS SET OR TIED.
MM INDICATES DATA IS MISSING.
T  INDICATES TRACE AMOUNT.




$$
