000
CDUS43 KDTX 272028
CLIFNT


CLIMATE REPORT
NATIONAL WEATHER SERVICE DETROIT/PONTIAC MI
425 PM EDT FRI JUN 27 2014


...................................

...THE FLINT MI CLIMATE SUMMARY FOR JUNE 27 2014...
VALID TODAY AS OF 0400 PM LOCAL TIME.

CLIMATE NORMAL PERIOD 1981 TO 2010
CLIMATE RECORD PERIOD 1921 TO 2014


WEATHER ITEM   OBSERVED TIME   RECORD YEAR NORMAL DEPARTURE LAST
                VALUE   (LST)  VALUE       VALUE  FROM      YEAR
                                                  NORMAL
..................................................................
TEMPERATURE (F)
 TODAY
  MAXIMUM         83    259 PM 100    1933  81      2       86
  MINIMUM         57    528 AM  44    1988  58     -1       67
  AVERAGE         70                        70      0       77

PRECIPITATION (IN)
  TODAY            0.00          1.22 1935   0.10  -0.10     0.56
  MONTH TO DATE    2.43                      2.78  -0.35     4.22
  SINCE JUN 1      2.43                      2.78  -0.35     4.22
  SINCE JAN 1     17.38                     13.77   3.61    20.98

SNOWFALL (IN)
  TODAY            0.0           0.0    MM   0.0    0.0      0.0
  MONTH TO DATE    0.0                       0.0    0.0      0.0
  SINCE JUN 1      0.0                       0.0    0.0      0.0
  SINCE JUL 1     83.9                      47.4   36.5     43.8
  SNOW DEPTH       0

DEGREE DAYS
 HEATING
  TODAY            0                         1     -1        0
  MONTH TO DATE   22                        63    -41       41
  SINCE JUN 1     22                        63    -41       41
  SINCE JUL 1   7479                      6950    529     6462

 COOLING
  TODAY            5                         5      0       12
  MONTH TO DATE  112                        94     18      141
  SINCE JUN 1    112                        94     18      141
  SINCE JAN 1    160                       126     34      220
..................................................................


WIND (MPH)
  HIGHEST WIND SPEED    10   HIGHEST WIND DIRECTION     S (180)
  HIGHEST GUST SPEED    13   HIGHEST GUST DIRECTION     S (180)
  AVERAGE WIND SPEED     2.5


SKY COVER
  POSSIBLE SUNSHINE  MM
  AVERAGE SKY COVER 0.1


WEATHER CONDITIONS
 THE FOLLOWING WEATHER WAS RECORDED TODAY.
  NO SIGNIFICANT WEATHER WAS OBSERVED.


RELATIVE HUMIDITY (PERCENT)
 HIGHEST    84           600 AM
 LOWEST     46           300 PM
 AVERAGE    65

..........................................................


THE FLINT MI CLIMATE NORMALS FOR TOMORROW
                         NORMAL    RECORD    YEAR
 MAXIMUM TEMPERATURE (F)   81       100      2012
                                             1934
 MINIMUM TEMPERATURE (F)   58        46      1992
                                             1930


SUNRISE AND SUNSET
JUNE 27 2014..........SUNRISE   558 AM EDT   SUNSET   918 PM EDT
JUNE 28 2014..........SUNRISE   558 AM EDT   SUNSET   918 PM EDT


-  INDICATES NEGATIVE NUMBERS.
R  INDICATES RECORD WAS SET OR TIED.
MM INDICATES DATA IS MISSING.
T  INDICATES TRACE AMOUNT.




$$
