000
CDUS43 KDTX 100535
CLIFNT


CLIMATE REPORT
NATIONAL WEATHER SERVICE DETROIT/PONTIAC MI
135 AM EDT THU JUL 10 2014


...................................

...THE FLINT MI CLIMATE SUMMARY FOR JULY 9 2014...

CLIMATE NORMAL PERIOD 1981 TO 2010
CLIMATE RECORD PERIOD 1921 TO 2014


WEATHER ITEM   OBSERVED TIME   RECORD YEAR NORMAL DEPARTURE LAST
                VALUE   (LST)  VALUE       VALUE  FROM      YEAR
                                                  NORMAL
..................................................................
TEMPERATURE (F)
 YESTERDAY
  MAXIMUM         74    505 PM 105    1936  82     -8       89
  MINIMUM         58   1159 PM  42    1963  59     -1       71
  AVERAGE         66                        71     -5       80

PRECIPITATION (IN)
  YESTERDAY        0.00          1.55 1949   0.10  -0.10     0.05
  MONTH TO DATE    4.06                      0.87   3.19     0.31
  SINCE JUN 1      6.52                      3.94   2.58     4.82
  SINCE JAN 1     21.47                     14.93   6.54    21.58

SNOWFALL (IN)
  YESTERDAY        0.0           0.0    MM   0.0    0.0      0.0
  MONTH TO DATE    0.0                       0.0    0.0      0.0
  SINCE JUN 1      0.0                       0.0    0.0      0.0
  SINCE JUL 1      0.0                       0.0    0.0      0.0
  SNOW DEPTH       0

DEGREE DAYS
 HEATING
  YESTERDAY        0                         1     -1        0
  MONTH TO DATE    3                         9     -6        0
  SINCE JUN 1     25                        75    -50       41
  SINCE JUL 1      3                         9     -6        0

 COOLING
  YESTERDAY        1                         6     -5       15
  MONTH TO DATE   45                        54     -9       84
  SINCE JUN 1    197                       166     31      243
  SINCE JAN 1    245                       198     47      322
..................................................................


WIND (MPH)
  HIGHEST WIND SPEED    15   HIGHEST WIND DIRECTION     W (280)
  HIGHEST GUST SPEED    19   HIGHEST GUST DIRECTION     W (280)
  AVERAGE WIND SPEED     6.8


SKY COVER
  POSSIBLE SUNSHINE  MM
  AVERAGE SKY COVER 0.6


WEATHER CONDITIONS
 THE FOLLOWING WEATHER WAS RECORDED YESTERDAY.
  NO SIGNIFICANT WEATHER WAS OBSERVED.


RELATIVE HUMIDITY (PERCENT)
 HIGHEST    84           200 AM
 LOWEST     46           600 PM
 AVERAGE    65

..........................................................


THE FLINT MI CLIMATE NORMALS FOR TODAY
                         NORMAL    RECORD    YEAR
 MAXIMUM TEMPERATURE (F)   82       102      1936
 MINIMUM TEMPERATURE (F)   59        43      1963


SUNRISE AND SUNSET
JULY 10 2014..........SUNRISE   606 AM EDT   SUNSET   915 PM EDT
JULY 11 2014..........SUNRISE   606 AM EDT   SUNSET   914 PM EDT


-  INDICATES NEGATIVE NUMBERS.
R  INDICATES RECORD WAS SET OR TIED.
MM INDICATES DATA IS MISSING.
T  INDICATES TRACE AMOUNT.




$$
