000
CDUS43 KDTX 040537
CLIFNT


CLIMATE REPORT
NATIONAL WEATHER SERVICE DETROIT/PONTIAC MI
137 AM EDT THU SEP 4 2014


...................................

...THE FLINT MI CLIMATE SUMMARY FOR SEPTEMBER 3 2014...

CLIMATE NORMAL PERIOD 1981 TO 2010
CLIMATE RECORD PERIOD 1921 TO 2014


WEATHER ITEM   OBSERVED TIME   RECORD YEAR NORMAL DEPARTURE LAST
                VALUE   (LST)  VALUE       VALUE  FROM      YEAR
                                                  NORMAL
..................................................................
TEMPERATURE (F)
 YESTERDAY
  MAXIMUM         83    423 PM  97    1953  77      6       76
  MINIMUM         56    630 AM  35    1946  55      1       58
  AVERAGE         70                        66      4       67

PRECIPITATION (IN)
  YESTERDAY        0.00          1.66 2008   0.12  -0.12     0.00
  MONTH TO DATE    0.68                      0.36   0.32     0.06
  SINCE SEP 1      0.68                      0.36   0.32     0.06
  SINCE JAN 1     27.67                     20.92   6.75    25.65

SNOWFALL (IN)
  YESTERDAY        0.0           0.0    MM   0.0    0.0      0.0
  MONTH TO DATE    0.0                       0.0    0.0      0.0
  SINCE SEP 1      0.0                       0.0    0.0      0.0
  SINCE JUL 1      0.0                       0.0    0.0      0.0
  SNOW DEPTH       0

DEGREE DAYS
 HEATING
  YESTERDAY        0                         2     -2        0
  MONTH TO DATE    0                         6     -6        0
  SINCE SEP 1      0                         6     -6        0
  SINCE JUL 1     24                        50    -26       22

 COOLING
  YESTERDAY        5                         3      2        2
  MONTH TO DATE   22                         9     13        9
  SINCE SEP 1     22                         9     13        9
  SINCE JAN 1    554                       486     68      679
..................................................................


WIND (MPH)
  HIGHEST WIND SPEED    12   HIGHEST WIND DIRECTION    SW (240)
  HIGHEST GUST SPEED    14   HIGHEST GUST DIRECTION    SW (210)
  AVERAGE WIND SPEED     3.5


SKY COVER
  POSSIBLE SUNSHINE  MM
  AVERAGE SKY COVER 0.1


WEATHER CONDITIONS
 THE FOLLOWING WEATHER WAS RECORDED YESTERDAY.
  FOG
  HAZE


RELATIVE HUMIDITY (PERCENT)
 HIGHEST    87           700 AM
 LOWEST     46           400 PM
 AVERAGE    67

..........................................................


THE FLINT MI CLIMATE NORMALS FOR TODAY
                         NORMAL    RECORD    YEAR
 MAXIMUM TEMPERATURE (F)   77        91      1929
 MINIMUM TEMPERATURE (F)   54        37      1997


SUNRISE AND SUNSET
SEPTEMBER  4 2014.....SUNRISE   703 AM EDT   SUNSET   804 PM EDT
SEPTEMBER  5 2014.....SUNRISE   704 AM EDT   SUNSET   803 PM EDT


-  INDICATES NEGATIVE NUMBERS.
R  INDICATES RECORD WAS SET OR TIED.
MM INDICATES DATA IS MISSING.
T  INDICATES TRACE AMOUNT.




$$
