000
CDUS43 KDTX 230536
CLIFNT


CLIMATE REPORT
NATIONAL WEATHER SERVICE DETROIT/PONTIAC MI
136 AM EDT TUE MAY 23 2017


...................................

...THE FLINT MI CLIMATE SUMMARY FOR MAY 22 2017...

CLIMATE NORMAL PERIOD 1981 TO 2010
CLIMATE RECORD PERIOD 1921 TO 2017


WEATHER ITEM   OBSERVED TIME   RECORD YEAR NORMAL DEPARTURE LAST
                VALUE   (LST)  VALUE       VALUE  FROM      YEAR
                                                  NORMAL
..................................................................
TEMPERATURE (F)
 YESTERDAY
  MAXIMUM         68    536 PM  91    1934  70     -2       71
  MINIMUM         50    630 AM  32    1929  47      3       48
  AVERAGE         59                        59      0       60

PRECIPITATION (IN)
  YESTERDAY        0.00          1.12 2004   0.10  -0.10     0.00
  MONTH TO DATE    2.17                      2.18  -0.01     1.64
  SINCE MAR 1     10.57                      6.98   3.59     8.30
  SINCE JAN 1     16.12                     10.09   6.03    12.15

SNOWFALL (IN)
  YESTERDAY        0.0           T      MM   0.0    0.0      0.0
  MONTH TO DATE    0.0                       0.0    0.0       T
  SINCE MAR 1      6.9                       8.8   -1.9     18.4
  SINCE JUL 1     39.4                      47.4   -8.0     69.0
  SNOW DEPTH       0

DEGREE DAYS
 HEATING
  YESTERDAY        6                         7     -1        5
  MONTH TO DATE  249                       225     24      202
  SINCE MAR 1   1611                      1744   -133     1481
  SINCE JUL 1   5760                      6832  -1072     5351

 COOLING
  YESTERDAY        0                         1     -1        0
  MONTH TO DATE   17                        14      3        4
  SINCE MAR 1     20                        18      2        5
  SINCE JAN 1     20                        18      2        5
..................................................................


WIND (MPH)
  HIGHEST WIND SPEED    24   HIGHEST WIND DIRECTION     W (290)
  HIGHEST GUST SPEED    32   HIGHEST GUST DIRECTION     W (280)
  AVERAGE WIND SPEED    12.5


SKY COVER
  POSSIBLE SUNSHINE  MM
  AVERAGE SKY COVER 0.7


WEATHER CONDITIONS
 THE FOLLOWING WEATHER WAS RECORDED YESTERDAY.
  NO SIGNIFICANT WEATHER WAS OBSERVED.


RELATIVE HUMIDITY (PERCENT)
 HIGHEST    83           200 AM
 LOWEST     39           500 PM
 AVERAGE    61

..........................................................


THE FLINT MI CLIMATE NORMALS FOR TODAY
                         NORMAL    RECORD    YEAR
 MAXIMUM TEMPERATURE (F)   71        88      1936
                                             1925
 MINIMUM TEMPERATURE (F)   48        28      1963


SUNRISE AND SUNSET
MAY 23 2017...........SUNRISE   604 AM EDT   SUNSET   900 PM EDT
MAY 24 2017...........SUNRISE   604 AM EDT   SUNSET   901 PM EDT


-  INDICATES NEGATIVE NUMBERS.
R  INDICATES RECORD WAS SET OR TIED.
MM INDICATES DATA IS MISSING.
T  INDICATES TRACE AMOUNT.




$$
