000
CDUS43 KDTX 042134
CLIFNT


CLIMATE REPORT
NATIONAL WEATHER SERVICE DETROIT/PONTIAC MI
433 PM EST WED MAR 4 2015


...................................

...THE FLINT MI CLIMATE SUMMARY FOR MARCH 4 2015...
VALID TODAY AS OF 0400 PM LOCAL TIME.

CLIMATE NORMAL PERIOD 1981 TO 2010
CLIMATE RECORD PERIOD 1921 TO 2015


WEATHER ITEM   OBSERVED TIME   RECORD YEAR NORMAL DEPARTURE LAST
                VALUE   (LST)  VALUE       VALUE  FROM      YEAR
                                                  NORMAL
..................................................................
TEMPERATURE (F)
 TODAY
  MAXIMUM         32   1221 AM  63    1983  38     -6       20
  MINIMUM         28    359 PM  -2    2014  21      7       -2
                                      1978
  AVERAGE         30                        30      0        9

PRECIPITATION (IN)
  TODAY            0.00          1.46 1974   0.05  -0.05      T
  MONTH TO DATE    0.26                      0.22   0.04     0.35
  SINCE MAR 1      0.26                      0.22   0.04     0.35
  SINCE JAN 1      2.43                      3.33  -0.90     4.36

SNOWFALL (IN)
  TODAY            0.0           6.2  2003   0.3   -0.3       T
  MONTH TO DATE    3.4                       1.2    2.2      4.1
  SINCE MAR 1      3.4                       1.2    2.2      4.1
  SINCE JUL 1     43.9                      39.8    4.1     77.3
  SNOW DEPTH      11

DEGREE DAYS
 HEATING
  TODAY           35                        35      0       56
  MONTH TO DATE  163                       143     20      228
  SINCE MAR 1    163                       143     20      228
  SINCE JUL 1   5471                      5231    240     5749

 COOLING
  TODAY            0                         0      0        0
  MONTH TO DATE    0                         0      0        0
  SINCE MAR 1      0                         0      0        0
  SINCE JAN 1      0                         0      0        0
..................................................................


WIND (MPH)
  HIGHEST WIND SPEED    24   HIGHEST WIND DIRECTION     W (280)
  HIGHEST GUST SPEED    28   HIGHEST GUST DIRECTION     W (270)
  AVERAGE WIND SPEED    12.7


SKY COVER
  POSSIBLE SUNSHINE  MM
  AVERAGE SKY COVER 0.7


WEATHER CONDITIONS
 THE FOLLOWING WEATHER WAS RECORDED TODAY.
  HAZE


RELATIVE HUMIDITY (PERCENT)
 HIGHEST    69           100 AM
 LOWEST     46           400 PM
 AVERAGE    58

..........................................................


THE FLINT MI CLIMATE NORMALS FOR TOMORROW
                         NORMAL    RECORD    YEAR
 MAXIMUM TEMPERATURE (F)   39        66      2004
                                             1983
 MINIMUM TEMPERATURE (F)   21       -10      1948


SUNRISE AND SUNSET
MARCH  4 2015.........SUNRISE   706 AM EST   SUNSET   628 PM EST
MARCH  5 2015.........SUNRISE   705 AM EST   SUNSET   629 PM EST


-  INDICATES NEGATIVE NUMBERS.
R  INDICATES RECORD WAS SET OR TIED.
MM INDICATES DATA IS MISSING.
T  INDICATES TRACE AMOUNT.




$$
