000
CDUS43 KDTX 010535
CLIFNT


CLIMATE REPORT
NATIONAL WEATHER SERVICE DETROIT/PONTIAC MI
135 AM EDT MON SEP 1 2014


...................................

...THE FLINT MI CLIMATE SUMMARY FOR AUGUST 31 2014...

CLIMATE NORMAL PERIOD 1981 TO 2010
CLIMATE RECORD PERIOD 1921 TO 2014


WEATHER ITEM   OBSERVED TIME   RECORD YEAR NORMAL DEPARTURE LAST
                VALUE   (LST)  VALUE       VALUE  FROM      YEAR
                                                  NORMAL
..................................................................
TEMPERATURE (F)
 YESTERDAY
  MAXIMUM         85    405 PM  97    1953  78      7       80
  MINIMUM         69    412 AM  39    1931  55     14       65
  AVERAGE         77                        66     11       73

PRECIPITATION (IN)
  YESTERDAY        0.00          1.50 1945   0.11  -0.11     0.00
  MONTH TO DATE    3.82                      3.18   0.64     2.58
  SINCE JUN 1     12.04                      9.57   2.47     8.83
  SINCE JAN 1     26.99                     20.56   6.43    25.59

SNOWFALL (IN)
  YESTERDAY        0.0           0.0    MM   0.0    0.0      0.0
  MONTH TO DATE    0.0                       0.0    0.0      0.0
  SINCE JUN 1      0.0                       0.0    0.0      0.0
  SINCE JUL 1      0.0                       0.0    0.0      0.0
  SNOW DEPTH       0

DEGREE DAYS
 HEATING
  YESTERDAY        0                         2     -2        0
  MONTH TO DATE    7                        33    -26       13
  SINCE JUN 1     46                       110    -64       63
  SINCE JUL 1     24                        44    -20       22

 COOLING
  YESTERDAY       12                         3      9        8
  MONTH TO DATE  203                       146     57      168
  SINCE JUN 1    484                       445     39      591
  SINCE JAN 1    532                       477     55      670
..................................................................


WIND (MPH)
  HIGHEST WIND SPEED    12   HIGHEST WIND DIRECTION    SW (220)
  HIGHEST GUST SPEED    15   HIGHEST GUST DIRECTION    SW (240)
  AVERAGE WIND SPEED     5.8


SKY COVER
  POSSIBLE SUNSHINE  MM
  AVERAGE SKY COVER 0.4


WEATHER CONDITIONS
 THE FOLLOWING WEATHER WAS RECORDED YESTERDAY.
  FOG
  HAZE


RELATIVE HUMIDITY (PERCENT)
 HIGHEST    84           200 AM
 LOWEST     51           200 PM
 AVERAGE    68

..........................................................


THE FLINT MI CLIMATE NORMALS FOR TODAY
                         NORMAL    RECORD    YEAR
 MAXIMUM TEMPERATURE (F)   77        97      1953
 MINIMUM TEMPERATURE (F)   55        40      1967


SUNRISE AND SUNSET
SEPTEMBER  1 2014.....SUNRISE   659 AM EDT   SUNSET   810 PM EDT
SEPTEMBER  2 2014.....SUNRISE   700 AM EDT   SUNSET   808 PM EDT


-  INDICATES NEGATIVE NUMBERS.
R  INDICATES RECORD WAS SET OR TIED.
MM INDICATES DATA IS MISSING.
T  INDICATES TRACE AMOUNT.




$$
