000
CDUS43 KDTX 240542
CLIFNT


CLIMATE REPORT
NATIONAL WEATHER SERVICE DETROIT/PONTIAC MI
142 AM EDT TUE MAY 24 2016


...................................

...THE FLINT MI CLIMATE SUMMARY FOR MAY 23 2016...

CLIMATE NORMAL PERIOD 1981 TO 2010
CLIMATE RECORD PERIOD 1921 TO 2016


WEATHER ITEM   OBSERVED TIME   RECORD YEAR NORMAL DEPARTURE LAST
                VALUE   (LST)  VALUE       VALUE  FROM      YEAR
                                                  NORMAL
..................................................................
TEMPERATURE (F)
 YESTERDAY
  MAXIMUM         81    601 PM  88    1936  71     10       77
                                      1925
  MINIMUM         38    555 AM  28    1963  48    -10       36
  AVERAGE         60                        59      1       57

PRECIPITATION (IN)
  YESTERDAY        0.00          1.90 1952   0.10  -0.10     0.00
  MONTH TO DATE    1.64                      2.28  -0.64     2.07
  SINCE MAR 1      8.30                      7.08   1.22     4.62
  SINCE JAN 1     12.15                     10.19   1.96     6.79

SNOWFALL (IN)
  YESTERDAY        0.0           0.0    MM   0.0    0.0      0.0
  MONTH TO DATE    T                         0.0    0.0      0.0
  SINCE MAR 1     18.4                       8.8    9.6      4.8
  SINCE JUL 1     69.0                      47.4   21.6     45.3
  SNOW DEPTH       0

DEGREE DAYS
 HEATING
  YESTERDAY        5                         7     -2        8
  MONTH TO DATE  200                       232    -32      118
  SINCE MAR 1   1479                      1751   -272     1599
  SINCE JUL 1   5349                      6839  -1490     6907

 COOLING
  YESTERDAY        0                         1     -1        0
  MONTH TO DATE    4                        15    -11       38
  SINCE MAR 1      5                        19    -14       38
  SINCE JAN 1      5                        19    -14       38
..................................................................


WIND (MPH)
  HIGHEST WIND SPEED     8   HIGHEST WIND DIRECTION     S (190)
  HIGHEST GUST SPEED    16   HIGHEST GUST DIRECTION    SW (230)
  AVERAGE WIND SPEED     2.7


SKY COVER
  POSSIBLE SUNSHINE  MM
  AVERAGE SKY COVER 0.0


WEATHER CONDITIONS
 THE FOLLOWING WEATHER WAS RECORDED YESTERDAY.
  HAZE


RELATIVE HUMIDITY (PERCENT)
 HIGHEST    85           500 AM
 LOWEST     14           500 PM
 AVERAGE    50

..........................................................


THE FLINT MI CLIMATE NORMALS FOR TODAY
                         NORMAL    RECORD    YEAR
 MAXIMUM TEMPERATURE (F)   71        88      2007
 MINIMUM TEMPERATURE (F)   48        32      1956
                                             1931


SUNRISE AND SUNSET
MAY 24 2016...........SUNRISE   603 AM EDT   SUNSET   901 PM EDT
MAY 25 2016...........SUNRISE   603 AM EDT   SUNSET   902 PM EDT


-  INDICATES NEGATIVE NUMBERS.
R  INDICATES RECORD WAS SET OR TIED.
MM INDICATES DATA IS MISSING.
T  INDICATES TRACE AMOUNT.




$$
