000
CDUS43 KDTX 262030
CLIFNT


CLIMATE REPORT
NATIONAL WEATHER SERVICE DETROIT/PONTIAC MI
428 PM EDT WED APR 26 2017


...................................

...THE FLINT MI CLIMATE SUMMARY FOR APRIL 26 2017...
VALID TODAY AS OF 0400 PM LOCAL TIME.

CLIMATE NORMAL PERIOD 1981 TO 2010
CLIMATE RECORD PERIOD 1921 TO 2017


WEATHER ITEM   OBSERVED TIME   RECORD YEAR NORMAL DEPARTURE LAST
                VALUE   (LST)  VALUE       VALUE  FROM      YEAR
                                                  NORMAL
..................................................................
TEMPERATURE (F)
 TODAY
  MAXIMUM         78    259 PM  86    1939  62     16       54
  MINIMUM         55    636 AM  25    1933  39     16       39
                                      1926
  AVERAGE         67                        50     17       47

PRECIPITATION (IN)
  TODAY            0.00          1.20 1994   0.10  -0.10      T
  MONTH TO DATE    3.95                      2.50   1.45     1.91
  SINCE MAR 1      7.16                      4.41   2.75     6.24
  SINCE JAN 1     12.71                      7.52   5.19    10.09

SNOWFALL (IN)
  TODAY            0.0           T      MM   0.0    0.0      0.0
  MONTH TO DATE    1.5                       2.2   -0.7      6.8
  SINCE MAR 1      6.9                       8.7   -1.8     18.4
  SINCE JUL 1     39.4                      47.3   -7.9     69.0
  SNOW DEPTH       0

DEGREE DAYS
 HEATING
  TODAY            0                        15    -15       18
  MONTH TO DATE  353                       506   -153      494
  SINCE MAR 1   1311                      1463   -152     1208
  SINCE JUL 1   5460                      6551  -1091     5078

 COOLING
  TODAY            2                         0      2        0
  MONTH TO DATE    3                         0      3        0
  SINCE MAR 1      3                         0      3        1
  SINCE JAN 1      3                         0      3        1
..................................................................


WIND (MPH)
  HIGHEST WIND SPEED    28   HIGHEST WIND DIRECTION     S (160)
  HIGHEST GUST SPEED    37   HIGHEST GUST DIRECTION     S (170)
  AVERAGE WIND SPEED    15.1


SKY COVER
  POSSIBLE SUNSHINE  MM
  AVERAGE SKY COVER 0.0


WEATHER CONDITIONS
 THE FOLLOWING WEATHER WAS RECORDED TODAY.
  NO SIGNIFICANT WEATHER WAS OBSERVED.


RELATIVE HUMIDITY (PERCENT)
 HIGHEST    93           700 AM
 LOWEST     48           300 PM
 AVERAGE    71

..........................................................


THE FLINT MI CLIMATE NORMALS FOR TOMORROW
                         NORMAL    RECORD    YEAR
 MAXIMUM TEMPERATURE (F)   62        86      1990
 MINIMUM TEMPERATURE (F)   39        26      1996
                                             1993


SUNRISE AND SUNSET
APRIL 26 2017.........SUNRISE   636 AM EDT   SUNSET   830 PM EDT
APRIL 27 2017.........SUNRISE   634 AM EDT   SUNSET   832 PM EDT


-  INDICATES NEGATIVE NUMBERS.
R  INDICATES RECORD WAS SET OR TIED.
MM INDICATES DATA IS MISSING.
T  INDICATES TRACE AMOUNT.




$$
