000
CDUS43 KDTX 120536
CLIFNT


CLIMATE REPORT
NATIONAL WEATHER SERVICE DETROIT/PONTIAC MI
1236 AM EST TUE DEC 12 2017


...................................

...THE FLINT MI CLIMATE SUMMARY FOR DECEMBER 11 2017...

CLIMATE NORMAL PERIOD 1981 TO 2010
CLIMATE RECORD PERIOD 1921 TO 2017


WEATHER ITEM   OBSERVED TIME   RECORD YEAR NORMAL DEPARTURE LAST
                VALUE   (LST)  VALUE       VALUE  FROM      YEAR
                                                  NORMAL
..................................................................
TEMPERATURE (F)
 YESTERDAY
  MAXIMUM         29   1159 PM  61    1979  35     -6       29
  MINIMUM         19    858 AM  -8    1977  22     -3       22
                                      1958
  AVERAGE         24                        29     -5       26

PRECIPITATION (IN)
  YESTERDAY        0.05          0.91 2000   0.06  -0.01     0.56
  MONTH TO DATE    0.16                      0.75  -0.59     0.85
  SINCE DEC 1      0.16                      0.75  -0.59     0.85
  SINCE JAN 1     34.49                     30.20   4.29    30.00

SNOWFALL (IN)
  YESTERDAY        0.7          10.8  2000   0.3    0.4     10.0
  MONTH TO DATE    2.7                       3.6   -0.9     13.0
  SINCE DEC 1      2.7                       3.6   -0.9     13.0
  SINCE JUL 1      3.1                       6.5   -3.4     13.0
  SNOW DEPTH       2

DEGREE DAYS
 HEATING
  YESTERDAY       41                        36      5       39
  MONTH TO DATE  359                       378    -19      365
  SINCE DEC 1    359                       378    -19      365
  SINCE JUL 1   1657                      1859   -202     1406

 COOLING
  YESTERDAY        0                         0      0        0
  MONTH TO DATE    0                         0      0        0
  SINCE DEC 1      0                         0      0        0
  SINCE JAN 1    567                       531     36     1022
..................................................................


WIND (MPH)
  HIGHEST WIND SPEED    14   HIGHEST WIND DIRECTION    NW (320)
  HIGHEST GUST SPEED    17   HIGHEST GUST DIRECTION    NW (310)
  AVERAGE WIND SPEED     6.9


SKY COVER
  POSSIBLE SUNSHINE  MM
  AVERAGE SKY COVER 1.0


WEATHER CONDITIONS
 THE FOLLOWING WEATHER WAS RECORDED YESTERDAY.
  LIGHT SNOW
  FOG


RELATIVE HUMIDITY (PERCENT)
 HIGHEST    92          1200 PM
 LOWEST     73           500 AM
 AVERAGE    83

..........................................................


THE FLINT MI CLIMATE NORMALS FOR TODAY
                         NORMAL    RECORD    YEAR
 MAXIMUM TEMPERATURE (F)   35        61      1949
 MINIMUM TEMPERATURE (F)   22        -8      1958


SUNRISE AND SUNSET
DECEMBER 12 2017......SUNRISE   757 AM EST   SUNSET   501 PM EST
DECEMBER 13 2017......SUNRISE   758 AM EST   SUNSET   501 PM EST


-  INDICATES NEGATIVE NUMBERS.
R  INDICATES RECORD WAS SET OR TIED.
MM INDICATES DATA IS MISSING.
T  INDICATES TRACE AMOUNT.




$$
