000
CDUS43 KDTX 200555
CLIFNT


CLIMATE REPORT
NATIONAL WEATHER SERVICE DETROIT/PONTIAC MI
155 AM EDT SUN AUG 20 2017


...................................

...THE FLINT MI CLIMATE SUMMARY FOR AUGUST 19 2017...

CLIMATE NORMAL PERIOD 1981 TO 2010
CLIMATE RECORD PERIOD 1921 TO 2017


WEATHER ITEM   OBSERVED TIME   RECORD YEAR NORMAL DEPARTURE LAST
                VALUE   (LST)  VALUE       VALUE  FROM      YEAR
                                                  NORMAL
..................................................................
TEMPERATURE (F)
 YESTERDAY
  MAXIMUM         78    449 PM  96    1934  80     -2       88
  MINIMUM         58    143 AM  41    1998  58      0       69
  AVERAGE         68                        69     -1       79

PRECIPITATION (IN)
  YESTERDAY        0.00          2.23 1961   0.10  -0.10     0.05
  MONTH TO DATE    3.43                      1.97   1.46     3.52
  SINCE JUN 1      8.81                      8.36   0.45     5.94
  SINCE JAN 1     25.24                     19.35   5.89    18.17

SNOWFALL (IN)
  YESTERDAY        0.0           0.0    MM   0.0    0.0      0.0
  MONTH TO DATE    0.0                       0.0    0.0      0.0
  SINCE JUN 1      0.0                       0.0    0.0      0.0
  SINCE JUL 1      0.0                       0.0    0.0      0.0
  SNOW DEPTH       0

DEGREE DAYS
 HEATING
  YESTERDAY        0                         1     -1        0
  MONTH TO DATE    2                        18    -16        0
  SINCE JUN 1     42                        99    -57       28
  SINCE JUL 1      3                        33    -30        0

 COOLING
  YESTERDAY        3                         5     -2       14
  MONTH TO DATE   74                       100    -26      249
  SINCE JUN 1    408                       399      9      776
  SINCE JAN 1    433                       431      2      855
..................................................................


WIND (MPH)
  HIGHEST WIND SPEED    15   HIGHEST WIND DIRECTION     W (290)
  HIGHEST GUST SPEED    20   HIGHEST GUST DIRECTION    NW (310)
  AVERAGE WIND SPEED     7.4


SKY COVER
  POSSIBLE SUNSHINE  MM
  AVERAGE SKY COVER 0.4


WEATHER CONDITIONS
 THE FOLLOWING WEATHER WAS RECORDED YESTERDAY.
  NO SIGNIFICANT WEATHER WAS OBSERVED.


RELATIVE HUMIDITY (PERCENT)
 HIGHEST    97           300 AM
 LOWEST     48           200 PM
 AVERAGE    73

..........................................................


THE FLINT MI CLIMATE NORMALS FOR TODAY
                         NORMAL    RECORD    YEAR
 MAXIMUM TEMPERATURE (F)   80        94      1955
 MINIMUM TEMPERATURE (F)   58        41      1977
                                             1929


SUNRISE AND SUNSET
AUGUST 20 2017........SUNRISE   647 AM EDT   SUNSET   829 PM EDT
AUGUST 21 2017........SUNRISE   648 AM EDT   SUNSET   827 PM EDT


-  INDICATES NEGATIVE NUMBERS.
R  INDICATES RECORD WAS SET OR TIED.
MM INDICATES DATA IS MISSING.
T  INDICATES TRACE AMOUNT.




$$
