000
CDUS43 KDTX 120608
CLIFNT


CLIMATE REPORT
NATIONAL WEATHER SERVICE DETROIT/PONTIAC MI
208 AM EDT THU OCT 12 2017


...................................

...THE FLINT MI CLIMATE SUMMARY FOR OCTOBER 11 2017...

CLIMATE NORMAL PERIOD 1981 TO 2010
CLIMATE RECORD PERIOD 1921 TO 2017


WEATHER ITEM   OBSERVED TIME   RECORD YEAR NORMAL DEPARTURE LAST
                VALUE   (LST)  VALUE       VALUE  FROM      YEAR
                                                  NORMAL
..................................................................
TEMPERATURE (F)
 YESTERDAY
  MAXIMUM         56   1206 AM  85    1938  62     -6       69
  MINIMUM         50   1159 PM  22    1964  41      9       44
  AVERAGE         53                        51      2       57

PRECIPITATION (IN)
  YESTERDAY        0.66          0.76 1949   0.08   0.58      T
  MONTH TO DATE    1.46                      0.99   0.47     0.62
  SINCE SEP 1      2.30                      4.74  -2.44     5.03
  SINCE JAN 1     27.99                     25.30   2.69    24.58

SNOWFALL (IN)
  YESTERDAY        0.0           T    1988   0.0    0.0      0.0
  MONTH TO DATE    0.0                       0.1   -0.1      0.0
  SINCE SEP 1      0.0                       0.1   -0.1      0.0
  SINCE JUL 1      0.0                       0.1   -0.1      0.0
  SNOW DEPTH       0

DEGREE DAYS
 HEATING
  YESTERDAY       12                        14     -2        8
  MONTH TO DATE   55                       138    -83       86
  SINCE SEP 1    178                       304   -126      156
  SINCE JUL 1    210                       348   -138      156

 COOLING
  YESTERDAY        0                         0      0        0
  MONTH TO DATE   13                         2     11        6
  SINCE SEP 1    108                        51     57       78
  SINCE JAN 1    565                       528     37     1017
..................................................................


WIND (MPH)
  HIGHEST WIND SPEED    24   HIGHEST WIND DIRECTION    NE (60)
  HIGHEST GUST SPEED    35   HIGHEST GUST DIRECTION     E (80)
  AVERAGE WIND SPEED    13.4


SKY COVER
  POSSIBLE SUNSHINE  MM
  AVERAGE SKY COVER 1.0


WEATHER CONDITIONS
 THE FOLLOWING WEATHER WAS RECORDED YESTERDAY.
  RAIN
  LIGHT RAIN
  FOG


RELATIVE HUMIDITY (PERCENT)
 HIGHEST    96           600 PM
 LOWEST     72           100 AM
 AVERAGE    84

..........................................................


THE FLINT MI CLIMATE NORMALS FOR TODAY
                         NORMAL    RECORD    YEAR
 MAXIMUM TEMPERATURE (F)   61        83      1938
                                             1928
 MINIMUM TEMPERATURE (F)   40        23      1957


SUNRISE AND SUNSET
OCTOBER 12 2017.......SUNRISE   745 AM EDT   SUNSET   657 PM EDT
OCTOBER 13 2017.......SUNRISE   746 AM EDT   SUNSET   655 PM EDT


-  INDICATES NEGATIVE NUMBERS.
R  INDICATES RECORD WAS SET OR TIED.
MM INDICATES DATA IS MISSING.
T  INDICATES TRACE AMOUNT.




$$
