000
CDUS43 KDTX 270537
CLIFNT


CLIMATE REPORT
NATIONAL WEATHER SERVICE DETROIT/PONTIAC MI
137 AM EDT FRI MAY 27 2016


...................................

...THE FLINT MI CLIMATE SUMMARY FOR MAY 26 2016...

CLIMATE NORMAL PERIOD 1981 TO 2010
CLIMATE RECORD PERIOD 1921 TO 2016


WEATHER ITEM   OBSERVED TIME   RECORD YEAR NORMAL DEPARTURE LAST
                VALUE   (LST)  VALUE       VALUE  FROM      YEAR
                                                  NORMAL
..................................................................
TEMPERATURE (F)
 YESTERDAY
  MAXIMUM         88    324 PM  92    1933  72     16       85
  MINIMUM         66    613 AM  32    1994  49     17       67
                                      1958
  AVERAGE         77                        60     17       76

PRECIPITATION (IN)
  YESTERDAY        0.08          2.00 1932   0.10  -0.02     0.06
  MONTH TO DATE    1.72                      2.58  -0.86     2.24
  SINCE MAR 1      8.38                      7.38   1.00     4.79
  SINCE JAN 1     12.23                     10.49   1.74     6.96

SNOWFALL (IN)
  YESTERDAY        0.0           0.5    MM   0.0    0.0      0.0
  MONTH TO DATE    T                         0.0    0.0      0.0
  SINCE MAR 1     18.4                       8.8    9.6      4.8
  SINCE JUL 1     69.0                      47.4   21.6     45.3
  SNOW DEPTH       0

DEGREE DAYS
 HEATING
  YESTERDAY        0                         6     -6        0
  MONTH TO DATE  200                       252    -52      118
  SINCE MAR 1   1479                      1771   -292     1599
  SINCE JUL 1   5349                      6859  -1510     6907

 COOLING
  YESTERDAY       12                         1     11       11
  MONTH TO DATE   28                        18     10       59
  SINCE MAR 1     29                        22      7       59
  SINCE JAN 1     29                        22      7       59
..................................................................


WIND (MPH)
  HIGHEST WIND SPEED    17   HIGHEST WIND DIRECTION    SW (230)
  HIGHEST GUST SPEED    23   HIGHEST GUST DIRECTION     S (190)
  AVERAGE WIND SPEED     8.2


SKY COVER
  POSSIBLE SUNSHINE  MM
  AVERAGE SKY COVER 0.4


WEATHER CONDITIONS
 THE FOLLOWING WEATHER WAS RECORDED YESTERDAY.
  THUNDERSTORM
  RAIN
  LIGHT RAIN


RELATIVE HUMIDITY (PERCENT)
 HIGHEST    87           600 AM
 LOWEST     40           400 PM
 AVERAGE    64

..........................................................


THE FLINT MI CLIMATE NORMALS FOR TODAY
                         NORMAL    RECORD    YEAR
 MAXIMUM TEMPERATURE (F)   72        90      1987
 MINIMUM TEMPERATURE (F)   49        31      1994
                                             1961


SUNRISE AND SUNSET
MAY 27 2016...........SUNRISE   601 AM EDT   SUNSET   904 PM EDT
MAY 28 2016...........SUNRISE   601 AM EDT   SUNSET   904 PM EDT


-  INDICATES NEGATIVE NUMBERS.
R  INDICATES RECORD WAS SET OR TIED.
MM INDICATES DATA IS MISSING.
T  INDICATES TRACE AMOUNT.




$$
