000
CDUS43 KDTX 200537
CLIFNT


CLIMATE REPORT
NATIONAL WEATHER SERVICE DETROIT/PONTIAC MI
137 AM EDT WED MAY 20 2015


...................................

...THE FLINT MI CLIMATE SUMMARY FOR MAY 19 2015...

CLIMATE NORMAL PERIOD 1981 TO 2010
CLIMATE RECORD PERIOD 1921 TO 2015


WEATHER ITEM   OBSERVED TIME   RECORD YEAR NORMAL DEPARTURE LAST
                VALUE   (LST)  VALUE       VALUE  FROM      YEAR
                                                  NORMAL
..................................................................
TEMPERATURE (F)
 YESTERDAY
  MAXIMUM         59   1203 AM  89    1996  70    -11       73
  MINIMUM         41   1159 PM  29    2002  46     -5       48
  AVERAGE         50                        58     -8       61

PRECIPITATION (IN)
  YESTERDAY        0.00          1.19 1949   0.10  -0.10     0.00
  MONTH TO DATE    2.07                      1.87   0.20     4.99
  SINCE MAR 1      4.62                      6.67  -2.05     8.68
  SINCE JAN 1      6.79                      9.78  -2.99    12.69

SNOWFALL (IN)
  YESTERDAY        0.0           T      MM   0.0    0.0      0.0
  MONTH TO DATE    0.0                       0.0    0.0      0.0
  SINCE MAR 1      4.8                       8.8   -4.0     10.7
  SINCE JUL 1     45.3                      47.4   -2.1     83.9
  SNOW DEPTH       0

DEGREE DAYS
 HEATING
  YESTERDAY       15                         8      7        4
  MONTH TO DATE   79                       202   -123      194
  SINCE MAR 1   1560                      1721   -161     1925
  SINCE JUL 1   6868                      6809     59     7446

 COOLING
  YESTERDAY        0                         1     -1        0
  MONTH TO DATE   38                        11     27       17
  SINCE MAR 1     38                        15     23       17
  SINCE JAN 1     38                        15     23       17
..................................................................


WIND (MPH)
  HIGHEST WIND SPEED    24   HIGHEST WIND DIRECTION    NW (300)
  HIGHEST GUST SPEED    30   HIGHEST GUST DIRECTION    NW (300)
  AVERAGE WIND SPEED    13.5


SKY COVER
  POSSIBLE SUNSHINE  MM
  AVERAGE SKY COVER 0.8


WEATHER CONDITIONS
 THE FOLLOWING WEATHER WAS RECORDED YESTERDAY.
  NO SIGNIFICANT WEATHER WAS OBSERVED.


RELATIVE HUMIDITY (PERCENT)
 HIGHEST    71           300 AM
 LOWEST     50           500 PM
 AVERAGE    61

..........................................................


THE FLINT MI CLIMATE NORMALS FOR TODAY
                         NORMAL    RECORD    YEAR
 MAXIMUM TEMPERATURE (F)   70        92      1934
                                             1921
 MINIMUM TEMPERATURE (F)   47        32      1997
                                             1954
                                             1929


SUNRISE AND SUNSET
MAY 20 2015...........SUNRISE   607 AM EDT   SUNSET   856 PM EDT
MAY 21 2015...........SUNRISE   606 AM EDT   SUNSET   857 PM EDT


-  INDICATES NEGATIVE NUMBERS.
R  INDICATES RECORD WAS SET OR TIED.
MM INDICATES DATA IS MISSING.
T  INDICATES TRACE AMOUNT.




$$
