000
CDUS43 KDTX 030543
CLIFNT


CLIMATE REPORT
NATIONAL WEATHER SERVICE DETROIT/PONTIAC MI
1243 AM EST TUE MAR 3 2015


...................................

...THE FLINT MI CLIMATE SUMMARY FOR MARCH 2 2015...

CLIMATE NORMAL PERIOD 1981 TO 2010
CLIMATE RECORD PERIOD 1921 TO 2015


WEATHER ITEM   OBSERVED TIME   RECORD YEAR NORMAL DEPARTURE LAST
                VALUE   (LST)  VALUE       VALUE  FROM      YEAR
                                                  NORMAL
..................................................................
TEMPERATURE (F)
 YESTERDAY
  MAXIMUM         30    431 PM  58    1964  38     -8       16
  MINIMUM         13    852 PM -12    1978  20     -7       -5
  AVERAGE         22                        29     -7        6

PRECIPITATION (IN)
  YESTERDAY        T             0.71 1948   0.05  -0.05     0.09
  MONTH TO DATE    0.01                      0.11  -0.10     0.35
  SINCE MAR 1      0.01                      0.11  -0.10     0.35
  SINCE JAN 1      2.18                      3.22  -1.04     4.36

SNOWFALL (IN)
  YESTERDAY        0.1           7.5  1948   0.3   -0.2      1.0
  MONTH TO DATE    0.5                       0.6   -0.1      4.1
  SINCE MAR 1      0.5                       0.6   -0.1      4.1
  SINCE JUL 1     41.0                      39.2    1.8     77.3
  SNOW DEPTH       8

DEGREE DAYS
 HEATING
  YESTERDAY       43                        36      7       59
  MONTH TO DATE   92                        72     20      105
  SINCE MAR 1     92                        72     20      105
  SINCE JUL 1   5400                      5160    240     5626

 COOLING
  YESTERDAY        0                         0      0        0
  MONTH TO DATE    0                         0      0        0
  SINCE MAR 1      0                         0      0        0
  SINCE JAN 1      0                         0      0        0
..................................................................


WIND (MPH)
  HIGHEST WIND SPEED    22   HIGHEST WIND DIRECTION     W (280)
  HIGHEST GUST SPEED    31   HIGHEST GUST DIRECTION     W (280)
  AVERAGE WIND SPEED    10.5


SKY COVER
  POSSIBLE SUNSHINE  MM
  AVERAGE SKY COVER 0.2


WEATHER CONDITIONS
 THE FOLLOWING WEATHER WAS RECORDED YESTERDAY.
  LIGHT SNOW
  HAZE


RELATIVE HUMIDITY (PERCENT)
 HIGHEST    74          1200 AM
 LOWEST     46           200 PM
 AVERAGE    60

..........................................................


THE FLINT MI CLIMATE NORMALS FOR TODAY
                         NORMAL    RECORD    YEAR
 MAXIMUM TEMPERATURE (F)   38        68      1974
 MINIMUM TEMPERATURE (F)   20       -16      2014


SUNRISE AND SUNSET
MARCH  3 2015.........SUNRISE   708 AM EST   SUNSET   626 PM EST
MARCH  4 2015.........SUNRISE   706 AM EST   SUNSET   628 PM EST


-  INDICATES NEGATIVE NUMBERS.
R  INDICATES RECORD WAS SET OR TIED.
MM INDICATES DATA IS MISSING.
T  INDICATES TRACE AMOUNT.




$$
