000
CDUS43 KDTX 130538
CLIFNT


CLIMATE REPORT
NATIONAL WEATHER SERVICE DETROIT/PONTIAC MI
1238 AM EST SAT JAN 13 2018


...................................

...THE FLINT MI CLIMATE SUMMARY FOR JANUARY 12 2018...

CLIMATE NORMAL PERIOD 1981 TO 2010
CLIMATE RECORD PERIOD 1921 TO 2018


WEATHER ITEM   OBSERVED TIME   RECORD YEAR NORMAL DEPARTURE LAST
                VALUE   (LST)  VALUE       VALUE  FROM      YEAR
                                                  NORMAL
..................................................................
TEMPERATURE (F)
 YESTERDAY
  MAXIMUM         54   1241 AM  60    2013  29     25       37
  MINIMUM         11   1159 PM -11    1926  15     -4       24
  AVERAGE         33                        22     11       31

PRECIPITATION (IN)
  YESTERDAY        0.37          0.72 1960   0.05   0.32     0.13
  MONTH TO DATE    0.66                      0.69  -0.03     1.92
  SINCE DEC 1      2.04                      2.61  -0.57     3.51
  SINCE JAN 1      0.66                      0.69  -0.03     1.92

SNOWFALL (IN)
  YESTERDAY        4.3           4.4  1999   0.4    3.9      0.3
  MONTH TO DATE    7.0                       5.1    1.9      5.6
  SINCE DEC 1     30.3                      16.9   13.4     25.8
  SINCE JUL 1     30.7                      19.8   10.9     25.8
  SNOW DEPTH       4

DEGREE DAYS
 HEATING
  YESTERDAY       32                        43    -11       34
  MONTH TO DATE  563                       505     58      478
  SINCE DEC 1   1871                      1669    202     1626
  SINCE JUL 1   3169                      3150     19     2667

 COOLING
  YESTERDAY        0                         0      0        0
  MONTH TO DATE    0                         0      0        0
  SINCE DEC 1      0                         0      0        0
  SINCE JAN 1      0                         0      0        0
..................................................................


WIND (MPH)
  HIGHEST WIND SPEED    26   HIGHEST WIND DIRECTION     N (360)
  HIGHEST GUST SPEED    35   HIGHEST GUST DIRECTION     N (360)
  AVERAGE WIND SPEED    17.2


SKY COVER
  POSSIBLE SUNSHINE  MM
  AVERAGE SKY COVER 0.6


WEATHER CONDITIONS
 THE FOLLOWING WEATHER WAS RECORDED YESTERDAY.
  LIGHT RAIN
  FREEZING RAIN
  LT FREEZING RAIN
  HEAVY SNOW
  SNOW
  LIGHT SNOW
  FOG
  FOG W/VISIBILITY <= 1/4 MILE


RELATIVE HUMIDITY (PERCENT)
 HIGHEST   100          1000 AM
 LOWEST     58           800 PM
 AVERAGE    79

..........................................................


THE FLINT MI CLIMATE NORMALS FOR TODAY
                         NORMAL    RECORD    YEAR
 MAXIMUM TEMPERATURE (F)   29        60      1950
 MINIMUM TEMPERATURE (F)   15        -9      2015


SUNRISE AND SUNSET
JANUARY 13 2018.......SUNRISE   804 AM EST   SUNSET   524 PM EST
JANUARY 14 2018.......SUNRISE   804 AM EST   SUNSET   525 PM EST


-  INDICATES NEGATIVE NUMBERS.
R  INDICATES RECORD WAS SET OR TIED.
MM INDICATES DATA IS MISSING.
T  INDICATES TRACE AMOUNT.




$$
