000
CDUS43 KDTX 150536
CLIFNT


CLIMATE REPORT
NATIONAL WEATHER SERVICE DETROIT/PONTIAC MI
1236 AM EST MON JAN 15 2018


...................................

...THE FLINT MI CLIMATE SUMMARY FOR JANUARY 14 2018...

CLIMATE NORMAL PERIOD 1981 TO 2010
CLIMATE RECORD PERIOD 1921 TO 2018


WEATHER ITEM   OBSERVED TIME   RECORD YEAR NORMAL DEPARTURE LAST
                VALUE   (LST)  VALUE       VALUE  FROM      YEAR
                                                  NORMAL
..................................................................
TEMPERATURE (F)
 YESTERDAY
  MAXIMUM         17    515 PM  56    1995  29    -12       30
  MINIMUM         -7    655 AM -19    2015  15    -22       18
                                      2009
  AVERAGE          5                        22    -17       24

PRECIPITATION (IN)
  YESTERDAY        T             0.64 2004   0.05  -0.05     0.00
  MONTH TO DATE    0.66                      0.80  -0.14     1.92
  SINCE DEC 1      2.04                      2.72  -0.68     3.51
  SINCE JAN 1      0.66                      0.80  -0.14     1.92

SNOWFALL (IN)
  YESTERDAY        T             9.8  2004   0.5   -0.5      0.0
  MONTH TO DATE    7.0                       6.0    1.0      5.6
  SINCE DEC 1     30.3                      17.8   12.5     25.8
  SINCE JUL 1     30.7                      20.7   10.0     25.8
  SNOW DEPTH       4

DEGREE DAYS
 HEATING
  YESTERDAY       60                        43     17       41
  MONTH TO DATE  682                       591     91      563
  SINCE DEC 1   1990                      1755    235     1711
  SINCE JUL 1   3288                      3236     52     2752

 COOLING
  YESTERDAY        0                         0      0        0
  MONTH TO DATE    0                         0      0        0
  SINCE DEC 1      0                         0      0        0
  SINCE JAN 1      0                         0      0        0
..................................................................


WIND (MPH)
  HIGHEST WIND SPEED    17   HIGHEST WIND DIRECTION     S (170)
  HIGHEST GUST SPEED    23   HIGHEST GUST DIRECTION    SE (150)
  AVERAGE WIND SPEED     6.2


SKY COVER
  POSSIBLE SUNSHINE  MM
  AVERAGE SKY COVER 0.4


WEATHER CONDITIONS
 THE FOLLOWING WEATHER WAS RECORDED YESTERDAY.
  NO SIGNIFICANT WEATHER WAS OBSERVED.


RELATIVE HUMIDITY (PERCENT)
 HIGHEST    96          1000 AM
 LOWEST     53           100 PM
 AVERAGE    75

..........................................................


THE FLINT MI CLIMATE NORMALS FOR TODAY
                         NORMAL    RECORD    YEAR
 MAXIMUM TEMPERATURE (F)   29        57      1953
 MINIMUM TEMPERATURE (F)   15       -18      1984


SUNRISE AND SUNSET
JANUARY 15 2018.......SUNRISE   803 AM EST   SUNSET   526 PM EST
JANUARY 16 2018.......SUNRISE   803 AM EST   SUNSET   527 PM EST


-  INDICATES NEGATIVE NUMBERS.
R  INDICATES RECORD WAS SET OR TIED.
MM INDICATES DATA IS MISSING.
T  INDICATES TRACE AMOUNT.




$$
