255
CDUS43 KDTX 231359 CCA
CLIFNT

CLIMATE REPORT...CORRECTED PRECIPITATION (2)
NATIONAL WEATHER SERVICE DETROIT/PONTIAC MI
142 AM EDT FRI JUN 23 2017


...................................

...THE FLINT MI CLIMATE SUMMARY FOR JUNE 22 2017...

CLIMATE NORMAL PERIOD 1981 TO 2010
CLIMATE RECORD PERIOD 1921 TO 2017


WEATHER ITEM   OBSERVED TIME   RECORD YEAR NORMAL DEPARTURE LAST
                VALUE   (LST)  VALUE       VALUE  FROM      YEAR
                                                  NORMAL
..................................................................
TEMPERATURE (F)
 YESTERDAY
  MAXIMUM         91    152 PM  96    1923  80     11       85
  MINIMUM         56    129 AM  37    1963  57     -1       55
  AVERAGE         74                        68      6       70

PRECIPITATION (IN)
  YESTERDAY        0.30          1.88 1948   0.10   0.20     0.00
  MONTH TO DATE    2.14                      2.28  -0.06     0.66
  SINCE JUN 1      2.14                      2.28  -0.06     0.66
  SINCE JAN 1     18.57                     13.27   5.30    12.89

SNOWFALL (IN)
  YESTERDAY        0.0           0.0    MM   0.0    0.0      0.0
  MONTH TO DATE    0.0                       0.0    0.0      0.0
  SINCE JUN 1      0.0                       0.0    0.0      0.0
  SINCE JUL 1     39.4                      47.4   -8.0     69.0
  SNOW DEPTH       0

DEGREE DAYS
 HEATING
  YESTERDAY        0                         1     -1        0
  MONTH TO DATE   27                        58    -31       22
  SINCE JUN 1     27                        58    -31       22
  SINCE JUL 1   5815                      6945  -1130     5378

 COOLING
  YESTERDAY        9                         5      4        5
  MONTH TO DATE  117                        69     48      128
  SINCE JUN 1    117                        69     48      128
  SINCE JAN 1    142                       101     41      207
..................................................................


WIND (MPH)
  HIGHEST WIND SPEED    20   HIGHEST WIND DIRECTION    SW (210)
  HIGHEST GUST SPEED    27   HIGHEST GUST DIRECTION    SW (210)
  AVERAGE WIND SPEED    10.0


SKY COVER
  POSSIBLE SUNSHINE  MM
  AVERAGE SKY COVER 0.3


WEATHER CONDITIONS
 THE FOLLOWING WEATHER WAS RECORDED YESTERDAY.
  THUNDERSTORM
  FOG
  HAZE


RELATIVE HUMIDITY (PERCENT)
 HIGHEST    93           100 AM
 LOWEST     40           400 PM
 AVERAGE    67

..........................................................


THE FLINT MI CLIMATE NORMALS FOR TODAY
                         NORMAL    RECORD    YEAR
 MAXIMUM TEMPERATURE (F)   80        98      1923
 MINIMUM TEMPERATURE (F)   57        44      1963


SUNRISE AND SUNSET
JUNE 23 2017..........SUNRISE   557 AM EDT   SUNSET   918 PM EDT
JUNE 24 2017..........SUNRISE   557 AM EDT   SUNSET   918 PM EDT


-  INDICATES NEGATIVE NUMBERS.
R  INDICATES RECORD WAS SET OR TIED.
MM INDICATES DATA IS MISSING.
T  INDICATES TRACE AMOUNT.




$$
