000
CDUS43 KDTX 010556
CLIFNT


CLIMATE REPORT
NATIONAL WEATHER SERVICE DETROIT/PONTIAC MI
1236 AM EST SUN MAR 1 2015


...................................

...THE FLINT MI CLIMATE SUMMARY FOR FEBRUARY 28 2015...

CLIMATE NORMAL PERIOD 1981 TO 2010
CLIMATE RECORD PERIOD 1921 TO 2015


WEATHER ITEM   OBSERVED TIME   RECORD YEAR NORMAL DEPARTURE LAST
                VALUE   (LST)  VALUE       VALUE  FROM      YEAR
                                                  NORMAL
..................................................................
TEMPERATURE (F)
 YESTERDAY
  MAXIMUM         26    430 PM  56    1998  37    -11       18
  MINIMUM         -4    714 AM -16    2014  20    -24      -16
  AVERAGE         11                        28    -17        1

PRECIPITATION (IN)
  YESTERDAY        0.00          0.57 1954   0.06  -0.06     0.00
  MONTH TO DATE    0.87                      1.48  -0.61     1.48
  SINCE DEC 1      3.81                      5.03  -1.22     5.86
  SINCE JAN 1      2.17                      3.11  -0.94     4.01

SNOWFALL (IN)
  YESTERDAY        0.0           3.1  2005   0.3   -0.3      0.0
  MONTH TO DATE   17.4                      10.8    6.6     21.8
  SINCE DEC 1     31.1                      35.7   -4.6     71.6
  SINCE JUL 1     40.5                      38.6    1.9     73.2
  SNOW DEPTH       8

DEGREE DAYS
 HEATING
  YESTERDAY       54                        37     17       64
  MONTH TO DATE 1496                      1123    373     1368
  SINCE DEC 1   3844                      3607    237     4122
  SINCE JUL 1   5308                      5088    220     5521

 COOLING
  YESTERDAY        0                         0      0        0
  MONTH TO DATE    0                         0      0        0
  SINCE DEC 1      0                         0      0        0
  SINCE JAN 1      0                         0      0        0
..................................................................


WIND (MPH)
  HIGHEST WIND SPEED    13   HIGHEST WIND DIRECTION     W (250)
  HIGHEST GUST SPEED    17   HIGHEST GUST DIRECTION     S (200)
  AVERAGE WIND SPEED     6.4


SKY COVER
  POSSIBLE SUNSHINE  MM
  AVERAGE SKY COVER 0.0


WEATHER CONDITIONS
 THE FOLLOWING WEATHER WAS RECORDED YESTERDAY.
  NO SIGNIFICANT WEATHER WAS OBSERVED.


RELATIVE HUMIDITY (PERCENT)
 HIGHEST    72           800 AM
 LOWEST     39           500 PM
 AVERAGE    56

..........................................................


THE FLINT MI CLIMATE NORMALS FOR TODAY
                         NORMAL    RECORD    YEAR
 MAXIMUM TEMPERATURE (F)   37        60      1992
 MINIMUM TEMPERATURE (F)   20       -11      1967


SUNRISE AND SUNSET
MARCH  1 2015.........SUNRISE   711 AM EST   SUNSET   624 PM EST
MARCH  2 2015.........SUNRISE   710 AM EST   SUNSET   625 PM EST


-  INDICATES NEGATIVE NUMBERS.
R  INDICATES RECORD WAS SET OR TIED.
MM INDICATES DATA IS MISSING.
T  INDICATES TRACE AMOUNT.




$$
