000
CDUS43 KDTX 150535
CLIFNT


CLIMATE REPORT
NATIONAL WEATHER SERVICE DETROIT/PONTIAC MI
135 AM EDT FRI SEP 15 2017


...................................

...THE FLINT MI CLIMATE SUMMARY FOR SEPTEMBER 14 2017...

CLIMATE NORMAL PERIOD 1981 TO 2010
CLIMATE RECORD PERIOD 1921 TO 2017


WEATHER ITEM   OBSERVED TIME   RECORD YEAR NORMAL DEPARTURE LAST
                VALUE   (LST)  VALUE       VALUE  FROM      YEAR
                                                  NORMAL
..................................................................
TEMPERATURE (F)
 YESTERDAY
  MAXIMUM         80    454 PM  98    1939  73      7       73
  MINIMUM         50    556 AM  33    1963  51     -1       54
  AVERAGE         65                        62      3       64

PRECIPITATION (IN)
  YESTERDAY        0.00          2.63 2008   0.13  -0.13     0.01
  MONTH TO DATE    0.52                      1.71  -1.19     0.91
  SINCE SEP 1      0.52                      1.71  -1.19     0.91
  SINCE JAN 1     26.21                     22.27   3.94    20.46

SNOWFALL (IN)
  YESTERDAY        0.0           0.0    MM   0.0    0.0      0.0
  MONTH TO DATE    0.0                       0.0    0.0      0.0
  SINCE SEP 1      0.0                       0.0    0.0      0.0
  SINCE JUL 1      0.0                       0.0    0.0      0.0
  SNOW DEPTH       0

DEGREE DAYS
 HEATING
  YESTERDAY        0                         5     -5        1
  MONTH TO DATE   93                        44     49       16
  SINCE SEP 1     93                        44     49       16
  SINCE JUL 1    125                        88     37       16

 COOLING
  YESTERDAY        0                         2     -2        0
  MONTH TO DATE    5                        33    -28       56
  SINCE SEP 1      5                        33    -28       56
  SINCE JAN 1    462                       510    -48      995
..................................................................


WIND (MPH)
  HIGHEST WIND SPEED    10   HIGHEST WIND DIRECTION    NW (320)
  HIGHEST GUST SPEED    13   HIGHEST GUST DIRECTION    NW (310)
  AVERAGE WIND SPEED     3.9


SKY COVER
  POSSIBLE SUNSHINE  MM
  AVERAGE SKY COVER 0.6


WEATHER CONDITIONS
 THE FOLLOWING WEATHER WAS RECORDED YESTERDAY.
  FOG
  FOG W/VISIBILITY <= 1/4 MILE


RELATIVE HUMIDITY (PERCENT)
 HIGHEST   100           200 AM
 LOWEST     49           400 PM
 AVERAGE    75

..........................................................


THE FLINT MI CLIMATE NORMALS FOR TODAY
                         NORMAL    RECORD    YEAR
 MAXIMUM TEMPERATURE (F)   73       100      1939
 MINIMUM TEMPERATURE (F)   50        38      2011
                                             2010
                                             2007


SUNRISE AND SUNSET
SEPTEMBER 15 2017.....SUNRISE   715 AM EDT   SUNSET   744 PM EDT
SEPTEMBER 16 2017.....SUNRISE   716 AM EDT   SUNSET   743 PM EDT


-  INDICATES NEGATIVE NUMBERS.
R  INDICATES RECORD WAS SET OR TIED.
MM INDICATES DATA IS MISSING.
T  INDICATES TRACE AMOUNT.




$$
