000
CDUS43 KDTX 210537
CLIFNT


CLIMATE REPORT
NATIONAL WEATHER SERVICE DETROIT/PONTIAC MI
136 AM EDT TUE OCT 21 2014


...................................

...THE FLINT MI CLIMATE SUMMARY FOR OCTOBER 20 2014...

CLIMATE NORMAL PERIOD 1981 TO 2010
CLIMATE RECORD PERIOD 1921 TO 2014


WEATHER ITEM   OBSERVED TIME   RECORD YEAR NORMAL DEPARTURE LAST
                VALUE   (LST)  VALUE       VALUE  FROM      YEAR
                                                  NORMAL
..................................................................
TEMPERATURE (F)
 YESTERDAY
  MAXIMUM         58    433 PM  81    1953  58      0       57
  MINIMUM         49    748 AM  21    1974  38     11       41
                                      1952
  AVERAGE         54                        48      6       49

PRECIPITATION (IN)
  YESTERDAY        0.13          0.71 1962   0.07   0.06      T
  MONTH TO DATE    1.36                      1.65  -0.29     1.47
  SINCE SEP 1      4.61                      5.40  -0.79     2.08
  SINCE JAN 1     31.60                     25.96   5.64    27.67

SNOWFALL (IN)
  YESTERDAY        0.0           1.8  1992   0.0    0.0      0.0
  MONTH TO DATE    0.0                       0.2   -0.2      0.0
  SINCE SEP 1      0.0                       0.2   -0.2      0.0
  SINCE JUL 1      0.0                       0.2   -0.2      0.0
  SNOW DEPTH       0

DEGREE DAYS
 HEATING
  YESTERDAY       11                        17     -6       16
  MONTH TO DATE  233                       279    -46      163
  SINCE SEP 1    372                       445    -73      315
  SINCE JUL 1    396                       489    -93      337

 COOLING
  YESTERDAY        0                         0      0        0
  MONTH TO DATE    1                         2     -1       15
  SINCE SEP 1     65                        51     14       88
  SINCE JAN 1    597                       528     69      758
..................................................................


WIND (MPH)
  HIGHEST WIND SPEED    17   HIGHEST WIND DIRECTION     N (350)
  HIGHEST GUST SPEED    22   HIGHEST GUST DIRECTION     N (340)
  AVERAGE WIND SPEED     8.3


SKY COVER
  POSSIBLE SUNSHINE  MM
  AVERAGE SKY COVER 1.0


WEATHER CONDITIONS
 THE FOLLOWING WEATHER WAS RECORDED YESTERDAY.
  RAIN
  LIGHT RAIN
  FOG
  HAZE


RELATIVE HUMIDITY (PERCENT)
 HIGHEST    93           700 PM
 LOWEST     61          1200 AM
 AVERAGE    77

..........................................................


THE FLINT MI CLIMATE NORMALS FOR TODAY
                         NORMAL    RECORD    YEAR
 MAXIMUM TEMPERATURE (F)   58        83      1953
 MINIMUM TEMPERATURE (F)   38        19      1974


SUNRISE AND SUNSET
OCTOBER 21 2014.......SUNRISE   756 AM EDT   SUNSET   643 PM EDT
OCTOBER 22 2014.......SUNRISE   757 AM EDT   SUNSET   641 PM EDT


-  INDICATES NEGATIVE NUMBERS.
R  INDICATES RECORD WAS SET OR TIED.
MM INDICATES DATA IS MISSING.
T  INDICATES TRACE AMOUNT.




$$
