729
CDUS43 KDTX 200548
CLIFNT


CLIMATE REPORT
NATIONAL WEATHER SERVICE DETROIT/PONTIAC MI
148 AM EDT MON MAR 20 2017


...................................

...THE FLINT MI CLIMATE SUMMARY FOR MARCH 19 2017...

CLIMATE NORMAL PERIOD 1981 TO 2010
CLIMATE RECORD PERIOD 1921 TO 2017


WEATHER ITEM   OBSERVED TIME   RECORD YEAR NORMAL DEPARTURE LAST
                VALUE   (LST)  VALUE       VALUE  FROM      YEAR
                                                  NORMAL
..................................................................
TEMPERATURE (F)
 YESTERDAY
  MAXIMUM         48    507 PM  80    2012  45      3       41
  MINIMUM         29    712 AM  -1    1923  26      3       24
  AVERAGE         39                        35      4       33

PRECIPITATION (IN)
  YESTERDAY        0.00          2.33 1948   0.06  -0.06     0.00
  MONTH TO DATE    0.72                      1.07  -0.35     1.56
  SINCE MAR 1      0.72                      1.07  -0.35     1.56
  SINCE JAN 1      6.27                      4.18   2.09     5.41

SNOWFALL (IN)
  YESTERDAY        0.0           1.7  1957   0.2   -0.2      0.0
  MONTH TO DATE    5.4                       4.7    0.7     11.2
  SINCE MAR 1      5.4                       4.7    0.7     11.2
  SINCE JUL 1     37.9                      43.3   -5.4     61.8
  SNOW DEPTH       T

DEGREE DAYS
 HEATING
  YESTERDAY       26                        30     -4       32
  MONTH TO DATE  668                       631     37      452
  SINCE MAR 1    668                       631     37      452
  SINCE JUL 1   4817                      5719   -902     4322

 COOLING
  YESTERDAY        0                         0      0        0
  MONTH TO DATE    0                         0      0        1
  SINCE MAR 1      0                         0      0        1
  SINCE JAN 1      0                         0      0        1
..................................................................


WIND (MPH)
  HIGHEST WIND SPEED    13   HIGHEST WIND DIRECTION     S (200)
  HIGHEST GUST SPEED    16   HIGHEST GUST DIRECTION     S (190)
  AVERAGE WIND SPEED     5.2


SKY COVER
  POSSIBLE SUNSHINE  MM
  AVERAGE SKY COVER 0.3


WEATHER CONDITIONS
 THE FOLLOWING WEATHER WAS RECORDED YESTERDAY.
  FOG


RELATIVE HUMIDITY (PERCENT)
 HIGHEST   100          1200 AM
 LOWEST     45           200 PM
 AVERAGE    73

..........................................................


THE FLINT MI CLIMATE NORMALS FOR TODAY
                         NORMAL    RECORD    YEAR
 MAXIMUM TEMPERATURE (F)   45        84      2012
 MINIMUM TEMPERATURE (F)   26         2      1923


SUNRISE AND SUNSET
MARCH 20 2017.........SUNRISE   738 AM EDT   SUNSET   748 PM EDT
MARCH 21 2017.........SUNRISE   736 AM EDT   SUNSET   749 PM EDT


-  INDICATES NEGATIVE NUMBERS.
R  INDICATES RECORD WAS SET OR TIED.
MM INDICATES DATA IS MISSING.
T  INDICATES TRACE AMOUNT.




$$
