000
CDUS43 KDTX 172028
CLIFNT


CLIMATE REPORT
NATIONAL WEATHER SERVICE DETROIT/PONTIAC MI
427 PM EDT THU JUL 17 2014


...................................

...THE FLINT MI CLIMATE SUMMARY FOR JULY 17 2014...
VALID TODAY AS OF 0400 PM LOCAL TIME.

CLIMATE NORMAL PERIOD 1981 TO 2010
CLIMATE RECORD PERIOD 1921 TO 2014


WEATHER ITEM   OBSERVED TIME   RECORD YEAR NORMAL DEPARTURE LAST
                VALUE   (LST)  VALUE       VALUE  FROM      YEAR
                                                  NORMAL
..................................................................
TEMPERATURE (F)
 TODAY
  MAXIMUM         78    247 PM 101    2012  82     -4       95
                                      1931
  MINIMUM         49    507 AM  45    1978  59    -10       72
  AVERAGE         64                        71     -7       84

PRECIPITATION (IN)
  TODAY            0.00          1.34 1950   0.11  -0.11     0.02
  MONTH TO DATE    4.68                      1.71   2.97     0.33
  SINCE JUN 1      7.14                      4.78   2.36     4.84
  SINCE JAN 1     22.09                     15.77   6.32    21.60

SNOWFALL (IN)
  TODAY            0.0           0.0    MM   0.0    0.0      0.0
  MONTH TO DATE    0.0                       0.0    0.0      0.0
  SINCE JUN 1      0.0                       0.0    0.0      0.0
  SINCE JUL 1      0.0                       0.0    0.0      0.0
  SNOW DEPTH       0

DEGREE DAYS
 HEATING
  TODAY            1                         0      1        0
  MONTH TO DATE    8                        10     -2        0
  SINCE JUN 1     30                        76    -46       41
  SINCE JUL 1      8                        10     -2        0

 COOLING
  TODAY            0                         6     -6       19
  MONTH TO DATE   78                       102    -24      177
  SINCE JUN 1    230                       214     16      336
  SINCE JAN 1    278                       246     32      415
..................................................................


WIND (MPH)
  HIGHEST WIND SPEED    17   HIGHEST WIND DIRECTION     W (270)
  HIGHEST GUST SPEED    22   HIGHEST GUST DIRECTION     W (260)
  AVERAGE WIND SPEED     5.6


SKY COVER
  POSSIBLE SUNSHINE  MM
  AVERAGE SKY COVER 0.2


WEATHER CONDITIONS
 THE FOLLOWING WEATHER WAS RECORDED TODAY.
  FOG


RELATIVE HUMIDITY (PERCENT)
 HIGHEST    89           200 AM
 LOWEST     39           300 PM
 AVERAGE    64

..........................................................


THE FLINT MI CLIMATE NORMALS FOR TOMORROW
                         NORMAL    RECORD    YEAR
 MAXIMUM TEMPERATURE (F)   82       100      1930
 MINIMUM TEMPERATURE (F)   59        45      1924


SUNRISE AND SUNSET
JULY 17 2014..........SUNRISE   611 AM EDT   SUNSET   910 PM EDT
JULY 18 2014..........SUNRISE   612 AM EDT   SUNSET   910 PM EDT


-  INDICATES NEGATIVE NUMBERS.
R  INDICATES RECORD WAS SET OR TIED.
MM INDICATES DATA IS MISSING.
T  INDICATES TRACE AMOUNT.




$$
