000
CDUS43 KDTX 040536
CLIFNT


CLIMATE REPORT
NATIONAL WEATHER SERVICE DETROIT/PONTIAC MI
1236 AM EST THU FEB 4 2016


...................................

...THE FLINT MI CLIMATE SUMMARY FOR FEBRUARY 3 2016...

CLIMATE NORMAL PERIOD 1981 TO 2010
CLIMATE RECORD PERIOD 1921 TO 2016


WEATHER ITEM   OBSERVED TIME   RECORD YEAR NORMAL DEPARTURE LAST
                VALUE   (LST)  VALUE       VALUE  FROM      YEAR
                                                  NORMAL
..................................................................
TEMPERATURE (F)
 YESTERDAY
  MAXIMUM         55R   544 AM  53    1991  30     25       25
  MINIMUM         36   1159 PM -11    1996  15     21        7
  AVERAGE         46                        23     23       16

PRECIPITATION (IN)
  YESTERDAY        0.06          0.41 2003   0.05   0.01     0.07
  MONTH TO DATE    0.36                      0.14   0.22     0.60
  SINCE DEC 1      3.90                      3.69   0.21     3.54
  SINCE JAN 1      2.00                      1.77   0.23     1.90

SNOWFALL (IN)
  YESTERDAY        0.0           3.8  1949   0.4   -0.4      1.0
  MONTH TO DATE    0.0                       1.2   -1.2     10.2
  SINCE DEC 1     17.1                      26.1   -9.0     23.9
  SINCE JUL 1     27.9                      29.0   -1.1     33.3
  SNOW DEPTH       0

DEGREE DAYS
 HEATING
  YESTERDAY       19                        42    -23       49
  MONTH TO DATE   79                       126    -47      145
  SINCE DEC 1   1955                      2609   -654     2493
  SINCE JUL 1   2936                      4090  -1154     3957

 COOLING
  YESTERDAY        0                         0      0        0
  MONTH TO DATE    0                         0      0        0
  SINCE DEC 1      0                         0      0        0
  SINCE JAN 1      0                         0      0        0
..................................................................


WIND (MPH)
  HIGHEST WIND SPEED    30   HIGHEST WIND DIRECTION    SW (240)
  HIGHEST GUST SPEED    38   HIGHEST GUST DIRECTION    SW (230)
  AVERAGE WIND SPEED    13.0


SKY COVER
  POSSIBLE SUNSHINE  MM
  AVERAGE SKY COVER 0.9


WEATHER CONDITIONS
 THE FOLLOWING WEATHER WAS RECORDED YESTERDAY.
  LIGHT RAIN
  LIGHT SNOW
  FOG
  FOG W/VISIBILITY <= 1/4 MILE
  HAZE


RELATIVE HUMIDITY (PERCENT)
 HIGHEST    89           600 AM
 LOWEST     53           200 PM
 AVERAGE    71

..........................................................


THE FLINT MI CLIMATE NORMALS FOR TODAY
                         NORMAL    RECORD    YEAR
 MAXIMUM TEMPERATURE (F)   30        55      1991
 MINIMUM TEMPERATURE (F)   15       -16      1978


SUNRISE AND SUNSET
FEBRUARY  4 2016......SUNRISE   747 AM EST   SUNSET   551 PM EST
FEBRUARY  5 2016......SUNRISE   746 AM EST   SUNSET   552 PM EST


-  INDICATES NEGATIVE NUMBERS.
R  INDICATES RECORD WAS SET OR TIED.
MM INDICATES DATA IS MISSING.
T  INDICATES TRACE AMOUNT.




$$
