000
CDUS43 KDTX 080540
CLIFNT


CLIMATE REPORT
NATIONAL WEATHER SERVICE DETROIT/PONTIAC MI
1240 AM EST WED NOV 8 2017


...................................

...THE FLINT MI CLIMATE SUMMARY FOR NOVEMBER 7 2017...

CLIMATE NORMAL PERIOD 1981 TO 2010
CLIMATE RECORD PERIOD 1921 TO 2017


WEATHER ITEM   OBSERVED TIME   RECORD YEAR NORMAL DEPARTURE LAST
                VALUE   (LST)  VALUE       VALUE  FROM      YEAR
                                                  NORMAL
..................................................................
TEMPERATURE (F)
 YESTERDAY
  MAXIMUM         47    216 PM  76    1924  51     -4       66
  MINIMUM         25   1100 PM  16    1930  34     -9       34
  AVERAGE         36                        42     -6       50

PRECIPITATION (IN)
  YESTERDAY        0.00          1.29 1996   0.09  -0.09     0.00
  MONTH TO DATE    1.30                      0.64   0.66     0.61
  SINCE SEP 1      6.83                      6.86  -0.03     8.20
  SINCE JAN 1     32.52                     27.42   5.10    27.75

SNOWFALL (IN)
  YESTERDAY        0.0           2.9  1951   0.1   -0.1      0.0
  MONTH TO DATE    0.0                       0.2   -0.2      0.0
  SINCE SEP 1      0.1                       0.6   -0.5       T
  SINCE JUL 1      0.1                       0.6   -0.5       T
  SNOW DEPTH       0

DEGREE DAYS
 HEATING
  YESTERDAY       29                        23      6       15
  MONTH TO DATE  159                       152      7       81
  SINCE SEP 1    610                       804   -194      520
  SINCE JUL 1    642                       848   -206      520

 COOLING
  YESTERDAY        0                         0      0        0
  MONTH TO DATE    0                         0      0        0
  SINCE SEP 1    110                        54     56       83
  SINCE JAN 1    567                       531     36     1022
..................................................................


WIND (MPH)
  HIGHEST WIND SPEED    12   HIGHEST WIND DIRECTION     N (350)
  HIGHEST GUST SPEED    14   HIGHEST GUST DIRECTION     N (360)
  AVERAGE WIND SPEED     2.6


SKY COVER
  POSSIBLE SUNSHINE  MM
  AVERAGE SKY COVER 0.3


WEATHER CONDITIONS
 THE FOLLOWING WEATHER WAS RECORDED YESTERDAY.
  NO SIGNIFICANT WEATHER WAS OBSERVED.


RELATIVE HUMIDITY (PERCENT)
 HIGHEST   100          1100 PM
 LOWEST     45           200 PM
 AVERAGE    73

..........................................................


THE FLINT MI CLIMATE NORMALS FOR TODAY
                         NORMAL    RECORD    YEAR
 MAXIMUM TEMPERATURE (F)   50        69      1938
                                             1931
 MINIMUM TEMPERATURE (F)   34        12      1991


SUNRISE AND SUNSET
NOVEMBER  8 2017......SUNRISE   719 AM EST   SUNSET   518 PM EST
NOVEMBER  9 2017......SUNRISE   720 AM EST   SUNSET   517 PM EST


-  INDICATES NEGATIVE NUMBERS.
R  INDICATES RECORD WAS SET OR TIED.
MM INDICATES DATA IS MISSING.
T  INDICATES TRACE AMOUNT.




$$
