000
CDUS43 KDTX 250535
CLIFNT


CLIMATE REPORT
NATIONAL WEATHER SERVICE DETROIT/PONTIAC MI
135 AM EDT THU SEP 25 2014


...................................

...THE FLINT MI CLIMATE SUMMARY FOR SEPTEMBER 24 2014...

CLIMATE NORMAL PERIOD 1981 TO 2010
CLIMATE RECORD PERIOD 1921 TO 2014


WEATHER ITEM   OBSERVED TIME   RECORD YEAR NORMAL DEPARTURE LAST
                VALUE   (LST)  VALUE       VALUE  FROM      YEAR
                                                  NORMAL
..................................................................
TEMPERATURE (F)
 YESTERDAY
  MAXIMUM         76    304 PM  89    2007  69      7       70
  MINIMUM         47    550 AM  31    1989  47      0       35
  AVERAGE         62                        58      4       53

PRECIPITATION (IN)
  YESTERDAY        0.00          1.10 2003   0.13  -0.13     0.00
  MONTH TO DATE    3.17                      3.05   0.12     0.43
  SINCE SEP 1      3.17                      3.05   0.12     0.43
  SINCE JAN 1     30.16                     23.61   6.55    26.02

SNOWFALL (IN)
  YESTERDAY        0.0           0.0    MM   0.0    0.0      0.0
  MONTH TO DATE    0.0                       0.0    0.0      0.0
  SINCE SEP 1      0.0                       0.0    0.0      0.0
  SINCE JUL 1      0.0                       0.0    0.0      0.0
  SNOW DEPTH       0

DEGREE DAYS
 HEATING
  YESTERDAY        3                         8     -5       12
  MONTH TO DATE  122                       109     13      124
  SINCE SEP 1    122                       109     13      124
  SINCE JUL 1    146                       153     -7      146

 COOLING
  YESTERDAY        0                         1     -1        0
  MONTH TO DATE   64                        43     21       73
  SINCE SEP 1     64                        43     21       73
  SINCE JAN 1    596                       520     76      743
..................................................................


WIND (MPH)
  HIGHEST WIND SPEED    13   HIGHEST WIND DIRECTION    SE (120)
  HIGHEST GUST SPEED    17   HIGHEST GUST DIRECTION    SE (150)
  AVERAGE WIND SPEED     4.7


SKY COVER
  POSSIBLE SUNSHINE  MM
  AVERAGE SKY COVER 0.0


WEATHER CONDITIONS
 THE FOLLOWING WEATHER WAS RECORDED YESTERDAY.
  FOG


RELATIVE HUMIDITY (PERCENT)
 HIGHEST    93           500 AM
 LOWEST     46           300 PM
 AVERAGE    70

..........................................................


THE FLINT MI CLIMATE NORMALS FOR TODAY
                         NORMAL    RECORD    YEAR
 MAXIMUM TEMPERATURE (F)   69        86      1935
                                             1933
 MINIMUM TEMPERATURE (F)   46        30      1947
                                             1942


SUNRISE AND SUNSET
SEPTEMBER 25 2014.....SUNRISE   725 AM EDT   SUNSET   727 PM EDT
SEPTEMBER 26 2014.....SUNRISE   727 AM EDT   SUNSET   725 PM EDT


-  INDICATES NEGATIVE NUMBERS.
R  INDICATES RECORD WAS SET OR TIED.
MM INDICATES DATA IS MISSING.
T  INDICATES TRACE AMOUNT.




$$
