000
CDUS43 KDTX 170555
CLIFNT


CLIMATE REPORT
NATIONAL WEATHER SERVICE DETROIT/PONTIAC MI
1254 AM EST WED DEC 17 2014


...................................

...THE FLINT MI CLIMATE SUMMARY FOR DECEMBER 16 2014...

CLIMATE NORMAL PERIOD 1981 TO 2010
CLIMATE RECORD PERIOD 1921 TO 2014


WEATHER ITEM   OBSERVED TIME   RECORD YEAR NORMAL DEPARTURE LAST
                VALUE   (LST)  VALUE       VALUE  FROM      YEAR
                                                  NORMAL
..................................................................
TEMPERATURE (F)
 YESTERDAY
  MAXIMUM         47    506 PM  62    1984  34     13       24
  MINIMUM         37   1159 PM  -6    1951  21     16       -3
  AVERAGE         42                        27     15       11

PRECIPITATION (IN)
  YESTERDAY        0.26          0.53 2007   0.06   0.20     0.01
  MONTH TO DATE    0.38                      1.05  -0.67     0.54
  SINCE DEC 1      0.38                      1.05  -0.67     0.54
  SINCE JAN 1     34.16                     30.50   3.66    31.32

SNOWFALL (IN)
  YESTERDAY        0.0           6.6  2007   0.4   -0.4      0.2
  MONTH TO DATE    0.1                       5.6   -5.5      6.6
  SINCE DEC 1      0.1                       5.6   -5.5      6.6
  SINCE JUL 1      9.5                       8.5    1.0      8.2
  SNOW DEPTH       0

DEGREE DAYS
 HEATING
  YESTERDAY       23                        38    -15       54
  MONTH TO DATE  497                       565    -68      647
  SINCE DEC 1    497                       565    -68      647
  SINCE JUL 1   1961                      2046    -85     2046

 COOLING
  YESTERDAY        0                         0      0        0
  MONTH TO DATE    0                         0      0        0
  SINCE DEC 1      0                         0      0        0
  SINCE JAN 1    597                       531     66      758
..................................................................


WIND (MPH)
  HIGHEST WIND SPEED    23   HIGHEST WIND DIRECTION     W (260)
  HIGHEST GUST SPEED    31   HIGHEST GUST DIRECTION     W (290)
  AVERAGE WIND SPEED     9.0


SKY COVER
  POSSIBLE SUNSHINE  MM
  AVERAGE SKY COVER 1.0


WEATHER CONDITIONS
 THE FOLLOWING WEATHER WAS RECORDED YESTERDAY.
  RAIN
  LIGHT RAIN
  FOG


RELATIVE HUMIDITY (PERCENT)
 HIGHEST    92           600 AM
 LOWEST     83          1200 AM
 AVERAGE    88

..........................................................


THE FLINT MI CLIMATE NORMALS FOR TODAY
                         NORMAL    RECORD    YEAR
 MAXIMUM TEMPERATURE (F)   33        53      1984
 MINIMUM TEMPERATURE (F)   20        -7      1951


SUNRISE AND SUNSET
DECEMBER 17 2014......SUNRISE   800 AM EST   SUNSET   502 PM EST
DECEMBER 18 2014......SUNRISE   801 AM EST   SUNSET   502 PM EST


-  INDICATES NEGATIVE NUMBERS.
R  INDICATES RECORD WAS SET OR TIED.
MM INDICATES DATA IS MISSING.
T  INDICATES TRACE AMOUNT.




$$
