160
CDUS43 KDTX 200542
CLIFNT


CLIMATE REPORT
NATIONAL WEATHER SERVICE DETROIT/PONTIAC MI
142 AM EDT SAT MAY 20 2017


...................................

...THE FLINT MI CLIMATE SUMMARY FOR MAY 19 2017...

CLIMATE NORMAL PERIOD 1981 TO 2010
CLIMATE RECORD PERIOD 1921 TO 2017


WEATHER ITEM   OBSERVED TIME   RECORD YEAR NORMAL DEPARTURE LAST
                VALUE   (LST)  VALUE       VALUE  FROM      YEAR
                                                  NORMAL
..................................................................
TEMPERATURE (F)
 YESTERDAY
  MAXIMUM         56    258 PM  89    1996  70    -14       73
  MINIMUM         44    353 AM  29    2002  46     -2       41
  AVERAGE         50                        58     -8       57

PRECIPITATION (IN)
  YESTERDAY        0.01          1.19 1949   0.10  -0.09     0.00
  MONTH TO DATE    1.62                      1.87  -0.25     1.64
  SINCE MAR 1     10.02                      6.67   3.35     8.30
  SINCE JAN 1     15.57                      9.78   5.79    12.15

SNOWFALL (IN)
  YESTERDAY        0.0           T      MM   0.0    0.0      0.0
  MONTH TO DATE    0.0                       0.0    0.0       T
  SINCE MAR 1      6.9                       8.8   -1.9     18.4
  SINCE JUL 1     39.4                      47.4   -8.0     69.0
  SNOW DEPTH       0

DEGREE DAYS
 HEATING
  YESTERDAY       15                         8      7        8
  MONTH TO DATE  233                       202     31      189
  SINCE MAR 1   1595                      1721   -126     1468
  SINCE JUL 1   5744                      6809  -1065     5338

 COOLING
  YESTERDAY        0                         1     -1        0
  MONTH TO DATE   17                        11      6        4
  SINCE MAR 1     20                        15      5        5
  SINCE JAN 1     20                        15      5        5
..................................................................


WIND (MPH)
  HIGHEST WIND SPEED    21   HIGHEST WIND DIRECTION     E (70)
  HIGHEST GUST SPEED    25   HIGHEST GUST DIRECTION     E (70)
  AVERAGE WIND SPEED    12.2


SKY COVER
  POSSIBLE SUNSHINE  MM
  AVERAGE SKY COVER 0.9


WEATHER CONDITIONS
 THE FOLLOWING WEATHER WAS RECORDED YESTERDAY.
  LIGHT RAIN
  FOG
  HAZE


RELATIVE HUMIDITY (PERCENT)
 HIGHEST    92           800 AM
 LOWEST     49           900 PM
 AVERAGE    71

..........................................................


THE FLINT MI CLIMATE NORMALS FOR TODAY
                         NORMAL    RECORD    YEAR
 MAXIMUM TEMPERATURE (F)   70        92      1934
                                             1921
 MINIMUM TEMPERATURE (F)   47        32      1997
                                             1954
                                             1929


SUNRISE AND SUNSET
MAY 20 2017...........SUNRISE   607 AM EDT   SUNSET   857 PM EDT
MAY 21 2017...........SUNRISE   606 AM EDT   SUNSET   858 PM EDT


-  INDICATES NEGATIVE NUMBERS.
R  INDICATES RECORD WAS SET OR TIED.
MM INDICATES DATA IS MISSING.
T  INDICATES TRACE AMOUNT.




$$
