000
CDUS43 KDTX 070150
CLIFNT


CLIMATE REPORT
NATIONAL WEATHER SERVICE DETROIT/PONTIAC MI
930 PM EDT SUN JUL 6 2014


...................................

...THE FLINT MI CLIMATE SUMMARY FOR JULY 6 2014...
VALID TODAY AS OF 0500 PM LOCAL TIME.

CLIMATE NORMAL PERIOD 1981 TO 2010
CLIMATE RECORD PERIOD 1921 TO 2014


WEATHER ITEM   OBSERVED TIME   RECORD YEAR NORMAL DEPARTURE LAST
                VALUE   (LST)  VALUE       VALUE  FROM      YEAR
                                                  NORMAL
..................................................................
TEMPERATURE (F)
 TODAY
  MAXIMUM         82    243 PM 101    1988  82      0       87
  MINIMUM         61    517 AM  41    2001  59      2       69
  AVERAGE         72                        70      2       78

PRECIPITATION (IN)
  TODAY            0.00          1.63 1921   0.09  -0.09     0.00
  MONTH TO DATE    0.86                      0.57   0.29     0.01
  SINCE JUN 1      3.32                      3.64  -0.32     4.52
  SINCE JAN 1     18.27                     14.63   3.64    21.28

SNOWFALL (IN)
  TODAY            0.0           0.0    MM   0.0    0.0      0.0
  MONTH TO DATE    0.0                       0.0    0.0      0.0
  SINCE JUN 1      0.0                       0.0    0.0      0.0
  SINCE JUL 1      0.0                       0.0    0.0      0.0
  SNOW DEPTH       0

DEGREE DAYS
 HEATING
  TODAY            0                         1     -1        0
  MONTH TO DATE    3                         6     -3        0
  SINCE JUN 1     25                        72    -47       41
  SINCE JUL 1      3                         6     -3        0

 COOLING
  TODAY            7                         6      1       13
  MONTH TO DATE   26                        36    -10       43
  SINCE JUN 1    178                       148     30      202
  SINCE JAN 1    226                       180     46      281
..................................................................


WIND (MPH)
  HIGHEST WIND SPEED    18   HIGHEST WIND DIRECTION     W (250)
  HIGHEST GUST SPEED    23   HIGHEST GUST DIRECTION    SW (240)
  AVERAGE WIND SPEED     8.4


SKY COVER
  POSSIBLE SUNSHINE  MM
  AVERAGE SKY COVER 0.2


WEATHER CONDITIONS
 THE FOLLOWING WEATHER WAS RECORDED TODAY.
  NO SIGNIFICANT WEATHER WAS OBSERVED.


RELATIVE HUMIDITY (PERCENT)
 HIGHEST    78           200 AM
 LOWEST     48          1100 AM
 AVERAGE    63

..........................................................


THE FLINT MI CLIMATE NORMALS FOR TOMORROW
                         NORMAL    RECORD    YEAR
 MAXIMUM TEMPERATURE (F)   82       101      1988
 MINIMUM TEMPERATURE (F)   59        45      2000


SUNRISE AND SUNSET
JULY  6 2014..........SUNRISE   603 AM EDT   SUNSET   916 PM EDT
JULY  7 2014..........SUNRISE   603 AM EDT   SUNSET   916 PM EDT


-  INDICATES NEGATIVE NUMBERS.
R  INDICATES RECORD WAS SET OR TIED.
MM INDICATES DATA IS MISSING.
T  INDICATES TRACE AMOUNT.




$$
