000
CDUS43 KDTX 210536
CLIFNT


CLIMATE REPORT
NATIONAL WEATHER SERVICE DETROIT/PONTIAC MI
136 AM EDT SAT MAY 21 2016


...................................

...THE FLINT MI CLIMATE SUMMARY FOR MAY 20 2016...

CLIMATE NORMAL PERIOD 1981 TO 2010
CLIMATE RECORD PERIOD 1921 TO 2016


WEATHER ITEM   OBSERVED TIME   RECORD YEAR NORMAL DEPARTURE LAST
                VALUE   (LST)  VALUE       VALUE  FROM      YEAR
                                                  NORMAL
..................................................................
TEMPERATURE (F)
 YESTERDAY
  MAXIMUM         74        MM  92    1934  70      4       62
                                      1921
  MINIMUM         42        MM  32    1997  47     -5       40
                                      1954
                                      1929
  AVERAGE         58                        58      0       51

PRECIPITATION (IN)
  YESTERDAY        0.00          1.69 1996   0.10  -0.10     0.00
  MONTH TO DATE    1.64                      1.97  -0.33     2.07
  SINCE MAR 1      8.30                      6.77   1.53     4.62
  SINCE JAN 1     12.15                      9.88   2.27     6.79

SNOWFALL (IN)
  YESTERDAY        0.0           T      MM   0.0    0.0      0.0
  MONTH TO DATE    T                         0.0    0.0      0.0
  SINCE MAR 1     18.4                       8.8    9.6      4.8
  SINCE JUL 1     69.0                      47.4   21.6     45.3
  SNOW DEPTH       0

DEGREE DAYS
 HEATING
  YESTERDAY        7                         8     -1       14
  MONTH TO DATE  189                       210    -21       93
  SINCE MAR 1   1468                      1729   -261     1574
  SINCE JUL 1   5338                      6817  -1479     6882

 COOLING
  YESTERDAY        0                         1     -1        0
  MONTH TO DATE    4                        12     -8       38
  SINCE MAR 1      5                        16    -11       38
  SINCE JAN 1      5                        16    -11       38
..................................................................


WIND (MPH)
  HIGHEST WIND SPEED    13   HIGHEST WIND DIRECTION    NE (50)
  HIGHEST GUST SPEED    MM   HIGHEST GUST DIRECTION    MM
  AVERAGE WIND SPEED     4.9


SKY COVER
  POSSIBLE SUNSHINE  MM
  AVERAGE SKY COVER 0.0


WEATHER CONDITIONS
 THE FOLLOWING WEATHER WAS RECORDED YESTERDAY.
  NO SIGNIFICANT WEATHER WAS OBSERVED.


RELATIVE HUMIDITY (PERCENT)
 HIGHEST    76           200 AM
 LOWEST     27          1200 PM
 AVERAGE    52

..........................................................


THE FLINT MI CLIMATE NORMALS FOR TODAY
                         NORMAL    RECORD    YEAR
 MAXIMUM TEMPERATURE (F)   70        93      1921
 MINIMUM TEMPERATURE (F)   47        31      1954


SUNRISE AND SUNSET
MAY 21 2016...........SUNRISE   606 AM EDT   SUNSET   858 PM EDT
MAY 22 2016...........SUNRISE   605 AM EDT   SUNSET   859 PM EDT


-  INDICATES NEGATIVE NUMBERS.
R  INDICATES RECORD WAS SET OR TIED.
MM INDICATES DATA IS MISSING.
T  INDICATES TRACE AMOUNT.




$$
