000
CDUS43 KDTX 270549
CLIFNT


CLIMATE REPORT
NATIONAL WEATHER SERVICE DETROIT/PONTIAC MI
1249 AM EST FRI FEB 27 2015


...................................

...THE FLINT MI CLIMATE SUMMARY FOR FEBRUARY 26 2015...

CLIMATE NORMAL PERIOD 1981 TO 2010
CLIMATE RECORD PERIOD 1921 TO 2015


WEATHER ITEM   OBSERVED TIME   RECORD YEAR NORMAL DEPARTURE LAST
                VALUE   (LST)  VALUE       VALUE  FROM      YEAR
                                                  NORMAL
..................................................................
TEMPERATURE (F)
 YESTERDAY
  MAXIMUM         15    223 PM  63    2000  36    -21       15
  MINIMUM         -6   1115 PM -10    1963  19    -25        1
  AVERAGE          5                        28    -23        8

PRECIPITATION (IN)
  YESTERDAY        0.04          0.58 1946   0.06  -0.02      T
  MONTH TO DATE    0.87                      1.36  -0.49     1.45
  SINCE DEC 1      3.81                      4.91  -1.10     5.83
  SINCE JAN 1      2.17                      2.99  -0.82     3.98

SNOWFALL (IN)
  YESTERDAY        0.4           4.4  2011   0.3    0.1      0.3
  MONTH TO DATE   17.4                      10.1    7.3     20.9
  SINCE DEC 1     31.1                      35.0   -3.9     70.7
  SINCE JUL 1     40.5                      37.9    2.6     72.3
  SNOW DEPTH       8

DEGREE DAYS
 HEATING
  YESTERDAY       60                        37     23       57
  MONTH TO DATE 1378                      1049    329     1241
  SINCE DEC 1   3726                      3532    194     3995
  SINCE JUL 1   5190                      5013    177     5394

 COOLING
  YESTERDAY        0                         0      0        0
  MONTH TO DATE    0                         0      0        0
  SINCE DEC 1      0                         0      0        0
  SINCE JAN 1      0                         0      0        0
..................................................................


WIND (MPH)
  HIGHEST WIND SPEED    15   HIGHEST WIND DIRECTION     N (10)
  HIGHEST GUST SPEED    19   HIGHEST GUST DIRECTION     N (20)
  AVERAGE WIND SPEED     7.4


SKY COVER
  POSSIBLE SUNSHINE  MM
  AVERAGE SKY COVER 0.7


WEATHER CONDITIONS
 THE FOLLOWING WEATHER WAS RECORDED YESTERDAY.
  LIGHT SNOW
  HAZE


RELATIVE HUMIDITY (PERCENT)
 HIGHEST    80           400 AM
 LOWEST     58           200 PM
 AVERAGE    69

..........................................................


THE FLINT MI CLIMATE NORMALS FOR TODAY
                         NORMAL    RECORD    YEAR
 MAXIMUM TEMPERATURE (F)   36        58      1932
 MINIMUM TEMPERATURE (F)   19       -14      1994


SUNRISE AND SUNSET
FEBRUARY 27 2015......SUNRISE   714 AM EST   SUNSET   621 PM EST
FEBRUARY 28 2015......SUNRISE   713 AM EST   SUNSET   623 PM EST


-  INDICATES NEGATIVE NUMBERS.
R  INDICATES RECORD WAS SET OR TIED.
MM INDICATES DATA IS MISSING.
T  INDICATES TRACE AMOUNT.




$$
