000
CDUS43 KDTX 180535
CLIFNT


CLIMATE REPORT
NATIONAL WEATHER SERVICE DETROIT/PONTIAC MI
135 AM EDT SAT OCT 18 2014


...................................

...THE FLINT MI CLIMATE SUMMARY FOR OCTOBER 17 2014...

CLIMATE NORMAL PERIOD 1981 TO 2010
CLIMATE RECORD PERIOD 1921 TO 2014


WEATHER ITEM   OBSERVED TIME   RECORD YEAR NORMAL DEPARTURE LAST
                VALUE   (LST)  VALUE       VALUE  FROM      YEAR
                                                  NORMAL
..................................................................
TEMPERATURE (F)
 YESTERDAY
  MAXIMUM         64    319 PM  87    1938  59      5       53
  MINIMUM         47   1159 PM  24    2002  39      8       44
  AVERAGE         56                        49      7       49

PRECIPITATION (IN)
  YESTERDAY        0.12          0.72 1993   0.07   0.05     0.29
  MONTH TO DATE    1.22                      1.43  -0.21     1.28
  SINCE SEP 1      4.47                      5.18  -0.71     1.89
  SINCE JAN 1     31.46                     25.74   5.72    27.48

SNOWFALL (IN)
  YESTERDAY        0.0           T    1976   0.1   -0.1      0.0
  MONTH TO DATE    0.0                       0.2   -0.2      0.0
  SINCE SEP 1      0.0                       0.2   -0.2      0.0
  SINCE JUL 1      0.0                       0.2   -0.2      0.0
  SNOW DEPTH       0

DEGREE DAYS
 HEATING
  YESTERDAY        9                        16     -7       16
  MONTH TO DATE  177                       229    -52      117
  SINCE SEP 1    316                       395    -79      269
  SINCE JUL 1    340                       439    -99      291

 COOLING
  YESTERDAY        0                         0      0        0
  MONTH TO DATE    1                         2     -1       15
  SINCE SEP 1     65                        51     14       88
  SINCE JAN 1    597                       528     69      758
..................................................................


WIND (MPH)
  HIGHEST WIND SPEED    30   HIGHEST WIND DIRECTION     W (260)
  HIGHEST GUST SPEED    38   HIGHEST GUST DIRECTION     W (270)
  AVERAGE WIND SPEED    12.9


SKY COVER
  POSSIBLE SUNSHINE  MM
  AVERAGE SKY COVER 0.9


WEATHER CONDITIONS
 THE FOLLOWING WEATHER WAS RECORDED YESTERDAY.
  RAIN
  LIGHT RAIN
  FOG


RELATIVE HUMIDITY (PERCENT)
 HIGHEST    86          1200 AM
 LOWEST     60           300 PM
 AVERAGE    73

..........................................................


THE FLINT MI CLIMATE NORMALS FOR TODAY
                         NORMAL    RECORD    YEAR
 MAXIMUM TEMPERATURE (F)   59        83      1938
 MINIMUM TEMPERATURE (F)   39        22      1952


SUNRISE AND SUNSET
OCTOBER 18 2014.......SUNRISE   752 AM EDT   SUNSET   647 PM EDT
OCTOBER 19 2014.......SUNRISE   753 AM EDT   SUNSET   646 PM EDT


-  INDICATES NEGATIVE NUMBERS.
R  INDICATES RECORD WAS SET OR TIED.
MM INDICATES DATA IS MISSING.
T  INDICATES TRACE AMOUNT.




$$
