000
CDUS43 KDTX 190540
CLIFNT


CLIMATE REPORT
NATIONAL WEATHER SERVICE DETROIT/PONTIAC MI
1239 AM EST WED NOV 19 2014


...................................

...THE FLINT MI CLIMATE SUMMARY FOR NOVEMBER 18 2014...

CLIMATE NORMAL PERIOD 1981 TO 2010
CLIMATE RECORD PERIOD 1921 TO 2014


WEATHER ITEM   OBSERVED TIME   RECORD YEAR NORMAL DEPARTURE LAST
                VALUE   (LST)  VALUE       VALUE  FROM      YEAR
                                                  NORMAL
..................................................................
TEMPERATURE (F)
 YESTERDAY
  MAXIMUM         24    144 PM  68    1975  46    -22       47
                                      1958
                                      1953
  MINIMUM         14    826 AM  11    1959  30    -16       35
  AVERAGE         19                        38    -19       41

PRECIPITATION (IN)
  YESTERDAY        0.07          1.03 2003   0.10  -0.03      T
  MONTH TO DATE    0.41                      1.65  -1.24     1.47
  SINCE SEP 1      5.51                      7.87  -2.36     4.99
  SINCE JAN 1     32.50                     28.43   4.07    30.58

SNOWFALL (IN)
  YESTERDAY        1.8 R         0.6  1955   0.1    1.7       T
  MONTH TO DATE    3.2                       0.8    2.4      0.4
  SINCE SEP 1      3.9                       1.2    2.7      0.4
  SINCE JUL 1      3.9                       1.2    2.7      0.4
  SNOW DEPTH       2

DEGREE DAYS
 HEATING
  YESTERDAY       46                        27     19       24
  MONTH TO DATE  492                       428     64      407
  SINCE SEP 1   1050                      1080    -30      951
  SINCE JUL 1   1074                      1124    -50      973

 COOLING
  YESTERDAY        0                         0      0        0
  MONTH TO DATE    0                         0      0        0
  SINCE SEP 1     65                        54     11       88
  SINCE JAN 1    597                       531     66      758
..................................................................


WIND (MPH)
  HIGHEST WIND SPEED    29   HIGHEST WIND DIRECTION     W (260)
  HIGHEST GUST SPEED    36   HIGHEST GUST DIRECTION     W (250)
  AVERAGE WIND SPEED    15.8


SKY COVER
  POSSIBLE SUNSHINE  MM
  AVERAGE SKY COVER 0.8


WEATHER CONDITIONS
 THE FOLLOWING WEATHER WAS RECORDED YESTERDAY.
  HEAVY SNOW
  SNOW
  LIGHT SNOW
  FOG
  FOG W/VISIBILITY <= 1/4 MILE
  HAZE


RELATIVE HUMIDITY (PERCENT)
 HIGHEST    80          1200 AM
 LOWEST     52           500 PM
 AVERAGE    66

..........................................................


THE FLINT MI CLIMATE NORMALS FOR TODAY
                         NORMAL    RECORD    YEAR
 MAXIMUM TEMPERATURE (F)   45        70      1953
 MINIMUM TEMPERATURE (F)   30        13      1986


SUNRISE AND SUNSET
NOVEMBER 19 2014......SUNRISE   732 AM EST   SUNSET   508 PM EST
NOVEMBER 20 2014......SUNRISE   733 AM EST   SUNSET   507 PM EST


-  INDICATES NEGATIVE NUMBERS.
R  INDICATES RECORD WAS SET OR TIED.
MM INDICATES DATA IS MISSING.
T  INDICATES TRACE AMOUNT.




$$
