000
CDUS43 KDTX 070537
CLIFNT


CLIMATE REPORT
NATIONAL WEATHER SERVICE DETROIT/PONTIAC MI
1237 AM EST THU DEC 7 2017


...................................

...THE FLINT MI CLIMATE SUMMARY FOR DECEMBER 6 2017...

CLIMATE NORMAL PERIOD 1981 TO 2010
CLIMATE RECORD PERIOD 1921 TO 2017


WEATHER ITEM   OBSERVED TIME   RECORD YEAR NORMAL DEPARTURE LAST
                VALUE   (LST)  VALUE       VALUE  FROM      YEAR
                                                  NORMAL
..................................................................
TEMPERATURE (F)
 YESTERDAY
  MAXIMUM         37    251 PM  66    1998  37      0       39
  MINIMUM         25    641 AM  -6    1926  24      1       24
  AVERAGE         31                        30      1       32

PRECIPITATION (IN)
  YESTERDAY        T             0.91 1975   0.07  -0.07     0.04
  MONTH TO DATE    T                         0.42  -0.42     0.26
  SINCE DEC 1      T                         0.42  -0.42     0.26
  SINCE JAN 1     34.33                     29.87   4.46    29.41

SNOWFALL (IN)
  YESTERDAY        T             6.9  1962   0.3   -0.3      0.0
  MONTH TO DATE    T                         1.8   -1.8      1.5
  SINCE DEC 1      T                         1.8   -1.8      1.5
  SINCE JUL 1      0.4                       4.7   -4.3      1.5
  SNOW DEPTH       0

DEGREE DAYS
 HEATING
  YESTERDAY       34                        34      0       33
  MONTH TO DATE  158                       200    -42      181
  SINCE DEC 1    158                       200    -42      181
  SINCE JUL 1   1456                      1681   -225     1222

 COOLING
  YESTERDAY        0                         0      0        0
  MONTH TO DATE    0                         0      0        0
  SINCE DEC 1      0                         0      0        0
  SINCE JAN 1    567                       531     36     1022
..................................................................


WIND (MPH)
  HIGHEST WIND SPEED    26   HIGHEST WIND DIRECTION    SW (240)
  HIGHEST GUST SPEED    37   HIGHEST GUST DIRECTION     W (250)
  AVERAGE WIND SPEED    15.6


SKY COVER
  POSSIBLE SUNSHINE  MM
  AVERAGE SKY COVER 0.5


WEATHER CONDITIONS
 THE FOLLOWING WEATHER WAS RECORDED YESTERDAY.
  LIGHT SNOW


RELATIVE HUMIDITY (PERCENT)
 HIGHEST    69          1000 PM
 LOWEST     43          1200 AM
 AVERAGE    56

..........................................................


THE FLINT MI CLIMATE NORMALS FOR TODAY
                         NORMAL    RECORD    YEAR
 MAXIMUM TEMPERATURE (F)   37        59      1951
                                             1946
 MINIMUM TEMPERATURE (F)   24         0      1983


SUNRISE AND SUNSET
DECEMBER  7 2017......SUNRISE   753 AM EST   SUNSET   500 PM EST
DECEMBER  8 2017......SUNRISE   754 AM EST   SUNSET   500 PM EST


-  INDICATES NEGATIVE NUMBERS.
R  INDICATES RECORD WAS SET OR TIED.
MM INDICATES DATA IS MISSING.
T  INDICATES TRACE AMOUNT.




$$
