677
CDUS43 KDTX 230547
CLIFNT


CLIMATE REPORT
NATIONAL WEATHER SERVICE DETROIT/PONTIAC MI
147 AM EDT THU MAR 23 2017


...................................

...THE FLINT MI CLIMATE SUMMARY FOR MARCH 22 2017...

CLIMATE NORMAL PERIOD 1981 TO 2010
CLIMATE RECORD PERIOD 1921 TO 2017


WEATHER ITEM   OBSERVED TIME   RECORD YEAR NORMAL DEPARTURE LAST
                VALUE   (LST)  VALUE       VALUE  FROM      YEAR
                                                  NORMAL
..................................................................
TEMPERATURE (F)
 YESTERDAY
  MAXIMUM         35    357 PM  84    2012  46    -11       57
  MINIMUM         19    658 AM   7    1940  27     -8       30
                                      1934
  AVERAGE         27                        36     -9       44

PRECIPITATION (IN)
  YESTERDAY        0.00          1.05 2007   0.07  -0.07     0.01
  MONTH TO DATE    0.78                      1.26  -0.48     1.57
  SINCE MAR 1      0.78                      1.26  -0.48     1.57
  SINCE JAN 1      6.33                      4.37   1.96     5.42

SNOWFALL (IN)
  YESTERDAY        0.0           6.6  1992   0.2   -0.2      0.0
  MONTH TO DATE    5.4                       5.2    0.2     11.2
  SINCE MAR 1      5.4                       5.2    0.2     11.2
  SINCE JUL 1     37.9                      43.8   -5.9     61.8
  SNOW DEPTH       0

DEGREE DAYS
 HEATING
  YESTERDAY       38                        29      9       21
  MONTH TO DATE  754                       718     36      530
  SINCE MAR 1    754                       718     36      530
  SINCE JUL 1   4903                      5806   -903     4400

 COOLING
  YESTERDAY        0                         0      0        0
  MONTH TO DATE    0                         0      0        1
  SINCE MAR 1      0                         0      0        1
  SINCE JAN 1      0                         0      0        1
..................................................................


WIND (MPH)
  HIGHEST WIND SPEED    24   HIGHEST WIND DIRECTION     N (360)
  HIGHEST GUST SPEED    31   HIGHEST GUST DIRECTION     N (340)
  AVERAGE WIND SPEED     8.2


SKY COVER
  POSSIBLE SUNSHINE  MM
  AVERAGE SKY COVER 0.0


WEATHER CONDITIONS
 THE FOLLOWING WEATHER WAS RECORDED YESTERDAY.
  NO SIGNIFICANT WEATHER WAS OBSERVED.


RELATIVE HUMIDITY (PERCENT)
 HIGHEST    62           300 AM
 LOWEST     35           400 PM
 AVERAGE    49

..........................................................


THE FLINT MI CLIMATE NORMALS FOR TODAY
                         NORMAL    RECORD    YEAR
 MAXIMUM TEMPERATURE (F)   47        73      2012
 MINIMUM TEMPERATURE (F)   27         2      1965


SUNRISE AND SUNSET
MARCH 23 2017.........SUNRISE   732 AM EDT   SUNSET   751 PM EDT
MARCH 24 2017.........SUNRISE   731 AM EDT   SUNSET   752 PM EDT


-  INDICATES NEGATIVE NUMBERS.
R  INDICATES RECORD WAS SET OR TIED.
MM INDICATES DATA IS MISSING.
T  INDICATES TRACE AMOUNT.




$$
