000
CDUS43 KDTX 260555
CLIFNT


CLIMATE REPORT
NATIONAL WEATHER SERVICE DETROIT/PONTIAC MI
155 AM EDT WED AUG 26 2015


...................................

...THE FLINT MI CLIMATE SUMMARY FOR AUGUST 25 2015...

CLIMATE NORMAL PERIOD 1981 TO 2010
CLIMATE RECORD PERIOD 1921 TO 2015


WEATHER ITEM   OBSERVED TIME   RECORD YEAR NORMAL DEPARTURE LAST
                VALUE   (LST)  VALUE       VALUE  FROM      YEAR
                                                  NORMAL
..................................................................
TEMPERATURE (F)
 YESTERDAY
  MAXIMUM         66   1218 PM  95    1948  79    -13       88
  MINIMUM         56   1203 AM  41    1923  57     -1       64
  AVERAGE         61                        68     -7       76

PRECIPITATION (IN)
  YESTERDAY        0.00          1.23 1940   0.10  -0.10     0.00
  MONTH TO DATE    2.71                      2.54   0.17     3.73
  SINCE JUN 1     11.11                      8.93   2.18    11.95
  SINCE JAN 1     19.23                     19.92  -0.69    26.90

SNOWFALL (IN)
  YESTERDAY        0.0           0.0    MM   0.0    0.0      0.0
  MONTH TO DATE    0.0                       0.0    0.0      0.0
  SINCE JUN 1      0.0                       0.0    0.0      0.0
  SINCE JUL 1      0.0                       0.0    0.0      0.0
  SNOW DEPTH       0

DEGREE DAYS
 HEATING
  YESTERDAY        4                         1      3        0
  MONTH TO DATE    4                        24    -20        7
  SINCE JUN 1     40                       105    -65       46
  SINCE JUL 1     12                        39    -27       24

 COOLING
  YESTERDAY        0                         4     -4       11
  MONTH TO DATE  178                       125     53      153
  SINCE JUN 1    520                       424     96      434
  SINCE JAN 1    595                       456    139      482
..................................................................


WIND (MPH)
  HIGHEST WIND SPEED    18   HIGHEST WIND DIRECTION     W (280)
  HIGHEST GUST SPEED    23   HIGHEST GUST DIRECTION     W (280)
  AVERAGE WIND SPEED    10.1


SKY COVER
  POSSIBLE SUNSHINE  MM
  AVERAGE SKY COVER 1.0


WEATHER CONDITIONS
 THE FOLLOWING WEATHER WAS RECORDED YESTERDAY.
  NO SIGNIFICANT WEATHER WAS OBSERVED.


RELATIVE HUMIDITY (PERCENT)
 HIGHEST    80           700 AM
 LOWEST     60           100 PM
 AVERAGE    70

..........................................................


THE FLINT MI CLIMATE NORMALS FOR TODAY
                         NORMAL    RECORD    YEAR
 MAXIMUM TEMPERATURE (F)   79        95      1948
 MINIMUM TEMPERATURE (F)   57        43      1946


SUNRISE AND SUNSET
AUGUST 26 2015........SUNRISE   653 AM EDT   SUNSET   820 PM EDT
AUGUST 27 2015........SUNRISE   654 AM EDT   SUNSET   818 PM EDT


-  INDICATES NEGATIVE NUMBERS.
R  INDICATES RECORD WAS SET OR TIED.
MM INDICATES DATA IS MISSING.
T  INDICATES TRACE AMOUNT.




$$
