000
CDUS43 KDTX 090535
CLIFNT


CLIMATE REPORT
NATIONAL WEATHER SERVICE DETROIT/PONTIAC MI
135 AM EDT WED APR 9 2014


...................................

...THE FLINT MI CLIMATE SUMMARY FOR APRIL 8 2014...

CLIMATE NORMAL PERIOD 1981 TO 2010
CLIMATE RECORD PERIOD 1921 TO 2014


WEATHER ITEM   OBSERVED TIME   RECORD YEAR NORMAL DEPARTURE LAST
                VALUE   (LST)  VALUE       VALUE  FROM      YEAR
                                                  NORMAL
..................................................................
TEMPERATURE (F)
 YESTERDAY
  MAXIMUM         63    356 PM  76    1991  54      9       61
  MINIMUM         36    642 AM   8    1982  33      3       29
  AVERAGE         50                        44      6       45

PRECIPITATION (IN)
  YESTERDAY        T             0.91 2002   0.09  -0.09     0.29
  MONTH TO DATE    0.43                      0.72  -0.29     0.29
  SINCE MAR 1      1.64                      2.63  -0.99     1.06
  SINCE JAN 1      5.65                      5.74  -0.09     6.52

SNOWFALL (IN)
  YESTERDAY        0.0           2.3  2000   0.1   -0.1      0.0
  MONTH TO DATE    T                         1.0   -1.0       T
  SINCE MAR 1      9.4                       7.5    1.9      5.1
  SINCE JUL 1     82.6                      46.1   36.5     43.6
  SNOW DEPTH       0

DEGREE DAYS
 HEATING
  YESTERDAY       15                        21     -6       20
  MONTH TO DATE  184                       183      1      213
  SINCE MAR 1   1388                      1140    248     1226
  SINCE JUL 1   6909                      6228    681     5879

 COOLING
  YESTERDAY        0                         0      0        0
  MONTH TO DATE    0                         0      0        0
  SINCE MAR 1      0                         0      0        0
  SINCE JAN 1      0                         0      0        0
..................................................................


WIND (MPH)
  HIGHEST WIND SPEED    23   HIGHEST WIND DIRECTION    NW (330)
  HIGHEST GUST SPEED    32   HIGHEST GUST DIRECTION    NW (330)
  AVERAGE WIND SPEED     9.2


SKY COVER
  POSSIBLE SUNSHINE  MM
  AVERAGE SKY COVER 0.6


WEATHER CONDITIONS
 THE FOLLOWING WEATHER WAS RECORDED YESTERDAY.
  LIGHT RAIN


RELATIVE HUMIDITY (PERCENT)
 HIGHEST    85           100 AM
 LOWEST     31           500 PM
 AVERAGE    58

..........................................................


THE FLINT MI CLIMATE NORMALS FOR TODAY
                         NORMAL    RECORD    YEAR
 MAXIMUM TEMPERATURE (F)   55        79      1931
 MINIMUM TEMPERATURE (F)   33        18      1997


SUNRISE AND SUNSET
APRIL  9 2014.........SUNRISE   703 AM EDT   SUNSET   810 PM EDT
APRIL 10 2014.........SUNRISE   702 AM EDT   SUNSET   812 PM EDT


-  INDICATES NEGATIVE NUMBERS.
R  INDICATES RECORD WAS SET OR TIED.
MM INDICATES DATA IS MISSING.
T  INDICATES TRACE AMOUNT.




$$
