000
CDUS43 KDTX 120555
CLIFNT


CLIMATE REPORT
NATIONAL WEATHER SERVICE DETROIT/PONTIAC MI
155 AM EDT SAT AUG 12 2017


...................................

...THE FLINT MI CLIMATE SUMMARY FOR AUGUST 11 2017...

CLIMATE NORMAL PERIOD 1981 TO 2010
CLIMATE RECORD PERIOD 1921 TO 2017


WEATHER ITEM   OBSERVED TIME   RECORD YEAR NORMAL DEPARTURE LAST
                VALUE   (LST)  VALUE       VALUE  FROM      YEAR
                                                  NORMAL
..................................................................
TEMPERATURE (F)
 YESTERDAY
  MAXIMUM         80    107 PM  97    2016  80      0       97
  MINIMUM         63    544 AM  41    1967  59      4       70
  AVERAGE         72                        70      2       84

PRECIPITATION (IN)
  YESTERDAY        0.02          2.64 2014   0.10  -0.08     0.00
  MONTH TO DATE    1.32                      1.16   0.16     0.00
  SINCE JUN 1      6.70                      7.55  -0.85     2.42
  SINCE JAN 1     23.13                     18.54   4.59    14.65

SNOWFALL (IN)
  YESTERDAY        0.0           0.0    MM   0.0    0.0      0.0
  MONTH TO DATE    0.0                       0.0    0.0      0.0
  SINCE JUN 1      0.0                       0.0    0.0      0.0
  SINCE JUL 1      0.0                       0.0    0.0      0.0
  SNOW DEPTH       0

DEGREE DAYS
 HEATING
  YESTERDAY        0                         1     -1        0
  MONTH TO DATE    2                        10     -8        0
  SINCE JUN 1     42                        91    -49       28
  SINCE JUL 1      3                        25    -22        0

 COOLING
  YESTERDAY        7                         5      2       19
  MONTH TO DATE   40                        60    -20      136
  SINCE JUN 1    374                       359     15      663
  SINCE JAN 1    399                       391      8      742
..................................................................


WIND (MPH)
  HIGHEST WIND SPEED    26   HIGHEST WIND DIRECTION    NW (310)
  HIGHEST GUST SPEED    34   HIGHEST GUST DIRECTION    NW (310)
  AVERAGE WIND SPEED     7.6


SKY COVER
  POSSIBLE SUNSHINE  MM
  AVERAGE SKY COVER 0.6


WEATHER CONDITIONS
 THE FOLLOWING WEATHER WAS RECORDED YESTERDAY.
  THUNDERSTORM
  LIGHT RAIN


RELATIVE HUMIDITY (PERCENT)
 HIGHEST    87           600 AM
 LOWEST     58           100 PM
 AVERAGE    73

..........................................................


THE FLINT MI CLIMATE NORMALS FOR TODAY
                         NORMAL    RECORD    YEAR
 MAXIMUM TEMPERATURE (F)   80        96      2016
 MINIMUM TEMPERATURE (F)   59        39      1967


SUNRISE AND SUNSET
AUGUST 12 2017........SUNRISE   638 AM EDT   SUNSET   841 PM EDT
AUGUST 13 2017........SUNRISE   639 AM EDT   SUNSET   840 PM EDT


-  INDICATES NEGATIVE NUMBERS.
R  INDICATES RECORD WAS SET OR TIED.
MM INDICATES DATA IS MISSING.
T  INDICATES TRACE AMOUNT.




$$
