000
CDUS43 KDTX 180536
CLIFNT


CLIMATE REPORT
NATIONAL WEATHER SERVICE DETROIT/PONTIAC MI
136 AM EDT MON JUL 18 2016


...................................

...THE FLINT MI CLIMATE SUMMARY FOR JULY 17 2016...

CLIMATE NORMAL PERIOD 1981 TO 2010
CLIMATE RECORD PERIOD 1921 TO 2016


WEATHER ITEM   OBSERVED TIME   RECORD YEAR NORMAL DEPARTURE LAST
                VALUE   (LST)  VALUE       VALUE  FROM      YEAR
                                                  NORMAL
..................................................................
TEMPERATURE (F)
 YESTERDAY
  MAXIMUM         88    640 PM 101    2012  82      6       89
                                      1931
  MINIMUM         54    318 AM  45    1978  59     -5       66
  AVERAGE         71                        71      0       78

PRECIPITATION (IN)
  YESTERDAY        0.00          1.34 1950   0.11  -0.11     0.54
  MONTH TO DATE    1.10                      1.71  -0.61     2.72
  SINCE JUN 1      1.77                      4.78  -3.01     8.18
  SINCE JAN 1     14.00                     15.77  -1.77    16.30

SNOWFALL (IN)
  YESTERDAY        0.0           0.0    MM   0.0    0.0      0.0
  MONTH TO DATE    0.0                       0.0    0.0      0.0
  SINCE JUN 1      0.0                       0.0    0.0      0.0
  SINCE JUL 1      0.0                       0.0    0.0      0.0
  SNOW DEPTH       0

DEGREE DAYS
 HEATING
  YESTERDAY        0                         0      0        0
  MONTH TO DATE    0                        10    -10        8
  SINCE JUN 1     28                        76    -48       36
  SINCE JUL 1      0                        10    -10        8

 COOLING
  YESTERDAY        6                         6      0       13
  MONTH TO DATE  164                       102     62       73
  SINCE JUN 1    342                       214    128      197
  SINCE JAN 1    421                       246    175      272
..................................................................


WIND (MPH)
  HIGHEST WIND SPEED    24   HIGHEST WIND DIRECTION    SW (210)
  HIGHEST GUST SPEED    35   HIGHEST GUST DIRECTION    SW (220)
  AVERAGE WIND SPEED    10.6


SKY COVER
  POSSIBLE SUNSHINE  MM
  AVERAGE SKY COVER 0.0


WEATHER CONDITIONS
 THE FOLLOWING WEATHER WAS RECORDED YESTERDAY.
  FOG
  HAZE


RELATIVE HUMIDITY (PERCENT)
 HIGHEST    90           700 AM
 LOWEST     37           200 PM
 AVERAGE    64

..........................................................


THE FLINT MI CLIMATE NORMALS FOR TODAY
                         NORMAL    RECORD    YEAR
 MAXIMUM TEMPERATURE (F)   82       100      1930
 MINIMUM TEMPERATURE (F)   59        45      1924


SUNRISE AND SUNSET
JULY 18 2016..........SUNRISE   613 AM EDT   SUNSET   909 PM EDT
JULY 19 2016..........SUNRISE   614 AM EDT   SUNSET   909 PM EDT


-  INDICATES NEGATIVE NUMBERS.
R  INDICATES RECORD WAS SET OR TIED.
MM INDICATES DATA IS MISSING.
T  INDICATES TRACE AMOUNT.




$$
