000
CDUS43 KDTX 160539
CLIFNT


CLIMATE REPORT
NATIONAL WEATHER SERVICE DETROIT/PONTIAC MI
139 AM EDT SAT AUG 16 2014


...................................

...THE FLINT MI CLIMATE SUMMARY FOR AUGUST 15 2014...

CLIMATE NORMAL PERIOD 1981 TO 2010
CLIMATE RECORD PERIOD 1921 TO 2014


WEATHER ITEM   OBSERVED TIME   RECORD YEAR NORMAL DEPARTURE LAST
                VALUE   (LST)  VALUE       VALUE  FROM      YEAR
                                                  NORMAL
..................................................................
TEMPERATURE (F)
 YESTERDAY
  MAXIMUM         77    348 PM  95    1944  80     -3       75
  MINIMUM         45    557 AM  42    1964  58    -13       47
                                      1962
  AVERAGE         61                        69     -8       61

PRECIPITATION (IN)
  YESTERDAY        0.00          0.84 1959   0.10  -0.10     0.00
  MONTH TO DATE    2.97                      1.57   1.40     1.33
  SINCE JUN 1     11.19                      7.96   3.23     7.58
  SINCE JAN 1     26.14                     18.95   7.19    24.34

SNOWFALL (IN)
  YESTERDAY        0.0           0.0    MM   0.0    0.0      0.0
  MONTH TO DATE    0.0                       0.0    0.0      0.0
  SINCE JUN 1      0.0                       0.0    0.0      0.0
  SINCE JUL 1      0.0                       0.0    0.0      0.0
  SNOW DEPTH       0

DEGREE DAYS
 HEATING
  YESTERDAY        4                         1      3        4
  MONTH TO DATE    7                        14     -7       13
  SINCE JUN 1     46                        95    -49       63
  SINCE JUL 1     24                        29     -5       22

 COOLING
  YESTERDAY        0                         5     -5        0
  MONTH TO DATE   74                        80     -6       46
  SINCE JUN 1    355                       379    -24      469
  SINCE JAN 1    403                       411     -8      548
..................................................................


WIND (MPH)
  HIGHEST WIND SPEED    18   HIGHEST WIND DIRECTION     W (280)
  HIGHEST GUST SPEED    23   HIGHEST GUST DIRECTION    NW (310)
  AVERAGE WIND SPEED     7.4


SKY COVER
  POSSIBLE SUNSHINE  MM
  AVERAGE SKY COVER 0.0


WEATHER CONDITIONS
 THE FOLLOWING WEATHER WAS RECORDED YESTERDAY.
  NO SIGNIFICANT WEATHER WAS OBSERVED.


RELATIVE HUMIDITY (PERCENT)
 HIGHEST    89           600 AM
 LOWEST     38           400 PM
 AVERAGE    64

..........................................................


THE FLINT MI CLIMATE NORMALS FOR TODAY
                         NORMAL    RECORD    YEAR
 MAXIMUM TEMPERATURE (F)   80        95      1922
 MINIMUM TEMPERATURE (F)   58        43      1979


SUNRISE AND SUNSET
AUGUST 16 2014........SUNRISE   642 AM EDT   SUNSET   836 PM EDT
AUGUST 17 2014........SUNRISE   643 AM EDT   SUNSET   834 PM EDT


-  INDICATES NEGATIVE NUMBERS.
R  INDICATES RECORD WAS SET OR TIED.
MM INDICATES DATA IS MISSING.
T  INDICATES TRACE AMOUNT.




$$
