000
CDUS43 KDTX 250539
CLIFNT


CLIMATE REPORT
NATIONAL WEATHER SERVICE DETROIT/PONTIAC MI
138 AM EDT MON AUG 25 2014


...................................

...THE FLINT MI CLIMATE SUMMARY FOR AUGUST 24 2014...

CLIMATE NORMAL PERIOD 1981 TO 2010
CLIMATE RECORD PERIOD 1921 TO 2014


WEATHER ITEM   OBSERVED TIME   RECORD YEAR NORMAL DEPARTURE LAST
                VALUE   (LST)  VALUE       VALUE  FROM      YEAR
                                                  NORMAL
..................................................................
TEMPERATURE (F)
 YESTERDAY
  MAXIMUM         81    323 PM 101    1947  79      2       84
  MINIMUM         64    453 AM  40    1987  57      7       51
                                      1951
  AVERAGE         73                        68      5       68

PRECIPITATION (IN)
  YESTERDAY        0.00          2.64 1985   0.09  -0.09     0.00
  MONTH TO DATE    3.73                      2.44   1.29     1.33
  SINCE JUN 1     11.95                      8.83   3.12     7.58
  SINCE JAN 1     26.90                     19.82   7.08    24.34

SNOWFALL (IN)
  YESTERDAY        0.0           0.0    MM   0.0    0.0      0.0
  MONTH TO DATE    0.0                       0.0    0.0      0.0
  SINCE JUN 1      0.0                       0.0    0.0      0.0
  SINCE JUL 1      0.0                       0.0    0.0      0.0
  SNOW DEPTH       0

DEGREE DAYS
 HEATING
  YESTERDAY        0                         1     -1        0
  MONTH TO DATE    7                        23    -16       13
  SINCE JUN 1     46                       104    -58       63
  SINCE JUL 1     24                        38    -14       22

 COOLING
  YESTERDAY        8                         4      4        3
  MONTH TO DATE  142                       121     21       90
  SINCE JUN 1    423                       420      3      513
  SINCE JAN 1    471                       452     19      592
..................................................................


WIND (MPH)
  HIGHEST WIND SPEED    14   HIGHEST WIND DIRECTION     E (90)
  HIGHEST GUST SPEED    16   HIGHEST GUST DIRECTION     E (80)
  AVERAGE WIND SPEED     6.9


SKY COVER
  POSSIBLE SUNSHINE  MM
  AVERAGE SKY COVER 0.5


WEATHER CONDITIONS
 THE FOLLOWING WEATHER WAS RECORDED YESTERDAY.
  FOG
  HAZE


RELATIVE HUMIDITY (PERCENT)
 HIGHEST    87           100 AM
 LOWEST     62           200 PM
 AVERAGE    75

..........................................................


THE FLINT MI CLIMATE NORMALS FOR TODAY
                         NORMAL    RECORD    YEAR
 MAXIMUM TEMPERATURE (F)   79        95      1948
 MINIMUM TEMPERATURE (F)   57        41      1923


SUNRISE AND SUNSET
AUGUST 25 2014........SUNRISE   652 AM EDT   SUNSET   821 PM EDT
AUGUST 26 2014........SUNRISE   653 AM EDT   SUNSET   820 PM EDT


-  INDICATES NEGATIVE NUMBERS.
R  INDICATES RECORD WAS SET OR TIED.
MM INDICATES DATA IS MISSING.
T  INDICATES TRACE AMOUNT.




$$
