000
CDUS43 KDTX 042043
CLIFNT


CLIMATE REPORT
NATIONAL WEATHER SERVICE DETROIT/PONTIAC MI
443 PM EDT WED OCT 4 2017


...................................

...THE FLINT MI CLIMATE SUMMARY FOR OCTOBER 4 2017...
VALID TODAY AS OF 0400 PM LOCAL TIME.

CLIMATE NORMAL PERIOD 1981 TO 2010
CLIMATE RECORD PERIOD 1921 TO 2017


WEATHER ITEM   OBSERVED TIME   RECORD YEAR NORMAL DEPARTURE LAST
                VALUE   (LST)  VALUE       VALUE  FROM      YEAR
                                                  NORMAL
..................................................................
TEMPERATURE (F)
 TODAY
  MAXIMUM         74    245 PM  88    1951  65      9       73
  MINIMUM         70    222 PM  27    1996  43     27       47
  AVERAGE         72                        54     18       60

PRECIPITATION (IN)
  TODAY            0.07          1.21 2006   0.09  -0.02     0.00
  MONTH TO DATE    0.07                      0.38  -0.31     0.22
  SINCE SEP 1      0.91                      4.13  -3.22     4.63
  SINCE JAN 1     26.60                     24.69   1.91    24.18

SNOWFALL (IN)
  TODAY            0.0           0.0    MM   0.0    0.0      0.0
  MONTH TO DATE    0.0                       0.0    0.0      0.0
  SINCE SEP 1      0.0                       0.0    0.0      0.0
  SINCE JUL 1      0.0                       0.0    0.0      0.0
  SNOW DEPTH       0

DEGREE DAYS
 HEATING
  TODAY            0                        12    -12        5
  MONTH TO DATE   19                        45    -26       24
  SINCE SEP 1    142                       211    -69       94
  SINCE JUL 1    174                       255    -81       94

 COOLING
  TODAY            7                         0      7        0
  MONTH TO DATE   10                         2      8        0
  SINCE SEP 1    105                        51     54       72
  SINCE JAN 1    562                       528     34     1011
..................................................................


WIND (MPH)
  HIGHEST WIND SPEED    20   HIGHEST WIND DIRECTION    SW (230)
  HIGHEST GUST SPEED    26   HIGHEST GUST DIRECTION     W (250)
  AVERAGE WIND SPEED    11.8


SKY COVER
  POSSIBLE SUNSHINE  MM
  AVERAGE SKY COVER 0.9


WEATHER CONDITIONS
 THE FOLLOWING WEATHER WAS RECORDED TODAY.
  LIGHT RAIN
  FOG


RELATIVE HUMIDITY (PERCENT)
 HIGHEST    84          1000 AM
 LOWEST     64          1200 AM
 AVERAGE    74

..........................................................


THE FLINT MI CLIMATE NORMALS FOR TOMORROW
                         NORMAL    RECORD    YEAR
 MAXIMUM TEMPERATURE (F)   64        88      1922
 MINIMUM TEMPERATURE (F)   43        25      2004


SUNRISE AND SUNSET
OCTOBER  4 2017.......SUNRISE   736 AM EDT   SUNSET   710 PM EDT
OCTOBER  5 2017.......SUNRISE   737 AM EDT   SUNSET   709 PM EDT


-  INDICATES NEGATIVE NUMBERS.
R  INDICATES RECORD WAS SET OR TIED.
MM INDICATES DATA IS MISSING.
T  INDICATES TRACE AMOUNT.




$$
