000
CDUS43 KDTX 180537
CLIFNT


CLIMATE REPORT
NATIONAL WEATHER SERVICE DETROIT/PONTIAC MI
1237 AM EST TUE NOV 18 2014


...................................

...THE FLINT MI CLIMATE SUMMARY FOR NOVEMBER 17 2014...

CLIMATE NORMAL PERIOD 1981 TO 2010
CLIMATE RECORD PERIOD 1921 TO 2014


WEATHER ITEM   OBSERVED TIME   RECORD YEAR NORMAL DEPARTURE LAST
                VALUE   (LST)  VALUE       VALUE  FROM      YEAR
                                                  NORMAL
..................................................................
TEMPERATURE (F)
 YESTERDAY
  MAXIMUM         32    205 AM  70    1953  46    -14       64
  MINIMUM         18   1159 PM   9    1959  31    -13       44
  AVERAGE         25                        38    -13       54

PRECIPITATION (IN)
  YESTERDAY        0.04          1.93 1952   0.09  -0.05     0.71
  MONTH TO DATE    0.37                      1.55  -1.18     1.47
  SINCE SEP 1      5.47                      7.77  -2.30     4.99
  SINCE JAN 1     32.46                     28.33   4.13    30.58

SNOWFALL (IN)
  YESTERDAY        1.0           2.9  1989   0.1    0.9      0.0
  MONTH TO DATE    2.4                       0.7    1.7      0.4
  SINCE SEP 1      3.1                       1.1    2.0      0.4
  SINCE JUL 1      3.1                       1.1    2.0      0.4
  SNOW DEPTH       0

DEGREE DAYS
 HEATING
  YESTERDAY       40                        27     13       11
  MONTH TO DATE  446                       401     45      383
  SINCE SEP 1   1004                      1053    -49      927
  SINCE JUL 1   1028                      1097    -69      949

 COOLING
  YESTERDAY        0                         0      0        0
  MONTH TO DATE    0                         0      0        0
  SINCE SEP 1     65                        54     11       88
  SINCE JAN 1    597                       531     66      758
..................................................................


WIND (MPH)
  HIGHEST WIND SPEED    25   HIGHEST WIND DIRECTION     W (270)
  HIGHEST GUST SPEED    30   HIGHEST GUST DIRECTION     W (280)
  AVERAGE WIND SPEED    11.9


SKY COVER
  POSSIBLE SUNSHINE  MM
  AVERAGE SKY COVER 0.9


WEATHER CONDITIONS
 THE FOLLOWING WEATHER WAS RECORDED YESTERDAY.
  SNOW
  LIGHT SNOW
  HAZE


RELATIVE HUMIDITY (PERCENT)
 HIGHEST    85           400 AM
 LOWEST     53           100 PM
 AVERAGE    69

..........................................................


THE FLINT MI CLIMATE NORMALS FOR TODAY
                         NORMAL    RECORD    YEAR
 MAXIMUM TEMPERATURE (F)   46        68      1975
                                             1958
                                             1953
 MINIMUM TEMPERATURE (F)   30        11      1959


SUNRISE AND SUNSET
NOVEMBER 18 2014......SUNRISE   731 AM EST   SUNSET   509 PM EST
NOVEMBER 19 2014......SUNRISE   732 AM EST   SUNSET   508 PM EST


-  INDICATES NEGATIVE NUMBERS.
R  INDICATES RECORD WAS SET OR TIED.
MM INDICATES DATA IS MISSING.
T  INDICATES TRACE AMOUNT.




$$
