000
CDUS43 KDTX 042047
CLIFNT


CLIMATE REPORT
NATIONAL WEATHER SERVICE DETROIT/PONTIAC MI
444 PM EDT FRI AUG 4 2017


...................................

...THE FLINT MI CLIMATE SUMMARY FOR AUGUST 4 2017...
VALID TODAY AS OF 0400 PM LOCAL TIME.

CLIMATE NORMAL PERIOD 1981 TO 2010
CLIMATE RECORD PERIOD 1921 TO 2017


WEATHER ITEM   OBSERVED TIME   RECORD YEAR NORMAL DEPARTURE LAST
                VALUE   (LST)  VALUE       VALUE  FROM      YEAR
                                                  NORMAL
..................................................................
TEMPERATURE (F)
 TODAY
  MAXIMUM         73   1052 AM  97    1944  81     -8       95
                                      1930
  MINIMUM         64    243 PM  45    1970  59      5       64
  AVERAGE         69                        70     -1       80

PRECIPITATION (IN)
  TODAY            0.07          2.42 1956   0.10  -0.03     0.00
  MONTH TO DATE    1.26                      0.42   0.84     0.00
  SINCE JUN 1      6.64                      6.81  -0.17     2.42
  SINCE JAN 1     23.07                     17.80   5.27    14.65

SNOWFALL (IN)
  TODAY            0.0           0.0    MM   0.0    0.0      0.0
  MONTH TO DATE    0.0                       0.0    0.0      0.0
  SINCE JUN 1      0.0                       0.0    0.0      0.0
  SINCE JUL 1      0.0                       0.0    0.0      0.0
  SNOW DEPTH       0

DEGREE DAYS
 HEATING
  TODAY            0                         1     -1        0
  MONTH TO DATE    0                         3     -3        0
  SINCE JUN 1     40                        84    -44       28
  SINCE JUL 1      1                        18    -17        0

 COOLING
  TODAY            4                         6     -2       15
  MONTH TO DATE   27                        24      3       53
  SINCE JUN 1    361                       323     38      580
  SINCE JAN 1    386                       355     31      659
..................................................................


WIND (MPH)
  HIGHEST WIND SPEED    24   HIGHEST WIND DIRECTION    SW (240)
  HIGHEST GUST SPEED    32   HIGHEST GUST DIRECTION     W (250)
  AVERAGE WIND SPEED    12.9


SKY COVER
  POSSIBLE SUNSHINE  MM
  AVERAGE SKY COVER 0.5


WEATHER CONDITIONS
 THE FOLLOWING WEATHER WAS RECORDED TODAY.
  THUNDERSTORM
  LIGHT RAIN
  FOG


RELATIVE HUMIDITY (PERCENT)
 HIGHEST    93          1200 AM
 LOWEST     53          1200 PM
 AVERAGE    73

..........................................................


THE FLINT MI CLIMATE NORMALS FOR TOMORROW
                         NORMAL    RECORD    YEAR
 MAXIMUM TEMPERATURE (F)   81       100      1931
 MINIMUM TEMPERATURE (F)   59        44      1971


SUNRISE AND SUNSET
AUGUST  4 2017........SUNRISE   629 AM EDT   SUNSET   852 PM EDT
AUGUST  5 2017........SUNRISE   630 AM EDT   SUNSET   851 PM EDT


-  INDICATES NEGATIVE NUMBERS.
R  INDICATES RECORD WAS SET OR TIED.
MM INDICATES DATA IS MISSING.
T  INDICATES TRACE AMOUNT.




$$
