000
CDUS43 KDTX 270538
CLIFNT


CLIMATE REPORT
NATIONAL WEATHER SERVICE DETROIT/PONTIAC MI
138 AM EDT SUN JUL 27 2014


...................................

...THE FLINT MI CLIMATE SUMMARY FOR JULY 26 2014...

CLIMATE NORMAL PERIOD 1981 TO 2010
CLIMATE RECORD PERIOD 1921 TO 2014


WEATHER ITEM   OBSERVED TIME   RECORD YEAR NORMAL DEPARTURE LAST
                VALUE   (LST)  VALUE       VALUE  FROM      YEAR
                                                  NORMAL
..................................................................
TEMPERATURE (F)
 YESTERDAY
  MAXIMUM         84    310 PM  99    1941  82      2       81
  MINIMUM         60    357 AM  48    1977  59      1       60
  AVERAGE         72                        70      2       71

PRECIPITATION (IN)
  YESTERDAY        T             1.50 2005   0.12  -0.12     0.08
  MONTH TO DATE    4.68                      2.73   1.95     0.80
  SINCE JUN 1      7.14                      5.80   1.34     5.31
  SINCE JAN 1     22.09                     16.79   5.30    22.07

SNOWFALL (IN)
  YESTERDAY        0.0           0.0    MM   0.0    0.0      0.0
  MONTH TO DATE    0.0                       0.0    0.0      0.0
  SINCE JUN 1      0.0                       0.0    0.0      0.0
  SINCE JUL 1      0.0                       0.0    0.0      0.0
  SNOW DEPTH       0

DEGREE DAYS
 HEATING
  YESTERDAY        0                         0      0        0
  MONTH TO DATE    8                        10     -2        3
  SINCE JUN 1     30                        76    -46       44
  SINCE JUL 1      8                        10     -2        3

 COOLING
  YESTERDAY        7                         6      1        6
  MONTH TO DATE  119                       156    -37      261
  SINCE JUN 1    271                       268      3      420
  SINCE JAN 1    319                       300     19      499
..................................................................


WIND (MPH)
  HIGHEST WIND SPEED    12   HIGHEST WIND DIRECTION    SW (240)
  HIGHEST GUST SPEED    15   HIGHEST GUST DIRECTION    SW (240)
  AVERAGE WIND SPEED     5.8


SKY COVER
  POSSIBLE SUNSHINE  MM
  AVERAGE SKY COVER 0.4


WEATHER CONDITIONS
 THE FOLLOWING WEATHER WAS RECORDED YESTERDAY.
  LIGHT RAIN


RELATIVE HUMIDITY (PERCENT)
 HIGHEST    84           300 AM
 LOWEST     51           100 PM
 AVERAGE    68

..........................................................


THE FLINT MI CLIMATE NORMALS FOR TODAY
                         NORMAL    RECORD    YEAR
 MAXIMUM TEMPERATURE (F)   82        98      1941
                                             1930
 MINIMUM TEMPERATURE (F)   59        45      1977
                                             1962


SUNRISE AND SUNSET
JULY 27 2014..........SUNRISE   621 AM EDT   SUNSET   902 PM EDT
JULY 28 2014..........SUNRISE   622 AM EDT   SUNSET   900 PM EDT


-  INDICATES NEGATIVE NUMBERS.
R  INDICATES RECORD WAS SET OR TIED.
MM INDICATES DATA IS MISSING.
T  INDICATES TRACE AMOUNT.




$$
