000
CDUS43 KDTX 170539
CLIFNT


CLIMATE REPORT
NATIONAL WEATHER SERVICE DETROIT/PONTIAC MI
139 AM EDT FRI MAR 17 2017


...................................

...THE FLINT MI CLIMATE SUMMARY FOR MARCH 16 2017...

CLIMATE NORMAL PERIOD 1981 TO 2010
CLIMATE RECORD PERIOD 1921 TO 2017


WEATHER ITEM   OBSERVED TIME   RECORD YEAR NORMAL DEPARTURE LAST
                VALUE   (LST)  VALUE       VALUE  FROM      YEAR
                                                  NORMAL
..................................................................
TEMPERATURE (F)
 YESTERDAY
  MAXIMUM         39    410 PM  75    2012  43     -4       59
  MINIMUM         15    644 AM   6    1992  25    -10       44
  AVERAGE         27                        34     -7       52

PRECIPITATION (IN)
  YESTERDAY        0.00          1.92 1942   0.06  -0.06     0.15
  MONTH TO DATE    0.55                      0.89  -0.34     1.56
  SINCE MAR 1      0.55                      0.89  -0.34     1.56
  SINCE JAN 1      6.10                      4.00   2.10     5.41

SNOWFALL (IN)
  YESTERDAY        0.0           2.3  2013   0.2   -0.2      0.0
  MONTH TO DATE    3.7                       4.1   -0.4     11.2
  SINCE MAR 1      3.7                       4.1   -0.4     11.2
  SINCE JUL 1     36.2                      42.7   -6.5     61.8
  SNOW DEPTH       2

DEGREE DAYS
 HEATING
  YESTERDAY       38                        31      7       13
  MONTH TO DATE  575                       540     35      376
  SINCE MAR 1    575                       540     35      376
  SINCE JUL 1   4724                      5628   -904     4246

 COOLING
  YESTERDAY        0                         0      0        0
  MONTH TO DATE    0                         0      0        1
  SINCE MAR 1      0                         0      0        1
  SINCE JAN 1      0                         0      0        1
..................................................................


WIND (MPH)
  HIGHEST WIND SPEED    18   HIGHEST WIND DIRECTION    NW (300)
  HIGHEST GUST SPEED    23   HIGHEST GUST DIRECTION     W (290)
  AVERAGE WIND SPEED     9.2


SKY COVER
  POSSIBLE SUNSHINE  MM
  AVERAGE SKY COVER 0.0


WEATHER CONDITIONS
 THE FOLLOWING WEATHER WAS RECORDED YESTERDAY.
  NO SIGNIFICANT WEATHER WAS OBSERVED.


RELATIVE HUMIDITY (PERCENT)
 HIGHEST    88           400 AM
 LOWEST     38           200 PM
 AVERAGE    63

..........................................................


THE FLINT MI CLIMATE NORMALS FOR TODAY
                         NORMAL    RECORD    YEAR
 MAXIMUM TEMPERATURE (F)   44        79      2012
 MINIMUM TEMPERATURE (F)   25        -5      1926


SUNRISE AND SUNSET
MARCH 17 2017.........SUNRISE   743 AM EDT   SUNSET   744 PM EDT
MARCH 18 2017.........SUNRISE   741 AM EDT   SUNSET   745 PM EDT


-  INDICATES NEGATIVE NUMBERS.
R  INDICATES RECORD WAS SET OR TIED.
MM INDICATES DATA IS MISSING.
T  INDICATES TRACE AMOUNT.




$$
