000
CDUS43 KDTX 242042
CLIFNT


CLIMATE REPORT
NATIONAL WEATHER SERVICE DETROIT/PONTIAC MI
441 PM EDT WED JUN 24 2015


...................................

...THE FLINT MI CLIMATE SUMMARY FOR JUNE 24 2015...
VALID TODAY AS OF 0400 PM LOCAL TIME.

CLIMATE NORMAL PERIOD 1981 TO 2010
CLIMATE RECORD PERIOD 1921 TO 2015


WEATHER ITEM   OBSERVED TIME   RECORD YEAR NORMAL DEPARTURE LAST
                VALUE   (LST)  VALUE       VALUE  FROM      YEAR
                                                  NORMAL
..................................................................
TEMPERATURE (F)
 TODAY
  MAXIMUM         82    253 PM  95    1934  80      2       77
                                      1923
  MINIMUM         51    448 AM  42    1979  58     -7       66
  AVERAGE         67                        69     -2       72

PRECIPITATION (IN)
  TODAY            0.00          1.90 1975   0.10  -0.10     0.71
  MONTH TO DATE    4.79                      2.48   2.31     2.24
  SINCE JUN 1      4.79                      2.48   2.31     2.24
  SINCE JAN 1     12.91                     13.47  -0.56    17.19

SNOWFALL (IN)
  TODAY            0.0           0.0    MM   0.0    0.0      0.0
  MONTH TO DATE    0.0                       0.0    0.0      0.0
  SINCE JUN 1      0.0                       0.0    0.0      0.0
  SINCE JUL 1     45.3                      47.4   -2.1     83.9
  SNOW DEPTH       0

DEGREE DAYS
 HEATING
  TODAY            0                         1     -1        0
  MONTH TO DATE   26                        60    -34       22
  SINCE JUN 1     26                        60    -34       22
  SINCE JUL 1   6946                      6947     -1     7479

 COOLING
  TODAY            2                         5     -3        7
  MONTH TO DATE  105                        79     26      100
  SINCE JUN 1    105                        79     26      100
  SINCE JAN 1    180                       111     69      148
..................................................................


WIND (MPH)
  HIGHEST WIND SPEED    13   HIGHEST WIND DIRECTION     W (280)
  HIGHEST GUST SPEED    17   HIGHEST GUST DIRECTION     W (280)
  AVERAGE WIND SPEED     4.3


SKY COVER
  POSSIBLE SUNSHINE  MM
  AVERAGE SKY COVER 0.0


WEATHER CONDITIONS
 THE FOLLOWING WEATHER WAS RECORDED TODAY.
  FOG
  HAZE


RELATIVE HUMIDITY (PERCENT)
 HIGHEST    89           400 AM
 LOWEST     34           300 PM
 AVERAGE    62

..........................................................


THE FLINT MI CLIMATE NORMALS FOR TOMORROW
                         NORMAL    RECORD    YEAR
 MAXIMUM TEMPERATURE (F)   81       101      1988
 MINIMUM TEMPERATURE (F)   58        40      1979


SUNRISE AND SUNSET
JUNE 24 2015..........SUNRISE   557 AM EDT   SUNSET   918 PM EDT
JUNE 25 2015..........SUNRISE   557 AM EDT   SUNSET   918 PM EDT


-  INDICATES NEGATIVE NUMBERS.
R  INDICATES RECORD WAS SET OR TIED.
MM INDICATES DATA IS MISSING.
T  INDICATES TRACE AMOUNT.




$$
