000
CDUS43 KDTX 120547
CLIFNT


CLIMATE REPORT
NATIONAL WEATHER SERVICE DETROIT/PONTIAC MI
147 AM EDT THU MAY 12 2016


...................................

...THE FLINT MI CLIMATE SUMMARY FOR MAY 11 2016...

CLIMATE NORMAL PERIOD 1981 TO 2010
CLIMATE RECORD PERIOD 1921 TO 2016


WEATHER ITEM   OBSERVED TIME   RECORD YEAR NORMAL DEPARTURE LAST
                VALUE   (LST)  VALUE       VALUE  FROM      YEAR
                                                  NORMAL
..................................................................
TEMPERATURE (F)
 YESTERDAY
  MAXIMUM         73    446 PM  90    1922  67      6       77
  MINIMUM         52    516 AM  29    1945  44      8       51
  AVERAGE         63                        55      8       64

PRECIPITATION (IN)
  YESTERDAY        T             1.48 1943   0.09  -0.09     0.18
  MONTH TO DATE    0.73                      1.08  -0.35     1.53
  SINCE MAR 1      7.39                      5.88   1.51     4.08
  SINCE JAN 1     11.24                      8.99   2.25     6.25

SNOWFALL (IN)
  YESTERDAY        0.0           0.0    MM   0.0    0.0      0.0
  MONTH TO DATE    0.0                       0.0    0.0      0.0
  SINCE MAR 1     18.4                       8.8    9.6      4.8
  SINCE JUL 1     69.0                      47.4   21.6     45.3
  SNOW DEPTH       0

DEGREE DAYS
 HEATING
  YESTERDAY        2                        10     -8        1
  MONTH TO DATE  105                       129    -24       25
  SINCE MAR 1   1384                      1648   -264     1506
  SINCE JUL 1   5254                      6736  -1482     6814

 COOLING
  YESTERDAY        0                         1     -1        0
  MONTH TO DATE    0                         3     -3       22
  SINCE MAR 1      1                         7     -6       22
  SINCE JAN 1      1                         7     -6       22
..................................................................


WIND (MPH)
  HIGHEST WIND SPEED    16   HIGHEST WIND DIRECTION     E (100)
  HIGHEST GUST SPEED    19   HIGHEST GUST DIRECTION     E (100)
  AVERAGE WIND SPEED     7.5


SKY COVER
  POSSIBLE SUNSHINE  MM
  AVERAGE SKY COVER 0.5


WEATHER CONDITIONS
 THE FOLLOWING WEATHER WAS RECORDED YESTERDAY.
  LIGHT RAIN


RELATIVE HUMIDITY (PERCENT)
 HIGHEST    78           900 PM
 LOWEST     52          1000 AM
 AVERAGE    65

..........................................................


THE FLINT MI CLIMATE NORMALS FOR TODAY
                         NORMAL    RECORD    YEAR
 MAXIMUM TEMPERATURE (F)   67        88      1991
 MINIMUM TEMPERATURE (F)   44        29      1946


SUNRISE AND SUNSET
MAY 12 2016...........SUNRISE   615 AM EDT   SUNSET   849 PM EDT
MAY 13 2016...........SUNRISE   613 AM EDT   SUNSET   850 PM EDT


-  INDICATES NEGATIVE NUMBERS.
R  INDICATES RECORD WAS SET OR TIED.
MM INDICATES DATA IS MISSING.
T  INDICATES TRACE AMOUNT.




$$
