000
CDUS43 KDTX 220538
CLIFNT


CLIMATE REPORT
NATIONAL WEATHER SERVICE DETROIT/PONTIAC MI
1238 AM EST THU JAN 22 2015


...................................

...THE FLINT MI CLIMATE SUMMARY FOR JANUARY 21 2015...

CLIMATE NORMAL PERIOD 1981 TO 2010
CLIMATE RECORD PERIOD 1921 TO 2015


WEATHER ITEM   OBSERVED TIME   RECORD YEAR NORMAL DEPARTURE LAST
                VALUE   (LST)  VALUE       VALUE  FROM      YEAR
                                                  NORMAL
..................................................................
TEMPERATURE (F)
 YESTERDAY
  MAXIMUM         28    428 PM  55    1934  29     -1        9
  MINIMUM         22   1159 PM -16    1984  15      7       -9
  AVERAGE         25                        22      3        0

PRECIPITATION (IN)
  YESTERDAY        0.10          0.60 1993   0.05   0.05     0.00
  MONTH TO DATE    1.19                      1.16   0.03     2.16
  SINCE DEC 1      2.83                      3.08  -0.25     4.01
  SINCE JAN 1      1.19                      1.16   0.03     2.16

SNOWFALL (IN)
  YESTERDAY        1.8           5.1    MM   0.4    1.4      0.0
  MONTH TO DATE   12.4                       8.9    3.5     25.1
  SINCE DEC 1     13.0                      20.7   -7.7     42.0
  SINCE JUL 1     22.4                      23.6   -1.2     43.6
  SNOW DEPTH       4

DEGREE DAYS
 HEATING
  YESTERDAY       40                        43     -3       65
  MONTH TO DATE  940                       892     48      972
  SINCE DEC 1   1930                      2056   -126     2203
  SINCE JUL 1   3394                      3537   -143     3602

 COOLING
  YESTERDAY        0                         0      0        0
  MONTH TO DATE    0                         0      0        0
  SINCE DEC 1      0                         0      0        0
  SINCE JAN 1      0                         0      0        0
..................................................................


WIND (MPH)
  HIGHEST WIND SPEED    12   HIGHEST WIND DIRECTION     E (80)
  HIGHEST GUST SPEED    16   HIGHEST GUST DIRECTION    SE (120)
  AVERAGE WIND SPEED     7.3


SKY COVER
  POSSIBLE SUNSHINE  MM
  AVERAGE SKY COVER 1.0


WEATHER CONDITIONS
 THE FOLLOWING WEATHER WAS RECORDED YESTERDAY.
  LIGHT SNOW
  FOG
  HAZE


RELATIVE HUMIDITY (PERCENT)
 HIGHEST    81          1200 AM
 LOWEST     75           700 AM
 AVERAGE    78

..........................................................


THE FLINT MI CLIMATE NORMALS FOR TODAY
                         NORMAL    RECORD    YEAR
 MAXIMUM TEMPERATURE (F)   29        55      1933
 MINIMUM TEMPERATURE (F)   15       -13      2014
                                             2000


SUNRISE AND SUNSET
JANUARY 22 2015.......SUNRISE   759 AM EST   SUNSET   534 PM EST
JANUARY 23 2015.......SUNRISE   758 AM EST   SUNSET   536 PM EST


-  INDICATES NEGATIVE NUMBERS.
R  INDICATES RECORD WAS SET OR TIED.
MM INDICATES DATA IS MISSING.
T  INDICATES TRACE AMOUNT.




$$
