000
CDUS43 KDTX 040535
CLIFNT


CLIMATE REPORT
NATIONAL WEATHER SERVICE DETROIT/PONTIAC MI
135 AM EDT FRI AUG 4 2017


...................................

...THE FLINT MI CLIMATE SUMMARY FOR AUGUST 3 2017...

CLIMATE NORMAL PERIOD 1981 TO 2010
CLIMATE RECORD PERIOD 1921 TO 2017


WEATHER ITEM   OBSERVED TIME   RECORD YEAR NORMAL DEPARTURE LAST
                VALUE   (LST)  VALUE       VALUE  FROM      YEAR
                                                  NORMAL
..................................................................
TEMPERATURE (F)
 YESTERDAY
  MAXIMUM         82    135 PM  98    1930  81      1       93
  MINIMUM         61    548 AM  41    1965  59      2       62
  AVERAGE         72                        70      2       78

PRECIPITATION (IN)
  YESTERDAY        0.04          1.66 2006   0.11  -0.07     0.00
  MONTH TO DATE    1.19                      0.32   0.87     0.00
  SINCE JUN 1      6.57                      6.71  -0.14     2.42
  SINCE JAN 1     23.00                     17.70   5.30    14.65

SNOWFALL (IN)
  YESTERDAY        0.0           0.0    MM   0.0    0.0      0.0
  MONTH TO DATE    0.0                       0.0    0.0      0.0
  SINCE JUN 1      0.0                       0.0    0.0      0.0
  SINCE JUL 1      0.0                       0.0    0.0      0.0
  SNOW DEPTH       0

DEGREE DAYS
 HEATING
  YESTERDAY        0                         1     -1        0
  MONTH TO DATE    0                         2     -2        0
  SINCE JUN 1     40                        83    -43       28
  SINCE JUL 1      1                        17    -16        0

 COOLING
  YESTERDAY        7                         6      1       13
  MONTH TO DATE   23                        18      5       38
  SINCE JUN 1    357                       317     40      565
  SINCE JAN 1    382                       349     33      644
..................................................................


WIND (MPH)
  HIGHEST WIND SPEED    17   HIGHEST WIND DIRECTION    SE (150)
  HIGHEST GUST SPEED    22   HIGHEST GUST DIRECTION    SE (130)
  AVERAGE WIND SPEED     5.4


SKY COVER
  POSSIBLE SUNSHINE  MM
  AVERAGE SKY COVER 0.3


WEATHER CONDITIONS
 THE FOLLOWING WEATHER WAS RECORDED YESTERDAY.
  THUNDERSTORM
  LIGHT RAIN
  FOG
  FOG W/VISIBILITY <= 1/4 MILE
  HAZE


RELATIVE HUMIDITY (PERCENT)
 HIGHEST   100           100 AM
 LOWEST     62           200 PM
 AVERAGE    81

..........................................................


THE FLINT MI CLIMATE NORMALS FOR TODAY
                         NORMAL    RECORD    YEAR
 MAXIMUM TEMPERATURE (F)   81        97      1944
                                             1930
 MINIMUM TEMPERATURE (F)   59        45      1970


SUNRISE AND SUNSET
AUGUST  4 2017........SUNRISE   629 AM EDT   SUNSET   852 PM EDT
AUGUST  5 2017........SUNRISE   630 AM EDT   SUNSET   851 PM EDT


-  INDICATES NEGATIVE NUMBERS.
R  INDICATES RECORD WAS SET OR TIED.
MM INDICATES DATA IS MISSING.
T  INDICATES TRACE AMOUNT.




$$
