000
CDUS43 KDTX 240535
CLIFNT


CLIMATE REPORT
NATIONAL WEATHER SERVICE DETROIT/PONTIAC MI
135 AM EDT WED SEP 24 2014


...................................

...THE FLINT MI CLIMATE SUMMARY FOR SEPTEMBER 23 2014...

CLIMATE NORMAL PERIOD 1981 TO 2010
CLIMATE RECORD PERIOD 1921 TO 2014


WEATHER ITEM   OBSERVED TIME   RECORD YEAR NORMAL DEPARTURE LAST
                VALUE   (LST)  VALUE       VALUE  FROM      YEAR
                                                  NORMAL
..................................................................
TEMPERATURE (F)
 YESTERDAY
  MAXIMUM         75    251 PM  89    1936  69      6       62
  MINIMUM         43    555 AM  27    1995  47     -4       34
  AVERAGE         59                        58      1       48

PRECIPITATION (IN)
  YESTERDAY        0.00          2.14 2000   0.12  -0.12     0.00
  MONTH TO DATE    3.17                      2.92   0.25     0.43
  SINCE SEP 1      3.17                      2.92   0.25     0.43
  SINCE JAN 1     30.16                     23.48   6.68    26.02

SNOWFALL (IN)
  YESTERDAY        0.0           0.0    MM   0.0    0.0      0.0
  MONTH TO DATE    0.0                       0.0    0.0      0.0
  SINCE SEP 1      0.0                       0.0    0.0      0.0
  SINCE JUL 1      0.0                       0.0    0.0      0.0
  SNOW DEPTH       0

DEGREE DAYS
 HEATING
  YESTERDAY        6                         8     -2       17
  MONTH TO DATE  119                       101     18      112
  SINCE SEP 1    119                       101     18      112
  SINCE JUL 1    143                       145     -2      134

 COOLING
  YESTERDAY        0                         1     -1        0
  MONTH TO DATE   64                        42     22       73
  SINCE SEP 1     64                        42     22       73
  SINCE JAN 1    596                       519     77      743
..................................................................


WIND (MPH)
  HIGHEST WIND SPEED    12   HIGHEST WIND DIRECTION     W (270)
  HIGHEST GUST SPEED    18   HIGHEST GUST DIRECTION     W (280)
  AVERAGE WIND SPEED     4.1


SKY COVER
  POSSIBLE SUNSHINE  MM
  AVERAGE SKY COVER 0.0


WEATHER CONDITIONS
 THE FOLLOWING WEATHER WAS RECORDED YESTERDAY.
  FOG
  HAZE


RELATIVE HUMIDITY (PERCENT)
 HIGHEST    93           300 AM
 LOWEST     46           300 PM
 AVERAGE    70

..........................................................


THE FLINT MI CLIMATE NORMALS FOR TODAY
                         NORMAL    RECORD    YEAR
 MAXIMUM TEMPERATURE (F)   69        89      2007
 MINIMUM TEMPERATURE (F)   47        31      1989


SUNRISE AND SUNSET
SEPTEMBER 24 2014.....SUNRISE   724 AM EDT   SUNSET   729 PM EDT
SEPTEMBER 25 2014.....SUNRISE   725 AM EDT   SUNSET   727 PM EDT


-  INDICATES NEGATIVE NUMBERS.
R  INDICATES RECORD WAS SET OR TIED.
MM INDICATES DATA IS MISSING.
T  INDICATES TRACE AMOUNT.




$$
