000
CDUS43 KDTX 210538
CLIFNT


CLIMATE REPORT
NATIONAL WEATHER SERVICE DETROIT/PONTIAC MI
137 AM EDT FRI APR 21 2017


...................................

...THE FLINT MI CLIMATE SUMMARY FOR APRIL 20 2017...

CLIMATE NORMAL PERIOD 1981 TO 2010
CLIMATE RECORD PERIOD 1921 TO 2017


WEATHER ITEM   OBSERVED TIME   RECORD YEAR NORMAL DEPARTURE LAST
                VALUE   (LST)  VALUE       VALUE  FROM      YEAR
                                                  NORMAL
..................................................................
TEMPERATURE (F)
 YESTERDAY
  MAXIMUM         62    723 PM  83    1987  59      3       68
  MINIMUM         45    838 AM  24    1956  37      8       38
                                      1928
  AVERAGE         54                        48      6       53

PRECIPITATION (IN)
  YESTERDAY        0.87          2.25 2000   0.09   0.78     0.00
  MONTH TO DATE    3.95                      1.94   2.01     1.41
  SINCE MAR 1      7.16                      3.85   3.31     5.74
  SINCE JAN 1     12.71                      6.96   5.75     9.59

SNOWFALL (IN)
  YESTERDAY        0.0           0.1    MM   0.0    0.0      0.0
  MONTH TO DATE    1.5                       2.0   -0.5      6.8
  SINCE MAR 1      6.9                       8.5   -1.6     18.4
  SINCE JUL 1     39.4                      47.1   -7.7     69.0
  SNOW DEPTH       0

DEGREE DAYS
 HEATING
  YESTERDAY       11                        17     -6       12
  MONTH TO DATE  287                       411   -124      423
  SINCE MAR 1   1245                      1368   -123     1137
  SINCE JUL 1   5394                      6456  -1062     5007

 COOLING
  YESTERDAY        0                         0      0        0
  MONTH TO DATE    1                         0      1        0
  SINCE MAR 1      1                         0      1        1
  SINCE JAN 1      1                         0      1        1
..................................................................


WIND (MPH)
  HIGHEST WIND SPEED    30   HIGHEST WIND DIRECTION    NW (310)
  HIGHEST GUST SPEED    38   HIGHEST GUST DIRECTION    NW (300)
  AVERAGE WIND SPEED     9.9


SKY COVER
  POSSIBLE SUNSHINE  MM
  AVERAGE SKY COVER 0.8


WEATHER CONDITIONS
 THE FOLLOWING WEATHER WAS RECORDED YESTERDAY.
  THUNDERSTORM
  RAIN
  LIGHT RAIN
  FOG


RELATIVE HUMIDITY (PERCENT)
 HIGHEST    93           800 AM
 LOWEST     80           100 AM
 AVERAGE    87

..........................................................


THE FLINT MI CLIMATE NORMALS FOR TODAY
                         NORMAL    RECORD    YEAR
 MAXIMUM TEMPERATURE (F)   60        84      1985
 MINIMUM TEMPERATURE (F)   37        23      2013


SUNRISE AND SUNSET
APRIL 21 2017.........SUNRISE   643 AM EDT   SUNSET   825 PM EDT
APRIL 22 2017.........SUNRISE   642 AM EDT   SUNSET   826 PM EDT


-  INDICATES NEGATIVE NUMBERS.
R  INDICATES RECORD WAS SET OR TIED.
MM INDICATES DATA IS MISSING.
T  INDICATES TRACE AMOUNT.




$$
