000
CDUS43 KDTX 142026
CLIFNT


CLIMATE REPORT
NATIONAL WEATHER SERVICE DETROIT/PONTIAC MI
426 PM EDT FRI JUL 14 2017


...................................

...THE FLINT MI CLIMATE SUMMARY FOR JULY 14 2017...
VALID TODAY AS OF 0400 PM LOCAL TIME.

CLIMATE NORMAL PERIOD 1981 TO 2010
CLIMATE RECORD PERIOD 1921 TO 2017


WEATHER ITEM   OBSERVED TIME   RECORD YEAR NORMAL DEPARTURE LAST
                VALUE   (LST)  VALUE       VALUE  FROM      YEAR
                                                  NORMAL
..................................................................
TEMPERATURE (F)
 TODAY
  MAXIMUM         79    259 PM 105    1936  82     -3       90
  MINIMUM         65    641 AM  45    2009  59      6       71
                                      1950
  AVERAGE         72                        71      1       81

PRECIPITATION (IN)
  TODAY            0.00          1.45 1947   0.10  -0.10     0.00
  MONTH TO DATE    2.25                      1.37   0.88     1.09
  SINCE JUN 1      4.91                      4.44   0.47     1.76
  SINCE JAN 1     21.34                     15.43   5.91    13.99

SNOWFALL (IN)
  TODAY            0.0           0.0    MM   0.0    0.0      0.0
  MONTH TO DATE    0.0                       0.0    0.0      0.0
  SINCE JUN 1      0.0                       0.0    0.0      0.0
  SINCE JUL 1      0.0                       0.0    0.0      0.0
  SNOW DEPTH       0

DEGREE DAYS
 HEATING
  TODAY            0                         0      0        0
  MONTH TO DATE    0                        10    -10        0
  SINCE JUN 1     39                        76    -37       28
  SINCE JUL 1      0                        10    -10        0

 COOLING
  TODAY            7                         6      1       16
  MONTH TO DATE   93                        84      9      146
  SINCE JUN 1    238                       196     42      324
  SINCE JAN 1    263                       228     35      403
..................................................................


WIND (MPH)
  HIGHEST WIND SPEED    17   HIGHEST WIND DIRECTION     W (290)
  HIGHEST GUST SPEED    27   HIGHEST GUST DIRECTION    NW (320)
  AVERAGE WIND SPEED     9.4


SKY COVER
  POSSIBLE SUNSHINE  MM
  AVERAGE SKY COVER 0.7


WEATHER CONDITIONS
 THE FOLLOWING WEATHER WAS RECORDED TODAY.
  NO SIGNIFICANT WEATHER WAS OBSERVED.


RELATIVE HUMIDITY (PERCENT)
 HIGHEST    97           100 AM
 LOWEST     48           300 PM
 AVERAGE    73

..........................................................


THE FLINT MI CLIMATE NORMALS FOR TOMORROW
                         NORMAL    RECORD    YEAR
 MAXIMUM TEMPERATURE (F)   82        99      1977
 MINIMUM TEMPERATURE (F)   59        41      1960


SUNRISE AND SUNSET
JULY 14 2017..........SUNRISE   609 AM EDT   SUNSET   912 PM EDT
JULY 15 2017..........SUNRISE   610 AM EDT   SUNSET   912 PM EDT


-  INDICATES NEGATIVE NUMBERS.
R  INDICATES RECORD WAS SET OR TIED.
MM INDICATES DATA IS MISSING.
T  INDICATES TRACE AMOUNT.




$$
