000
CDUS43 KDTX 280536
CLIFNT


CLIMATE REPORT
NATIONAL WEATHER SERVICE DETROIT/PONTIAC MI
136 AM EDT TUE JUL 28 2015


...................................

...THE FLINT MI CLIMATE SUMMARY FOR JULY 27 2015...

CLIMATE NORMAL PERIOD 1981 TO 2010
CLIMATE RECORD PERIOD 1921 TO 2015


WEATHER ITEM   OBSERVED TIME   RECORD YEAR NORMAL DEPARTURE LAST
                VALUE   (LST)  VALUE       VALUE  FROM      YEAR
                                                  NORMAL
..................................................................
TEMPERATURE (F)
 YESTERDAY
  MAXIMUM         92    400 PM  98    1941  82     10       84
                                      1930
  MINIMUM         60    545 AM  45    1977  59      1       61
                                      1962
  AVERAGE         76                        70      6       73

PRECIPITATION (IN)
  YESTERDAY        0.00          2.03 1936   0.11  -0.11     0.30
  MONTH TO DATE    2.78                      2.84  -0.06     4.98
  SINCE JUN 1      8.24                      5.91   2.33     7.44
  SINCE JAN 1     16.36                     16.90  -0.54    22.39

SNOWFALL (IN)
  YESTERDAY        0.0           0.0    MM   0.0    0.0      0.0
  MONTH TO DATE    0.0                       0.0    0.0      0.0
  SINCE JUN 1      0.0                       0.0    0.0      0.0
  SINCE JUL 1      0.0                       0.0    0.0      0.0
  SNOW DEPTH       0

DEGREE DAYS
 HEATING
  YESTERDAY        0                         0      0        0
  MONTH TO DATE    8                        10     -2        8
  SINCE JUN 1     36                        76    -40       30
  SINCE JUL 1      8                        10     -2        8

 COOLING
  YESTERDAY       11                         6      5        8
  MONTH TO DATE  171                       162      9      127
  SINCE JUN 1    295                       274     21      279
  SINCE JAN 1    370                       306     64      327
..................................................................


WIND (MPH)
  HIGHEST WIND SPEED    10   HIGHEST WIND DIRECTION     E (110)
  HIGHEST GUST SPEED    12   HIGHEST GUST DIRECTION     E (110)
  AVERAGE WIND SPEED     2.0


SKY COVER
  POSSIBLE SUNSHINE  MM
  AVERAGE SKY COVER 0.0


WEATHER CONDITIONS
 THE FOLLOWING WEATHER WAS RECORDED YESTERDAY.
  FOG


RELATIVE HUMIDITY (PERCENT)
 HIGHEST    90           300 AM
 LOWEST     34           400 PM
 AVERAGE    62

..........................................................


THE FLINT MI CLIMATE NORMALS FOR TODAY
                         NORMAL    RECORD    YEAR
 MAXIMUM TEMPERATURE (F)   81       100      1930
 MINIMUM TEMPERATURE (F)   59        48      1984


SUNRISE AND SUNSET
JULY 28 2015..........SUNRISE   621 AM EDT   SUNSET   901 PM EDT
JULY 29 2015..........SUNRISE   623 AM EDT   SUNSET   900 PM EDT


-  INDICATES NEGATIVE NUMBERS.
R  INDICATES RECORD WAS SET OR TIED.
MM INDICATES DATA IS MISSING.
T  INDICATES TRACE AMOUNT.




$$
