000
CDUS43 KDTX 262130
CLIFNT


CLIMATE REPORT
NATIONAL WEATHER SERVICE DETROIT/PONTIAC MI
429 PM EST SAT NOV 26 2016


...................................

...THE FLINT MI CLIMATE SUMMARY FOR NOVEMBER 26 2016...
VALID TODAY AS OF 0400 PM LOCAL TIME.

CLIMATE NORMAL PERIOD 1981 TO 2010
CLIMATE RECORD PERIOD 1921 TO 2016


WEATHER ITEM   OBSERVED TIME   RECORD YEAR NORMAL DEPARTURE LAST
                VALUE   (LST)  VALUE       VALUE  FROM      YEAR
                                                  NORMAL
..................................................................
TEMPERATURE (F)
 TODAY
  MAXIMUM         40    127 PM  63    1984  42     -2       62
  MINIMUM         36    318 AM  -7    1949  28      8       47
  AVERAGE         38                        35      3       55

PRECIPITATION (IN)
  TODAY            0.01          1.03 1965   0.08  -0.07     0.34
  MONTH TO DATE    1.61                      2.35  -0.74     1.80
  SINCE SEP 1      9.20                      8.57   0.63     7.59
  SINCE JAN 1     28.75                     29.13  -0.38    26.96

SNOWFALL (IN)
  TODAY            0.0           3.6  1972   0.2   -0.2      0.0
  MONTH TO DATE    T                         1.8   -1.8     10.8
  SINCE SEP 1      T                         2.2   -2.2     10.8
  SINCE JUL 1      T                         2.2   -2.2     10.8
  SNOW DEPTH       0

DEGREE DAYS
 HEATING
  TODAY           27                        30     -3       10
  MONTH TO DATE  516                       659   -143      449
  SINCE SEP 1    955                      1311   -356      844
  SINCE JUL 1    955                      1355   -400      866

 COOLING
  TODAY            0                         0      0        0
  MONTH TO DATE    0                         0      0        2
  SINCE SEP 1     83                        54     29      153
  SINCE JAN 1   1022                       531    491      766
..................................................................


WIND (MPH)
  HIGHEST WIND SPEED    17   HIGHEST WIND DIRECTION     W (270)
  HIGHEST GUST SPEED    21   HIGHEST GUST DIRECTION     W (270)
  AVERAGE WIND SPEED    11.2


SKY COVER
  POSSIBLE SUNSHINE  MM
  AVERAGE SKY COVER 1.0


WEATHER CONDITIONS
 THE FOLLOWING WEATHER WAS RECORDED TODAY.
  LIGHT RAIN
  FOG


RELATIVE HUMIDITY (PERCENT)
 HIGHEST    92          1200 AM
 LOWEST     70           100 PM
 AVERAGE    81

..........................................................


THE FLINT MI CLIMATE NORMALS FOR TOMORROW
                         NORMAL    RECORD    YEAR
 MAXIMUM TEMPERATURE (F)   41        66      1990
 MINIMUM TEMPERATURE (F)   27         4      1930


SUNRISE AND SUNSET
NOVEMBER 26 2016......SUNRISE   741 AM EST   SUNSET   503 PM EST
NOVEMBER 27 2016......SUNRISE   742 AM EST   SUNSET   503 PM EST


-  INDICATES NEGATIVE NUMBERS.
R  INDICATES RECORD WAS SET OR TIED.
MM INDICATES DATA IS MISSING.
T  INDICATES TRACE AMOUNT.




$$
