000
CDUS43 KDTX 222027
CLIFNT


CLIMATE REPORT
NATIONAL WEATHER SERVICE DETROIT/PONTIAC MI
426 PM EDT SUN MAR 22 2015


...................................

...THE FLINT MI CLIMATE SUMMARY FOR MARCH 22 2015...
VALID TODAY AS OF 0400 PM LOCAL TIME.

CLIMATE NORMAL PERIOD 1981 TO 2010
CLIMATE RECORD PERIOD 1921 TO 2015


WEATHER ITEM   OBSERVED TIME   RECORD YEAR NORMAL DEPARTURE LAST
                VALUE   (LST)  VALUE       VALUE  FROM      YEAR
                                                  NORMAL
..................................................................
TEMPERATURE (F)
 TODAY
  MAXIMUM         36    257 PM  84    2012  46    -10       40
  MINIMUM         17    628 AM   7    1940  27    -10       21
                                      1934
  AVERAGE         27                        36     -9       31

PRECIPITATION (IN)
  TODAY            0.00          1.05 2007   0.07  -0.07     0.04
  MONTH TO DATE    0.26                      1.26  -1.00     1.03
  SINCE MAR 1      0.26                      1.26  -1.00     1.03
  SINCE JAN 1      2.43                      4.37  -1.94     5.04

SNOWFALL (IN)
  TODAY            0.0           6.6  1992   0.2   -0.2      0.5
  MONTH TO DATE    3.4                       5.2   -1.8      9.1
  SINCE MAR 1      3.4                       5.2   -1.8      9.1
  SINCE JUL 1     43.9                      43.8    0.1     82.3
  SNOW DEPTH       0

DEGREE DAYS
 HEATING
  TODAY           38                        29      9       34
  MONTH TO DATE  709                       718     -9      899
  SINCE MAR 1    709                       718     -9      899
  SINCE JUL 1   6017                      5806    211     6420

 COOLING
  TODAY            0                         0      0        0
  MONTH TO DATE    0                         0      0        0
  SINCE MAR 1      0                         0      0        0
  SINCE JAN 1      0                         0      0        0
..................................................................


WIND (MPH)
  HIGHEST WIND SPEED    16   HIGHEST WIND DIRECTION     N (360)
  HIGHEST GUST SPEED    20   HIGHEST GUST DIRECTION     N (10)
  AVERAGE WIND SPEED     7.8


SKY COVER
  POSSIBLE SUNSHINE  MM
  AVERAGE SKY COVER 0.2


WEATHER CONDITIONS
 THE FOLLOWING WEATHER WAS RECORDED TODAY.
  NO SIGNIFICANT WEATHER WAS OBSERVED.


RELATIVE HUMIDITY (PERCENT)
 HIGHEST    57           400 AM
 LOWEST     32          1200 PM
 AVERAGE    45

..........................................................


THE FLINT MI CLIMATE NORMALS FOR TOMORROW
                         NORMAL    RECORD    YEAR
 MAXIMUM TEMPERATURE (F)   47        73      2012
 MINIMUM TEMPERATURE (F)   27         2      1965


SUNRISE AND SUNSET
MARCH 22 2015.........SUNRISE   735 AM EDT   SUNSET   749 PM EDT
MARCH 23 2015.........SUNRISE   733 AM EDT   SUNSET   750 PM EDT


-  INDICATES NEGATIVE NUMBERS.
R  INDICATES RECORD WAS SET OR TIED.
MM INDICATES DATA IS MISSING.
T  INDICATES TRACE AMOUNT.




$$
