000
CDUS43 KDTX 230535
CLIFNT


CLIMATE REPORT
NATIONAL WEATHER SERVICE DETROIT/PONTIAC MI
135 AM EDT SAT SEP 23 2017


...................................

...THE FLINT MI CLIMATE SUMMARY FOR SEPTEMBER 22 2017...

CLIMATE NORMAL PERIOD 1981 TO 2010
CLIMATE RECORD PERIOD 1921 TO 2017


WEATHER ITEM   OBSERVED TIME   RECORD YEAR NORMAL DEPARTURE LAST
                VALUE   (LST)  VALUE       VALUE  FROM      YEAR
                                                  NORMAL
..................................................................
TEMPERATURE (F)
 YESTERDAY
  MAXIMUM         93R   357 PM  90    1941  70     23       83
  MINIMUM         61    419 AM  30    1999  47     14       59
  AVERAGE         77                        59     18       71

PRECIPITATION (IN)
  YESTERDAY        0.00          3.62 2005   0.14  -0.14     0.00
  MONTH TO DATE    0.63                      2.80  -2.17     2.66
  SINCE SEP 1      0.63                      2.80  -2.17     2.66
  SINCE JAN 1     26.32                     23.36   2.96    22.21

SNOWFALL (IN)
  YESTERDAY        0.0           0.0    MM   0.0    0.0      0.0
  MONTH TO DATE    0.0                       0.0    0.0      0.0
  SINCE SEP 1      0.0                       0.0    0.0      0.0
  SINCE JUL 1      0.0                       0.0    0.0      0.0
  SNOW DEPTH       0

DEGREE DAYS
 HEATING
  YESTERDAY        0                         7     -7        0
  MONTH TO DATE   95                        93      2       24
  SINCE SEP 1     95                        93      2       24
  SINCE JUL 1    127                       137    -10       24

 COOLING
  YESTERDAY       12                         1     11        6
  MONTH TO DATE   48                        41      7       72
  SINCE SEP 1     48                        41      7       72
  SINCE JAN 1    505                       518    -13     1011
..................................................................


WIND (MPH)
  HIGHEST WIND SPEED     8   HIGHEST WIND DIRECTION     S (180)
  HIGHEST GUST SPEED    16   HIGHEST GUST DIRECTION    NW (300)
  AVERAGE WIND SPEED     2.0


SKY COVER
  POSSIBLE SUNSHINE  MM
  AVERAGE SKY COVER 0.0


WEATHER CONDITIONS
 THE FOLLOWING WEATHER WAS RECORDED YESTERDAY.
  FOG


RELATIVE HUMIDITY (PERCENT)
 HIGHEST   100           400 AM
 LOWEST     41           400 PM
 AVERAGE    71

..........................................................


THE FLINT MI CLIMATE NORMALS FOR TODAY
                         NORMAL    RECORD    YEAR
 MAXIMUM TEMPERATURE (F)   69        89      1936
 MINIMUM TEMPERATURE (F)   47        27      1995


SUNRISE AND SUNSET
SEPTEMBER 23 2017.....SUNRISE   724 AM EDT   SUNSET   730 PM EDT
SEPTEMBER 24 2017.....SUNRISE   725 AM EDT   SUNSET   728 PM EDT


-  INDICATES NEGATIVE NUMBERS.
R  INDICATES RECORD WAS SET OR TIED.
MM INDICATES DATA IS MISSING.
T  INDICATES TRACE AMOUNT.




$$
