734
CDUS43 KDTX 112132
CLIFNT


CLIMATE REPORT
NATIONAL WEATHER SERVICE DETROIT/PONTIAC MI
430 PM EST THU FEB 11 2016


...................................

...THE FLINT MI CLIMATE SUMMARY FOR FEBRUARY 11 2016...
VALID TODAY AS OF 0400 PM LOCAL TIME.

CLIMATE NORMAL PERIOD 1981 TO 2010
CLIMATE RECORD PERIOD 1921 TO 2016


WEATHER ITEM   OBSERVED TIME   RECORD YEAR NORMAL DEPARTURE LAST
                VALUE   (LST)  VALUE       VALUE  FROM      YEAR
                                                  NORMAL
..................................................................
TEMPERATURE (F)
 TODAY
  MAXIMUM         20    359 PM  68    1999  32    -12       34
  MINIMUM          4    638 AM -11    2014  16    -12       20
  AVERAGE         12                        24    -12       27

PRECIPITATION (IN)
  TODAY            T             0.96 2009   0.05  -0.05      T
  MONTH TO DATE    1.12                      0.53   0.59     0.69
  SINCE DEC 1      4.66                      4.08   0.58     3.63
  SINCE JAN 1      2.76                      2.16   0.60     1.99

SNOWFALL (IN)
  TODAY            T             5.2  1985   0.4   -0.4      0.3
  MONTH TO DATE   10.0                       4.4    5.6     12.4
  SINCE DEC 1     27.1                      29.3   -2.2     26.1
  SINCE JUL 1     37.9                      32.2    5.7     35.5
  SNOW DEPTH       7

DEGREE DAYS
 HEATING
  TODAY           53                        41     12       38
  MONTH TO DATE  369                       459    -90      498
  SINCE DEC 1   2245                      2942   -697     2846
  SINCE JUL 1   3226                      4423  -1197     4310

 COOLING
  TODAY            0                         0      0        0
  MONTH TO DATE    0                         0      0        0
  SINCE DEC 1      0                         0      0        0
  SINCE JAN 1      0                         0      0        0
..................................................................


WIND (MPH)
  HIGHEST WIND SPEED    17   HIGHEST WIND DIRECTION    NW (300)
  HIGHEST GUST SPEED    20   HIGHEST GUST DIRECTION     W (290)
  AVERAGE WIND SPEED     9.7


SKY COVER
  POSSIBLE SUNSHINE  MM
  AVERAGE SKY COVER 0.8


WEATHER CONDITIONS
 THE FOLLOWING WEATHER WAS RECORDED TODAY.
  LIGHT SNOW


RELATIVE HUMIDITY (PERCENT)
 HIGHEST    76           600 AM
 LOWEST     49           200 PM
 AVERAGE    63

..........................................................


THE FLINT MI CLIMATE NORMALS FOR TOMORROW
                         NORMAL    RECORD    YEAR
 MAXIMUM TEMPERATURE (F)   32        58      1999
                                             1932
 MINIMUM TEMPERATURE (F)   16       -22      1967


SUNRISE AND SUNSET
FEBRUARY 11 2016......SUNRISE   738 AM EST   SUNSET   600 PM EST
FEBRUARY 12 2016......SUNRISE   737 AM EST   SUNSET   602 PM EST


-  INDICATES NEGATIVE NUMBERS.
R  INDICATES RECORD WAS SET OR TIED.
MM INDICATES DATA IS MISSING.
T  INDICATES TRACE AMOUNT.




$$
