000
CDUS43 KDTX 100542
CLIFNT


CLIMATE REPORT
NATIONAL WEATHER SERVICE DETROIT/PONTIAC MI
141 AM EDT TUE MAY 10 2016


...................................

...THE FLINT MI CLIMATE SUMMARY FOR MAY 9 2016...

CLIMATE NORMAL PERIOD 1981 TO 2010
CLIMATE RECORD PERIOD 1921 TO 2016


WEATHER ITEM   OBSERVED TIME   RECORD YEAR NORMAL DEPARTURE LAST
                VALUE   (LST)  VALUE       VALUE  FROM      YEAR
                                                  NORMAL
..................................................................
TEMPERATURE (F)
 YESTERDAY
  MAXIMUM         69    204 PM  89    1930  66      3       77
  MINIMUM         38    505 AM  26    1947  43     -5       60
  AVERAGE         54                        55     -1       69

PRECIPITATION (IN)
  YESTERDAY        0.00          2.23 1969   0.10  -0.10     0.02
  MONTH TO DATE    0.69                      0.89  -0.20     0.77
  SINCE MAR 1      7.35                      5.69   1.66     3.32
  SINCE JAN 1     11.20                      8.80   2.40     5.49

SNOWFALL (IN)
  YESTERDAY        0.0           T      MM   0.0    0.0      0.0
  MONTH TO DATE    0.0                       0.0    0.0      0.0
  SINCE MAR 1     18.4                       8.8    9.6      4.8
  SINCE JUL 1     69.0                      47.4   21.6     45.3
  SNOW DEPTH       0

DEGREE DAYS
 HEATING
  YESTERDAY       11                        11      0        0
  MONTH TO DATE   93                       108    -15       21
  SINCE MAR 1   1372                      1627   -255     1502
  SINCE JUL 1   5242                      6715  -1473     6810

 COOLING
  YESTERDAY        0                         1     -1        4
  MONTH TO DATE    0                         1     -1       22
  SINCE MAR 1      1                         5     -4       22
  SINCE JAN 1      1                         5     -4       22
..................................................................


WIND (MPH)
  HIGHEST WIND SPEED    16   HIGHEST WIND DIRECTION    SE (130)
  HIGHEST GUST SPEED    19   HIGHEST GUST DIRECTION    SE (130)
  AVERAGE WIND SPEED     5.9


SKY COVER
  POSSIBLE SUNSHINE  MM
  AVERAGE SKY COVER 0.0


WEATHER CONDITIONS
 THE FOLLOWING WEATHER WAS RECORDED YESTERDAY.
  NO SIGNIFICANT WEATHER WAS OBSERVED.


RELATIVE HUMIDITY (PERCENT)
 HIGHEST    76           500 AM
 LOWEST     29           100 PM
 AVERAGE    53

..........................................................


THE FLINT MI CLIMATE NORMALS FOR TODAY
                         NORMAL    RECORD    YEAR
 MAXIMUM TEMPERATURE (F)   67        92      1936
 MINIMUM TEMPERATURE (F)   43        22      1966


SUNRISE AND SUNSET
MAY 10 2016...........SUNRISE   617 AM EDT   SUNSET   847 PM EDT
MAY 11 2016...........SUNRISE   616 AM EDT   SUNSET   848 PM EDT


-  INDICATES NEGATIVE NUMBERS.
R  INDICATES RECORD WAS SET OR TIED.
MM INDICATES DATA IS MISSING.
T  INDICATES TRACE AMOUNT.




$$
