000
CDUS43 KDTX 080539
CLIFNT


CLIMATE REPORT
NATIONAL WEATHER SERVICE DETROIT/PONTIAC MI
1239 AM EST SUN JAN 8 2017


...................................

...THE FLINT MI CLIMATE SUMMARY FOR JANUARY 7 2017...

CLIMATE NORMAL PERIOD 1981 TO 2010
CLIMATE RECORD PERIOD 1921 TO 2017


WEATHER ITEM   OBSERVED TIME   RECORD YEAR NORMAL DEPARTURE LAST
                VALUE   (LST)  VALUE       VALUE  FROM      YEAR
                                                  NORMAL
..................................................................
TEMPERATURE (F)
 YESTERDAY
  MAXIMUM         14    403 PM  61    2008  30    -16       45
  MINIMUM          5    444 AM -14    2014  16    -11       29
  AVERAGE         10                        23    -13       37

PRECIPITATION (IN)
  YESTERDAY        0.02          0.47 1998   0.06  -0.04     0.00
  MONTH TO DATE    0.73                      0.41   0.32     0.08
  SINCE DEC 1      2.32                      2.33  -0.01     1.98
  SINCE JAN 1      0.73                      0.41   0.32     0.08

SNOWFALL (IN)
  YESTERDAY        0.3           3.3  2010   0.5   -0.2      0.0
  MONTH TO DATE    1.0                       3.0   -2.0      2.4
  SINCE DEC 1     21.2                      14.8    6.4      4.9
  SINCE JUL 1     21.2                      17.7    3.5     15.7
  SNOW DEPTH       1

DEGREE DAYS
 HEATING
  YESTERDAY       55                        42     13       28
  MONTH TO DATE  293                       293      0      259
  SINCE DEC 1   1441                      1457    -16      996
  SINCE JUL 1   2482                      2938   -456     1977

 COOLING
  YESTERDAY        0                         0      0        0
  MONTH TO DATE    0                         0      0        0
  SINCE DEC 1      0                         0      0        0
  SINCE JAN 1      0                         0      0        0
..................................................................


WIND (MPH)
  HIGHEST WIND SPEED    25   HIGHEST WIND DIRECTION     W (290)
  HIGHEST GUST SPEED    30   HIGHEST GUST DIRECTION     W (290)
  AVERAGE WIND SPEED    10.6


SKY COVER
  POSSIBLE SUNSHINE  MM
  AVERAGE SKY COVER 0.7


WEATHER CONDITIONS
 THE FOLLOWING WEATHER WAS RECORDED YESTERDAY.
  SNOW
  LIGHT SNOW
  FOG
  HAZE


RELATIVE HUMIDITY (PERCENT)
 HIGHEST    87           200 AM
 LOWEST     66          1000 PM
 AVERAGE    77

..........................................................


THE FLINT MI CLIMATE NORMALS FOR TODAY
                         NORMAL    RECORD    YEAR
 MAXIMUM TEMPERATURE (F)   30        60      1965
 MINIMUM TEMPERATURE (F)   16       -10      1986


SUNRISE AND SUNSET
JANUARY  8 2017.......SUNRISE   806 AM EST   SUNSET   518 PM EST
JANUARY  9 2017.......SUNRISE   805 AM EST   SUNSET   519 PM EST


-  INDICATES NEGATIVE NUMBERS.
R  INDICATES RECORD WAS SET OR TIED.
MM INDICATES DATA IS MISSING.
T  INDICATES TRACE AMOUNT.




$$
