000
CDUS43 KDTX 082136
CLIFNT


CLIMATE REPORT
NATIONAL WEATHER SERVICE DETROIT/PONTIAC MI
433 PM EST MON JAN 8 2018


...................................

...THE FLINT MI CLIMATE SUMMARY FOR JANUARY 8 2018...
VALID TODAY AS OF 0400 PM LOCAL TIME.

CLIMATE NORMAL PERIOD 1981 TO 2010
CLIMATE RECORD PERIOD 1921 TO 2018


WEATHER ITEM   OBSERVED TIME   RECORD YEAR NORMAL DEPARTURE LAST
                VALUE   (LST)  VALUE       VALUE  FROM      YEAR
                                                  NORMAL
..................................................................
TEMPERATURE (F)
 TODAY
  MAXIMUM         38    359 PM  60    1965  30      8       17
  MINIMUM         29    310 AM -10    1986  16     13        7
  AVERAGE         34                        23     11       12

PRECIPITATION (IN)
  TODAY            0.16          1.12 1935   0.05   0.11     0.00
  MONTH TO DATE    0.19                      0.46  -0.27     0.73
  SINCE DEC 1      1.57                      2.38  -0.81     2.32
  SINCE JAN 1      0.19                      0.46  -0.27     0.73

SNOWFALL (IN)
  TODAY            1.6           2.7  1952   0.4    1.2      0.0
  MONTH TO DATE    2.7                       3.4   -0.7      1.0
  SINCE DEC 1     26.0                      15.2   10.8     21.2
  SINCE JUL 1     26.4                      18.1    8.3     21.2
  SNOW DEPTH       6

DEGREE DAYS
 HEATING
  TODAY           31                        42    -11       53
  MONTH TO DATE  449                       335    114      346
  SINCE DEC 1   1757                      1499    258     1494
  SINCE JUL 1   3055                      2980     75     2535

 COOLING
  TODAY            0                         0      0        0
  MONTH TO DATE    0                         0      0        0
  SINCE DEC 1      0                         0      0        0
  SINCE JAN 1      0                         0      0        0
..................................................................


WIND (MPH)
  HIGHEST WIND SPEED    21   HIGHEST WIND DIRECTION     W (260)
  HIGHEST GUST SPEED    31   HIGHEST GUST DIRECTION     W (260)
  AVERAGE WIND SPEED    13.2


SKY COVER
  POSSIBLE SUNSHINE  MM
  AVERAGE SKY COVER 0.8


WEATHER CONDITIONS
 THE FOLLOWING WEATHER WAS RECORDED TODAY.
  LIGHT SNOW
  FOG


RELATIVE HUMIDITY (PERCENT)
 HIGHEST    92           200 AM
 LOWEST     64           400 PM
 AVERAGE    78

..........................................................


THE FLINT MI CLIMATE NORMALS FOR TOMORROW
                         NORMAL    RECORD    YEAR
 MAXIMUM TEMPERATURE (F)   30        54      1939
 MINIMUM TEMPERATURE (F)   16       -21      2014


SUNRISE AND SUNSET
JANUARY  8 2018.......SUNRISE   806 AM EST   SUNSET   518 PM EST
JANUARY  9 2018.......SUNRISE   805 AM EST   SUNSET   519 PM EST


-  INDICATES NEGATIVE NUMBERS.
R  INDICATES RECORD WAS SET OR TIED.
MM INDICATES DATA IS MISSING.
T  INDICATES TRACE AMOUNT.




$$
