000
CDUS43 KDTX 200540
CLIFNT


CLIMATE REPORT
NATIONAL WEATHER SERVICE DETROIT/PONTIAC MI
138 AM EDT WED APR 20 2016


...................................

...THE FLINT MI CLIMATE SUMMARY FOR APRIL 19 2016...

CLIMATE NORMAL PERIOD 1981 TO 2010
CLIMATE RECORD PERIOD 1921 TO 2016


WEATHER ITEM   OBSERVED TIME   RECORD YEAR NORMAL DEPARTURE LAST
                VALUE   (LST)  VALUE       VALUE  FROM      YEAR
                                                  NORMAL
..................................................................
TEMPERATURE (F)
 YESTERDAY
  MAXIMUM         65    450 PM  83    2005  59      6       69
  MINIMUM         45    743 AM  22    1926  37      8       41
  AVERAGE         55                        48      7       55

PRECIPITATION (IN)
  YESTERDAY        0.00          1.29 1941   0.10  -0.10     0.08
  MONTH TO DATE    1.41                      1.85  -0.44     1.27
  SINCE MAR 1      5.74                      3.76   1.98     2.19
  SINCE JAN 1      9.59                      6.87   2.72     4.36

SNOWFALL (IN)
  YESTERDAY        0.0           0.8    MM   0.1   -0.1      0.0
  MONTH TO DATE    6.8                       2.0    4.8       T
  SINCE MAR 1     18.4                       8.5    9.9      4.5
  SINCE JUL 1     68.8                      47.1   21.7     45.0
  SNOW DEPTH       0

DEGREE DAYS
 HEATING
  YESTERDAY       10                        17     -7       10
  MONTH TO DATE  411                       394     17      279
  SINCE MAR 1   1125                      1351   -226     1269
  SINCE JUL 1   4995                      6439  -1444     6577

 COOLING
  YESTERDAY        0                         0      0        0
  MONTH TO DATE    0                         0      0        0
  SINCE MAR 1      1                         0      1        0
  SINCE JAN 1      1                         0      1        0
..................................................................


WIND (MPH)
  HIGHEST WIND SPEED    17   HIGHEST WIND DIRECTION    NE (50)
  HIGHEST GUST SPEED    21   HIGHEST GUST DIRECTION     E (80)
  AVERAGE WIND SPEED    11.4


SKY COVER
  POSSIBLE SUNSHINE  MM
  AVERAGE SKY COVER 0.3


WEATHER CONDITIONS
 THE FOLLOWING WEATHER WAS RECORDED YESTERDAY.
  NO SIGNIFICANT WEATHER WAS OBSERVED.


RELATIVE HUMIDITY (PERCENT)
 HIGHEST    71           800 AM
 LOWEST     26           500 PM
 AVERAGE    49

..........................................................


THE FLINT MI CLIMATE NORMALS FOR TODAY
                         NORMAL    RECORD    YEAR
 MAXIMUM TEMPERATURE (F)   59        83      1987
 MINIMUM TEMPERATURE (F)   37        24      1956
                                             1928


SUNRISE AND SUNSET
APRIL 20 2016.........SUNRISE   644 AM EDT   SUNSET   824 PM EDT
APRIL 21 2016.........SUNRISE   643 AM EDT   SUNSET   825 PM EDT


-  INDICATES NEGATIVE NUMBERS.
R  INDICATES RECORD WAS SET OR TIED.
MM INDICATES DATA IS MISSING.
T  INDICATES TRACE AMOUNT.




$$
