000
CDUS43 KDTX 240535
CLIFNT


CLIMATE REPORT
NATIONAL WEATHER SERVICE DETROIT/PONTIAC MI
135 AM EDT THU JUL 24 2014


...................................

...THE FLINT MI CLIMATE SUMMARY FOR JULY 23 2014...

CLIMATE NORMAL PERIOD 1981 TO 2010
CLIMATE RECORD PERIOD 1921 TO 2014


WEATHER ITEM   OBSERVED TIME   RECORD YEAR NORMAL DEPARTURE LAST
                VALUE   (LST)  VALUE       VALUE  FROM      YEAR
                                                  NORMAL
..................................................................
TEMPERATURE (F)
 YESTERDAY
  MAXIMUM         80   1253 AM 100    1933  82     -2       82
                                      1924
  MINIMUM         58   1159 PM  44    1985  59     -1       62
  AVERAGE         69                        71     -2       72

PRECIPITATION (IN)
  YESTERDAY        0.00          2.06 1959   0.11  -0.11     0.39
  MONTH TO DATE    4.68                      2.38   2.30     0.72
  SINCE JUN 1      7.14                      5.45   1.69     5.23
  SINCE JAN 1     22.09                     16.44   5.65    21.99

SNOWFALL (IN)
  YESTERDAY        0.0           0.0    MM   0.0    0.0      0.0
  MONTH TO DATE    0.0                       0.0    0.0      0.0
  SINCE JUN 1      0.0                       0.0    0.0      0.0
  SINCE JUL 1      0.0                       0.0    0.0      0.0
  SNOW DEPTH       0

DEGREE DAYS
 HEATING
  YESTERDAY        0                         0      0        0
  MONTH TO DATE    8                        10     -2        0
  SINCE JUN 1     30                        76    -46       41
  SINCE JUL 1      8                        10     -2        0

 COOLING
  YESTERDAY        4                         6     -2        7
  MONTH TO DATE  112                       138    -26      255
  SINCE JUN 1    264                       250     14      414
  SINCE JAN 1    312                       282     30      493
..................................................................


WIND (MPH)
  HIGHEST WIND SPEED    20   HIGHEST WIND DIRECTION    NE (30)
  HIGHEST GUST SPEED    23   HIGHEST GUST DIRECTION     N (20)
  AVERAGE WIND SPEED    11.1


SKY COVER
  POSSIBLE SUNSHINE  MM
  AVERAGE SKY COVER 0.8


WEATHER CONDITIONS
 THE FOLLOWING WEATHER WAS RECORDED YESTERDAY.
  NO SIGNIFICANT WEATHER WAS OBSERVED.


RELATIVE HUMIDITY (PERCENT)
 HIGHEST    79           300 AM
 LOWEST     50           300 PM
 AVERAGE    65

..........................................................


THE FLINT MI CLIMATE NORMALS FOR TODAY
                         NORMAL    RECORD    YEAR
 MAXIMUM TEMPERATURE (F)   82       105      1934
 MINIMUM TEMPERATURE (F)   59        45      1953


SUNRISE AND SUNSET
JULY 24 2014..........SUNRISE   618 AM EDT   SUNSET   905 PM EDT
JULY 25 2014..........SUNRISE   619 AM EDT   SUNSET   904 PM EDT


-  INDICATES NEGATIVE NUMBERS.
R  INDICATES RECORD WAS SET OR TIED.
MM INDICATES DATA IS MISSING.
T  INDICATES TRACE AMOUNT.




$$
