000
CDUS43 KDTX 070535
CLIFNT


CLIMATE REPORT
NATIONAL WEATHER SERVICE DETROIT/PONTIAC MI
1235 AM EST SUN FEB 7 2016


...................................

...THE FLINT MI CLIMATE SUMMARY FOR FEBRUARY 6 2016...

CLIMATE NORMAL PERIOD 1981 TO 2010
CLIMATE RECORD PERIOD 1921 TO 2016


WEATHER ITEM   OBSERVED TIME   RECORD YEAR NORMAL DEPARTURE LAST
                VALUE   (LST)  VALUE       VALUE  FROM      YEAR
                                                  NORMAL
..................................................................
TEMPERATURE (F)
 YESTERDAY
  MAXIMUM         39    304 PM  56    1938  31      8       29
  MINIMUM         24    449 AM  -5    2007  16      8       12
                                      1948
  AVERAGE         32                        23      9       21

PRECIPITATION (IN)
  YESTERDAY        0.00          0.66 2008   0.05  -0.05      T
  MONTH TO DATE    0.39                      0.28   0.11     0.67
  SINCE DEC 1      3.93                      3.83   0.10     3.61
  SINCE JAN 1      2.03                      1.91   0.12     1.97

SNOWFALL (IN)
  YESTERDAY        0.0          12.4  2008   0.4   -0.4       T
  MONTH TO DATE    1.1                       2.4   -1.3     11.6
  SINCE DEC 1     18.2                      27.3   -9.1     25.3
  SINCE JUL 1     29.0                      30.2   -1.2     34.7
  SNOW DEPTH       T

DEGREE DAYS
 HEATING
  YESTERDAY       33                        42     -9       44
  MONTH TO DATE  185                       252    -67      297
  SINCE DEC 1   2061                      2735   -674     2645
  SINCE JUL 1   3042                      4216  -1174     4109

 COOLING
  YESTERDAY        0                         0      0        0
  MONTH TO DATE    0                         0      0        0
  SINCE DEC 1      0                         0      0        0
  SINCE JAN 1      0                         0      0        0
..................................................................


WIND (MPH)
  HIGHEST WIND SPEED    21   HIGHEST WIND DIRECTION    SW (240)
  HIGHEST GUST SPEED    25   HIGHEST GUST DIRECTION    SW (230)
  AVERAGE WIND SPEED     9.4


SKY COVER
  POSSIBLE SUNSHINE  MM
  AVERAGE SKY COVER 0.7


WEATHER CONDITIONS
 THE FOLLOWING WEATHER WAS RECORDED YESTERDAY.
  HAZE


RELATIVE HUMIDITY (PERCENT)
 HIGHEST    75           700 AM
 LOWEST     44           300 PM
 AVERAGE    60

..........................................................


THE FLINT MI CLIMATE NORMALS FOR TODAY
                         NORMAL    RECORD    YEAR
 MAXIMUM TEMPERATURE (F)   31        50      2009
 MINIMUM TEMPERATURE (F)   16       -11      1967


SUNRISE AND SUNSET
FEBRUARY  7 2016......SUNRISE   744 AM EST   SUNSET   555 PM EST
FEBRUARY  8 2016......SUNRISE   742 AM EST   SUNSET   556 PM EST


-  INDICATES NEGATIVE NUMBERS.
R  INDICATES RECORD WAS SET OR TIED.
MM INDICATES DATA IS MISSING.
T  INDICATES TRACE AMOUNT.




$$
