000
CDUS43 KDTX 190535
CLIFNT


CLIMATE REPORT
NATIONAL WEATHER SERVICE DETROIT/PONTIAC MI
135 AM EDT SAT JUL 19 2014


...................................

...THE FLINT MI CLIMATE SUMMARY FOR JULY 18 2014...

CLIMATE NORMAL PERIOD 1981 TO 2010
CLIMATE RECORD PERIOD 1921 TO 2014


WEATHER ITEM   OBSERVED TIME   RECORD YEAR NORMAL DEPARTURE LAST
                VALUE   (LST)  VALUE       VALUE  FROM      YEAR
                                                  NORMAL
..................................................................
TEMPERATURE (F)
 YESTERDAY
  MAXIMUM         79    426 PM 100    1930  82     -3       95
  MINIMUM         52    553 AM  45    1924  59     -7       71
  AVERAGE         66                        71     -5       83

PRECIPITATION (IN)
  YESTERDAY        0.00          2.72 1992   0.11  -0.11     0.00
  MONTH TO DATE    4.68                      1.82   2.86     0.33
  SINCE JUN 1      7.14                      4.89   2.25     4.84
  SINCE JAN 1     22.09                     15.88   6.21    21.60

SNOWFALL (IN)
  YESTERDAY        0.0           0.0    MM   0.0    0.0      0.0
  MONTH TO DATE    0.0                       0.0    0.0      0.0
  SINCE JUN 1      0.0                       0.0    0.0      0.0
  SINCE JUL 1      0.0                       0.0    0.0      0.0
  SNOW DEPTH       0

DEGREE DAYS
 HEATING
  YESTERDAY        0                         0      0        0
  MONTH TO DATE    8                        10     -2        0
  SINCE JUN 1     30                        76    -46       41
  SINCE JUL 1      8                        10     -2        0

 COOLING
  YESTERDAY        1                         6     -5       18
  MONTH TO DATE   79                       108    -29      195
  SINCE JUN 1    231                       220     11      354
  SINCE JAN 1    279                       252     27      433
..................................................................


WIND (MPH)
  HIGHEST WIND SPEED    13   HIGHEST WIND DIRECTION    SE (150)
  HIGHEST GUST SPEED    14   HIGHEST GUST DIRECTION    SE (150)
  AVERAGE WIND SPEED     3.4


SKY COVER
  POSSIBLE SUNSHINE  MM
  AVERAGE SKY COVER 0.1


WEATHER CONDITIONS
 THE FOLLOWING WEATHER WAS RECORDED YESTERDAY.
  FOG


RELATIVE HUMIDITY (PERCENT)
 HIGHEST    89           400 AM
 LOWEST     37           200 PM
 AVERAGE    63

..........................................................


THE FLINT MI CLIMATE NORMALS FOR TODAY
                         NORMAL    RECORD    YEAR
 MAXIMUM TEMPERATURE (F)   82        99      1946
                                             1931
 MINIMUM TEMPERATURE (F)   59        45      1941


SUNRISE AND SUNSET
JULY 19 2014..........SUNRISE   613 AM EDT   SUNSET   909 PM EDT
JULY 20 2014..........SUNRISE   614 AM EDT   SUNSET   908 PM EDT


-  INDICATES NEGATIVE NUMBERS.
R  INDICATES RECORD WAS SET OR TIED.
MM INDICATES DATA IS MISSING.
T  INDICATES TRACE AMOUNT.




$$
