000
CDUS43 KDTX 112028
CLIFNT


CLIMATE REPORT
NATIONAL WEATHER SERVICE DETROIT/PONTIAC MI
428 PM EDT THU SEP 11 2014


...................................

...THE FLINT MI CLIMATE SUMMARY FOR SEPTEMBER 11 2014...
VALID TODAY AS OF 0400 PM LOCAL TIME.

CLIMATE NORMAL PERIOD 1981 TO 2010
CLIMATE RECORD PERIOD 1921 TO 2014


WEATHER ITEM   OBSERVED TIME   RECORD YEAR NORMAL DEPARTURE LAST
                VALUE   (LST)  VALUE       VALUE  FROM      YEAR
                                                  NORMAL
..................................................................
TEMPERATURE (F)
 TODAY
  MAXIMUM         64   1201 AM  95    1931  74    -10       92
  MINIMUM         52    805 AM  36    1958  52      0       70
                                      1943
                                      1924
  AVERAGE         58                        63     -5       81

PRECIPITATION (IN)
  TODAY            0.00          1.97 1947   0.12  -0.12      T
  MONTH TO DATE    1.42                      1.33   0.09     0.12
  SINCE SEP 1      1.42                      1.33   0.09     0.12
  SINCE JAN 1     28.41                     21.89   6.52    25.71

SNOWFALL (IN)
  TODAY            0.0           0.0    MM   0.0    0.0      0.0
  MONTH TO DATE    0.0                       0.0    0.0      0.0
  SINCE SEP 1      0.0                       0.0    0.0      0.0
  SINCE JUL 1      0.0                       0.0    0.0      0.0
  SNOW DEPTH       0

DEGREE DAYS
 HEATING
  TODAY            7                         4      3        0
  MONTH TO DATE    8                        31    -23       13
  SINCE SEP 1      8                        31    -23       13
  SINCE JUL 1     32                        75    -43       35

 COOLING
  TODAY            0                         2     -2       16
  MONTH TO DATE   60                        27     33       54
  SINCE SEP 1     60                        27     33       54
  SINCE JAN 1    592                       504     88      724
..................................................................


WIND (MPH)
  HIGHEST WIND SPEED    26   HIGHEST WIND DIRECTION     W (290)
  HIGHEST GUST SPEED    32   HIGHEST GUST DIRECTION     W (280)
  AVERAGE WIND SPEED    16.2


SKY COVER
  POSSIBLE SUNSHINE  MM
  AVERAGE SKY COVER 1.0


WEATHER CONDITIONS
 THE FOLLOWING WEATHER WAS RECORDED TODAY.
  FOG
  HAZE


RELATIVE HUMIDITY (PERCENT)
 HIGHEST    84          1200 AM
 LOWEST     66          1000 AM
 AVERAGE    75

..........................................................


THE FLINT MI CLIMATE NORMALS FOR TOMORROW
                         NORMAL    RECORD    YEAR
 MAXIMUM TEMPERATURE (F)   74        94      1931
 MINIMUM TEMPERATURE (F)   51        34      1964


SUNRISE AND SUNSET
SEPTEMBER 11 2014.....SUNRISE   710 AM EDT   SUNSET   752 PM EDT
SEPTEMBER 12 2014.....SUNRISE   711 AM EDT   SUNSET   750 PM EDT


-  INDICATES NEGATIVE NUMBERS.
R  INDICATES RECORD WAS SET OR TIED.
MM INDICATES DATA IS MISSING.
T  INDICATES TRACE AMOUNT.




$$
