000
CDUS43 KDTX 040538
CLIFNT


CLIMATE REPORT
NATIONAL WEATHER SERVICE DETROIT/PONTIAC MI
137 AM EDT SAT NOV 4 2017


...................................

...THE FLINT MI CLIMATE SUMMARY FOR NOVEMBER 3 2017...

CLIMATE NORMAL PERIOD 1981 TO 2010
CLIMATE RECORD PERIOD 1921 TO 2017


WEATHER ITEM   OBSERVED TIME   RECORD YEAR NORMAL DEPARTURE LAST
                VALUE   (LST)  VALUE       VALUE  FROM      YEAR
                                                  NORMAL
..................................................................
TEMPERATURE (F)
 YESTERDAY
  MAXIMUM         49    149 PM  79    2015  53     -4       55
  MINIMUM         33    946 PM  12    1951  35     -2       45
  AVERAGE         41                        44     -3       50

PRECIPITATION (IN)
  YESTERDAY        T             0.85 2003   0.10  -0.10     0.27
  MONTH TO DATE    0.55                      0.28   0.27     0.61
  SINCE SEP 1      6.08                      6.50  -0.42     8.20
  SINCE JAN 1     31.77                     27.06   4.71    27.75

SNOWFALL (IN)
  YESTERDAY        0.0           3.8  1966   0.1   -0.1      0.0
  MONTH TO DATE    0.0                       0.1   -0.1      0.0
  SINCE SEP 1      0.1                       0.5   -0.4       T
  SINCE JUL 1      0.1                       0.5   -0.4       T
  SNOW DEPTH       0

DEGREE DAYS
 HEATING
  YESTERDAY       24                        21      3       15
  MONTH TO DATE   70                        63      7       23
  SINCE SEP 1    521                       715   -194      462
  SINCE JUL 1    553                       759   -206      462

 COOLING
  YESTERDAY        0                         0      0        0
  MONTH TO DATE    0                         0      0        0
  SINCE SEP 1    110                        54     56       83
  SINCE JAN 1    567                       531     36     1022
..................................................................


WIND (MPH)
  HIGHEST WIND SPEED    16   HIGHEST WIND DIRECTION     N (20)
  HIGHEST GUST SPEED    20   HIGHEST GUST DIRECTION    NW (320)
  AVERAGE WIND SPEED     7.5


SKY COVER
  POSSIBLE SUNSHINE  MM
  AVERAGE SKY COVER 0.4


WEATHER CONDITIONS
 THE FOLLOWING WEATHER WAS RECORDED YESTERDAY.
  LIGHT RAIN


RELATIVE HUMIDITY (PERCENT)
 HIGHEST   100           400 AM
 LOWEST     50           200 PM
 AVERAGE    75

..........................................................


THE FLINT MI CLIMATE NORMALS FOR TODAY
                         NORMAL    RECORD    YEAR
 MAXIMUM TEMPERATURE (F)   52        80      2015
 MINIMUM TEMPERATURE (F)   35        18      1991
                                             1951


SUNRISE AND SUNSET
NOVEMBER  4 2017......SUNRISE   814 AM EDT   SUNSET   623 PM EDT
NOVEMBER  5 2017......SUNRISE   715 AM EST   SUNSET   522 PM EST


-  INDICATES NEGATIVE NUMBERS.
R  INDICATES RECORD WAS SET OR TIED.
MM INDICATES DATA IS MISSING.
T  INDICATES TRACE AMOUNT.




$$
