000
CDUS43 KDTX 160555
CLIFNT


CLIMATE REPORT
NATIONAL WEATHER SERVICE DETROIT/PONTIAC MI
155 AM EDT SAT JUL 16 2016


...................................

...THE FLINT MI CLIMATE SUMMARY FOR JULY 15 2016...

CLIMATE NORMAL PERIOD 1981 TO 2010
CLIMATE RECORD PERIOD 1921 TO 2016


WEATHER ITEM   OBSERVED TIME   RECORD YEAR NORMAL DEPARTURE LAST
                VALUE   (LST)  VALUE       VALUE  FROM      YEAR
                                                  NORMAL
..................................................................
TEMPERATURE (F)
 YESTERDAY
  MAXIMUM         81    318 PM  99    1977  82     -1       76
  MINIMUM         65    436 AM  41    1960  59      6       56
  AVERAGE         73                        71      2       66

PRECIPITATION (IN)
  YESTERDAY        0.00          2.17 1972   0.11  -0.11     0.00
  MONTH TO DATE    1.09                      1.48  -0.39     2.18
  SINCE JUN 1      1.76                      4.55  -2.79     7.64
  SINCE JAN 1     13.99                     15.54  -1.55    15.76

SNOWFALL (IN)
  YESTERDAY        0.0           0.0    MM   0.0    0.0      0.0
  MONTH TO DATE    0.0                       0.0    0.0      0.0
  SINCE JUN 1      0.0                       0.0    0.0      0.0
  SINCE JUL 1      0.0                       0.0    0.0      0.0
  SNOW DEPTH       0

DEGREE DAYS
 HEATING
  YESTERDAY        0                         0      0        0
  MONTH TO DATE    0                        10    -10        7
  SINCE JUN 1     28                        76    -48       35
  SINCE JUL 1      0                        10    -10        7

 COOLING
  YESTERDAY        8                         6      2        1
  MONTH TO DATE  154                        90     64       60
  SINCE JUN 1    332                       202    130      184
  SINCE JAN 1    411                       234    177      259
..................................................................


WIND (MPH)
  HIGHEST WIND SPEED    16   HIGHEST WIND DIRECTION    NW (310)
  HIGHEST GUST SPEED    21   HIGHEST GUST DIRECTION    NW (320)
  AVERAGE WIND SPEED     9.0


SKY COVER
  POSSIBLE SUNSHINE  MM
  AVERAGE SKY COVER 0.7


WEATHER CONDITIONS
 THE FOLLOWING WEATHER WAS RECORDED YESTERDAY.
  NO SIGNIFICANT WEATHER WAS OBSERVED.


RELATIVE HUMIDITY (PERCENT)
 HIGHEST    78           500 AM
 LOWEST     48           400 PM
 AVERAGE    63

..........................................................


THE FLINT MI CLIMATE NORMALS FOR TODAY
                         NORMAL    RECORD    YEAR
 MAXIMUM TEMPERATURE (F)   82        97      2012
                                             1988
                                             1931
 MINIMUM TEMPERATURE (F)   59        45      1945


SUNRISE AND SUNSET
JULY 16 2016..........SUNRISE   611 AM EDT   SUNSET   911 PM EDT
JULY 17 2016..........SUNRISE   612 AM EDT   SUNSET   910 PM EDT


-  INDICATES NEGATIVE NUMBERS.
R  INDICATES RECORD WAS SET OR TIED.
MM INDICATES DATA IS MISSING.
T  INDICATES TRACE AMOUNT.




$$
