000
CDUS43 KDTX 190536
CLIFNT


CLIMATE REPORT
NATIONAL WEATHER SERVICE DETROIT/PONTIAC MI
135 AM EDT MON SEP 19 2016


...................................

...THE FLINT MI CLIMATE SUMMARY FOR SEPTEMBER 18 2016...

CLIMATE NORMAL PERIOD 1981 TO 2010
CLIMATE RECORD PERIOD 1921 TO 2016


WEATHER ITEM   OBSERVED TIME   RECORD YEAR NORMAL DEPARTURE LAST
                VALUE   (LST)  VALUE       VALUE  FROM      YEAR
                                                  NORMAL
..................................................................
TEMPERATURE (F)
 YESTERDAY
  MAXIMUM         77    446 PM  93    1955  72      5       81
  MINIMUM         55   1159 PM  34    1995  49      6       64
  AVERAGE         66                        60      6       73

PRECIPITATION (IN)
  YESTERDAY        0.00          1.72 1983   0.14  -0.14     0.29
  MONTH TO DATE    2.57                      2.25   0.32     3.43
  SINCE SEP 1      2.57                      2.25   0.32     3.43
  SINCE JAN 1     22.12                     22.81  -0.69    22.80

SNOWFALL (IN)
  YESTERDAY        0.0           0.0    MM   0.0    0.0      0.0
  MONTH TO DATE    0.0                       0.0    0.0      0.0
  SINCE SEP 1      0.0                       0.0    0.0      0.0
  SINCE JUL 1      0.0                       0.0    0.0      0.0
  SNOW DEPTH       0

DEGREE DAYS
 HEATING
  YESTERDAY        0                         6     -6        0
  MONTH TO DATE   24                        66    -42       23
  SINCE SEP 1     24                        66    -42       23
  SINCE JUL 1     24                       110    -86       45

 COOLING
  YESTERDAY        1                         1      0        8
  MONTH TO DATE   62                        37     25      131
  SINCE SEP 1     62                        37     25      131
  SINCE JAN 1   1001                       514    487      744
..................................................................


WIND (MPH)
  HIGHEST WIND SPEED    16   HIGHEST WIND DIRECTION     W (290)
  HIGHEST GUST SPEED    21   HIGHEST GUST DIRECTION     W (280)
  AVERAGE WIND SPEED     4.8


SKY COVER
  POSSIBLE SUNSHINE  MM
  AVERAGE SKY COVER 0.1


WEATHER CONDITIONS
 THE FOLLOWING WEATHER WAS RECORDED YESTERDAY.
  FOG


RELATIVE HUMIDITY (PERCENT)
 HIGHEST   100           700 AM
 LOWEST     56           400 PM
 AVERAGE    78

..........................................................


THE FLINT MI CLIMATE NORMALS FOR TODAY
                         NORMAL    RECORD    YEAR
 MAXIMUM TEMPERATURE (F)   71        90      2002
                                             1955
 MINIMUM TEMPERATURE (F)   49        33      1929


SUNRISE AND SUNSET
SEPTEMBER 19 2016.....SUNRISE   719 AM EDT   SUNSET   737 PM EDT
SEPTEMBER 20 2016.....SUNRISE   721 AM EDT   SUNSET   735 PM EDT


-  INDICATES NEGATIVE NUMBERS.
R  INDICATES RECORD WAS SET OR TIED.
MM INDICATES DATA IS MISSING.
T  INDICATES TRACE AMOUNT.




$$
