000
CDUS43 KDTX 082032
CLIFNT


CLIMATE REPORT
NATIONAL WEATHER SERVICE DETROIT/PONTIAC MI
429 PM EDT FRI SEP 8 2017


...................................

...THE FLINT MI CLIMATE SUMMARY FOR SEPTEMBER 8 2017...
VALID TODAY AS OF 0400 PM LOCAL TIME.

CLIMATE NORMAL PERIOD 1981 TO 2010
CLIMATE RECORD PERIOD 1921 TO 2017


WEATHER ITEM   OBSERVED TIME   RECORD YEAR NORMAL DEPARTURE LAST
                VALUE   (LST)  VALUE       VALUE  FROM      YEAR
                                                  NORMAL
..................................................................
TEMPERATURE (F)
 TODAY
  MAXIMUM         65    126 PM  97    1933  75    -10       82
  MINIMUM         45    614 AM  37    1986  53     -8       70
  AVERAGE         55                        64     -9       76

PRECIPITATION (IN)
  TODAY            0.00          2.34 1989   0.13  -0.13     0.48
  MONTH TO DATE    0.52                      0.96  -0.44     0.48
  SINCE SEP 1      0.52                      0.96  -0.44     0.48
  SINCE JAN 1     26.21                     21.52   4.69    20.03

SNOWFALL (IN)
  TODAY            0.0           0.0    MM   0.0    0.0      0.0
  MONTH TO DATE    0.0                       0.0    0.0      0.0
  SINCE SEP 1      0.0                       0.0    0.0      0.0
  SINCE JUL 1      0.0                       0.0    0.0      0.0
  SNOW DEPTH       0

DEGREE DAYS
 HEATING
  TODAY           10                         3      7        0
  MONTH TO DATE   55                        20     35        9
  SINCE SEP 1     55                        20     35        9
  SINCE JUL 1     87                        64     23        9

 COOLING
  TODAY            0                         2     -2       11
  MONTH TO DATE    5                        21    -16       43
  SINCE SEP 1      5                        21    -16       43
  SINCE JAN 1    462                       498    -36      982
..................................................................


WIND (MPH)
  HIGHEST WIND SPEED    18   HIGHEST WIND DIRECTION    NE (30)
  HIGHEST GUST SPEED    23   HIGHEST GUST DIRECTION    NE (30)
  AVERAGE WIND SPEED     7.2


SKY COVER
  POSSIBLE SUNSHINE  MM
  AVERAGE SKY COVER 0.3


WEATHER CONDITIONS
 THE FOLLOWING WEATHER WAS RECORDED TODAY.
  NO SIGNIFICANT WEATHER WAS OBSERVED.


RELATIVE HUMIDITY (PERCENT)
 HIGHEST   100           200 AM
 LOWEST     52          1200 PM
 AVERAGE    76

..........................................................


THE FLINT MI CLIMATE NORMALS FOR TOMORROW
                         NORMAL    RECORD    YEAR
 MAXIMUM TEMPERATURE (F)   75        96      1933
 MINIMUM TEMPERATURE (F)   53        38      1995
                                             1949
                                             1930


SUNRISE AND SUNSET
SEPTEMBER  8 2017.....SUNRISE   707 AM EDT   SUNSET   757 PM EDT
SEPTEMBER  9 2017.....SUNRISE   708 AM EDT   SUNSET   755 PM EDT


-  INDICATES NEGATIVE NUMBERS.
R  INDICATES RECORD WAS SET OR TIED.
MM INDICATES DATA IS MISSING.
T  INDICATES TRACE AMOUNT.




$$
