000
CDUS43 KDTX 100536
CLIFNT


CLIMATE REPORT
NATIONAL WEATHER SERVICE DETROIT/PONTIAC MI
1236 AM EST WED DEC 10 2014


...................................

...THE FLINT MI CLIMATE SUMMARY FOR DECEMBER 9 2014...

CLIMATE NORMAL PERIOD 1981 TO 2010
CLIMATE RECORD PERIOD 1921 TO 2014


WEATHER ITEM   OBSERVED TIME   RECORD YEAR NORMAL DEPARTURE LAST
                VALUE   (LST)  VALUE       VALUE  FROM      YEAR
                                                  NORMAL
..................................................................
TEMPERATURE (F)
 YESTERDAY
  MAXIMUM         38    528 PM  59    1946  36      2       30
  MINIMUM         32   1159 PM  -4    1964  23      9       19
  AVERAGE         35                        29      6       25

PRECIPITATION (IN)
  YESTERDAY        T             0.49 1953   0.07  -0.07     0.05
  MONTH TO DATE    0.10                      0.62  -0.52     0.24
  SINCE DEC 1      0.10                      0.62  -0.52     0.24
  SINCE JAN 1     33.88                     30.07   3.81    31.02

SNOWFALL (IN)
  YESTERDAY        T             3.5  2005   0.4   -0.4      0.4
  MONTH TO DATE    T                         2.9   -2.9      0.9
  SINCE DEC 1      T                         2.9   -2.9      0.9
  SINCE JUL 1      9.4                       5.8    3.6      2.5
  SNOW DEPTH       0

DEGREE DAYS
 HEATING
  YESTERDAY       30                        36     -6       40
  MONTH TO DATE  302                       306     -4      306
  SINCE DEC 1    302                       306     -4      306
  SINCE JUL 1   1766                      1787    -21     1705

 COOLING
  YESTERDAY        0                         0      0        0
  MONTH TO DATE    0                         0      0        0
  SINCE DEC 1      0                         0      0        0
  SINCE JAN 1    597                       531     66      758
..................................................................


WIND (MPH)
  HIGHEST WIND SPEED    20   HIGHEST WIND DIRECTION     N (360)
  HIGHEST GUST SPEED    25   HIGHEST GUST DIRECTION     N (20)
  AVERAGE WIND SPEED     9.5


SKY COVER
  POSSIBLE SUNSHINE  MM
  AVERAGE SKY COVER 1.0


WEATHER CONDITIONS
 THE FOLLOWING WEATHER WAS RECORDED YESTERDAY.
  LIGHT RAIN
  LIGHT SNOW
  FOG
  HAZE


RELATIVE HUMIDITY (PERCENT)
 HIGHEST    92           400 AM
 LOWEST     75           900 PM
 AVERAGE    84

..........................................................


THE FLINT MI CLIMATE NORMALS FOR TODAY
                         NORMAL    RECORD    YEAR
 MAXIMUM TEMPERATURE (F)   36        63      1971
 MINIMUM TEMPERATURE (F)   23        -5      1977


SUNRISE AND SUNSET
DECEMBER 10 2014......SUNRISE   755 AM EST   SUNSET   500 PM EST
DECEMBER 11 2014......SUNRISE   756 AM EST   SUNSET   500 PM EST


-  INDICATES NEGATIVE NUMBERS.
R  INDICATES RECORD WAS SET OR TIED.
MM INDICATES DATA IS MISSING.
T  INDICATES TRACE AMOUNT.




$$
