257
CDUS43 KDTX 110536
CLIFNT


CLIMATE REPORT
NATIONAL WEATHER SERVICE DETROIT/PONTIAC MI
136 AM EDT FRI AUG 11 2017


...................................

...THE FLINT MI CLIMATE SUMMARY FOR AUGUST 10 2017...

CLIMATE NORMAL PERIOD 1981 TO 2010
CLIMATE RECORD PERIOD 1921 TO 2017


WEATHER ITEM   OBSERVED TIME   RECORD YEAR NORMAL DEPARTURE LAST
                VALUE   (LST)  VALUE       VALUE  FROM      YEAR
                                                  NORMAL
..................................................................
TEMPERATURE (F)
 YESTERDAY
  MAXIMUM         83    444 PM  98    1944  80      3       95
  MINIMUM         56    406 AM  43    1972  59     -3       64
                                      1962
  AVERAGE         70                        70      0       80

PRECIPITATION (IN)
  YESTERDAY        0.00          1.08 2012   0.11  -0.11     0.00
  MONTH TO DATE    1.30                      1.06   0.24     0.00
  SINCE JUN 1      6.68                      7.45  -0.77     2.42
  SINCE JAN 1     23.11                     18.44   4.67    14.65

SNOWFALL (IN)
  YESTERDAY        0.0           0.0    MM   0.0    0.0      0.0
  MONTH TO DATE    0.0                       0.0    0.0      0.0
  SINCE JUN 1      0.0                       0.0    0.0      0.0
  SINCE JUL 1      0.0                       0.0    0.0      0.0
  SNOW DEPTH       0

DEGREE DAYS
 HEATING
  YESTERDAY        0                         1     -1        0
  MONTH TO DATE    2                         9     -7        0
  SINCE JUN 1     42                        90    -48       28
  SINCE JUL 1      3                        24    -21        0

 COOLING
  YESTERDAY        5                         5      0       15
  MONTH TO DATE   33                        55    -22      117
  SINCE JUN 1    367                       354     13      644
  SINCE JAN 1    392                       386      6      723
..................................................................


WIND (MPH)
  HIGHEST WIND SPEED    13   HIGHEST WIND DIRECTION    SW (230)
  HIGHEST GUST SPEED    19   HIGHEST GUST DIRECTION     E (110)
  AVERAGE WIND SPEED     4.6


SKY COVER
  POSSIBLE SUNSHINE  MM
  AVERAGE SKY COVER 0.2


WEATHER CONDITIONS
 THE FOLLOWING WEATHER WAS RECORDED YESTERDAY.
  NO SIGNIFICANT WEATHER WAS OBSERVED.


RELATIVE HUMIDITY (PERCENT)
 HIGHEST    93           200 AM
 LOWEST     37           500 PM
 AVERAGE    65

..........................................................


THE FLINT MI CLIMATE NORMALS FOR TODAY
                         NORMAL    RECORD    YEAR
 MAXIMUM TEMPERATURE (F)   80        97      2016
 MINIMUM TEMPERATURE (F)   59        41      1967


SUNRISE AND SUNSET
AUGUST 11 2017........SUNRISE   637 AM EDT   SUNSET   843 PM EDT
AUGUST 12 2017........SUNRISE   638 AM EDT   SUNSET   841 PM EDT


-  INDICATES NEGATIVE NUMBERS.
R  INDICATES RECORD WAS SET OR TIED.
MM INDICATES DATA IS MISSING.
T  INDICATES TRACE AMOUNT.




$$
