000
CDUS43 KDTX 010536
CLIFNT


CLIMATE REPORT
NATIONAL WEATHER SERVICE DETROIT/PONTIAC MI
1236 AM EST FRI DEC 1 2017


...................................

...THE FLINT MI CLIMATE SUMMARY FOR NOVEMBER 30 2017...

CLIMATE NORMAL PERIOD 1981 TO 2010
CLIMATE RECORD PERIOD 1921 TO 2017


WEATHER ITEM   OBSERVED TIME   RECORD YEAR NORMAL DEPARTURE LAST
                VALUE   (LST)  VALUE       VALUE  FROM      YEAR
                                                  NORMAL
..................................................................
TEMPERATURE (F)
 YESTERDAY
  MAXIMUM         48    208 PM  64    1998  40      8       49
  MINIMUM         25   1234 AM   2    1958  26     -1       37
  AVERAGE         37                        33      4       43

PRECIPITATION (IN)
  YESTERDAY        0.06          0.82 2006   0.08  -0.02     0.00
  MONTH TO DATE    3.11                      2.67   0.44     2.01
  SINCE SEP 1      8.64                      8.89  -0.25     9.60
  SINCE JAN 1     34.33                     29.45   4.88    29.15

SNOWFALL (IN)
  YESTERDAY        0.0           3.0  2008   0.2   -0.2      0.0
  MONTH TO DATE    0.3                       2.5   -2.2       T
  SINCE SEP 1      0.4                       2.9   -2.5       T
  SINCE JUL 1      0.4                       2.9   -2.5       T
  SNOW DEPTH       0

DEGREE DAYS
 HEATING
  YESTERDAY       28                        32     -4       22
  MONTH TO DATE  815                       785     30      602
  SINCE SEP 1   1266                      1437   -171     1041
  SINCE JUL 1   1298                      1481   -183     1041

 COOLING
  YESTERDAY        0                         0      0        0
  MONTH TO DATE    0                         0      0        0
  SINCE SEP 1    110                        54     56       83
  SINCE JAN 1    567                       531     36     1022
..................................................................


WIND (MPH)
  HIGHEST WIND SPEED    25   HIGHEST WIND DIRECTION     W (280)
  HIGHEST GUST SPEED    30   HIGHEST GUST DIRECTION     W (290)
  AVERAGE WIND SPEED    10.2


SKY COVER
  POSSIBLE SUNSHINE  MM
  AVERAGE SKY COVER 0.7


WEATHER CONDITIONS
 THE FOLLOWING WEATHER WAS RECORDED YESTERDAY.
  RAIN
  LIGHT RAIN
  FOG


RELATIVE HUMIDITY (PERCENT)
 HIGHEST    92           100 AM
 LOWEST     58           300 PM
 AVERAGE    75

..........................................................


THE FLINT MI CLIMATE NORMALS FOR TODAY
                         NORMAL    RECORD    YEAR
 MAXIMUM TEMPERATURE (F)   39        63      1982
                                             1970
 MINIMUM TEMPERATURE (F)   26         4      1966


SUNRISE AND SUNSET
DECEMBER  1 2017......SUNRISE   747 AM EST   SUNSET   501 PM EST
DECEMBER  2 2017......SUNRISE   748 AM EST   SUNSET   501 PM EST


-  INDICATES NEGATIVE NUMBERS.
R  INDICATES RECORD WAS SET OR TIED.
MM INDICATES DATA IS MISSING.
T  INDICATES TRACE AMOUNT.




$$
