000
CDUS43 KDTX 110555
CLIFNT


CLIMATE REPORT
NATIONAL WEATHER SERVICE DETROIT/PONTIAC MI
155 AM EDT SUN JUN 11 2017


...................................

...THE FLINT MI CLIMATE SUMMARY FOR JUNE 10 2017...

CLIMATE NORMAL PERIOD 1981 TO 2010
CLIMATE RECORD PERIOD 1921 TO 2017


WEATHER ITEM   OBSERVED TIME   RECORD YEAR NORMAL DEPARTURE LAST
                VALUE   (LST)  VALUE       VALUE  FROM      YEAR
                                                  NORMAL
..................................................................
TEMPERATURE (F)
 YESTERDAY
  MAXIMUM         87    303 PM  95    1933  77     10       86
  MINIMUM         53    510 AM  35    1988  54     -1       56
                                      1980
  AVERAGE         70                        65      5       71

PRECIPITATION (IN)
  YESTERDAY        0.00          1.04 1940   0.11  -0.11     0.00
  MONTH TO DATE    0.31                      1.03  -0.72     0.52
  SINCE JUN 1      0.31                      1.03  -0.72     0.52
  SINCE JAN 1     16.74                     12.02   4.72    12.75

SNOWFALL (IN)
  YESTERDAY        0.0           0.0    MM   0.0    0.0      0.0
  MONTH TO DATE    0.0                       0.0    0.0      0.0
  SINCE JUN 1      0.0                       0.0    0.0      0.0
  SINCE JUL 1     39.4                      47.4   -8.0     69.0
  SNOW DEPTH       0

DEGREE DAYS
 HEATING
  YESTERDAY        0                         3     -3        0
  MONTH TO DATE   24                        37    -13       15
  SINCE JUN 1     24                        37    -13       15
  SINCE JUL 1   5812                      6924  -1112     5371

 COOLING
  YESTERDAY        5                         3      2        6
  MONTH TO DATE   16                        23     -7       38
  SINCE JUN 1     16                        23     -7       38
  SINCE JAN 1     41                        55    -14      117
..................................................................


WIND (MPH)
  HIGHEST WIND SPEED    24   HIGHEST WIND DIRECTION    SW (210)
  HIGHEST GUST SPEED    32   HIGHEST GUST DIRECTION    SW (210)
  AVERAGE WIND SPEED     9.9


SKY COVER
  POSSIBLE SUNSHINE  MM
  AVERAGE SKY COVER 0.1


WEATHER CONDITIONS
 THE FOLLOWING WEATHER WAS RECORDED YESTERDAY.
  FOG


RELATIVE HUMIDITY (PERCENT)
 HIGHEST    93          1200 AM
 LOWEST     29           600 PM
 AVERAGE    61

..........................................................


THE FLINT MI CLIMATE NORMALS FOR TODAY
                         NORMAL    RECORD    YEAR
 MAXIMUM TEMPERATURE (F)   77        96      1933
 MINIMUM TEMPERATURE (F)   54        35      1980


SUNRISE AND SUNSET
JUNE 11 2017..........SUNRISE   556 AM EDT   SUNSET   914 PM EDT
JUNE 12 2017..........SUNRISE   555 AM EDT   SUNSET   915 PM EDT


-  INDICATES NEGATIVE NUMBERS.
R  INDICATES RECORD WAS SET OR TIED.
MM INDICATES DATA IS MISSING.
T  INDICATES TRACE AMOUNT.




$$
