000
CDUS43 KDTX 052132
CLIFNT


CLIMATE REPORT
NATIONAL WEATHER SERVICE DETROIT/PONTIAC MI
431 PM EST SUN FEB 5 2017


...................................

...THE FLINT MI CLIMATE SUMMARY FOR FEBRUARY 5 2017...
VALID TODAY AS OF 0400 PM LOCAL TIME.

CLIMATE NORMAL PERIOD 1981 TO 2010
CLIMATE RECORD PERIOD 1921 TO 2017


WEATHER ITEM   OBSERVED TIME   RECORD YEAR NORMAL DEPARTURE LAST
                VALUE   (LST)  VALUE       VALUE  FROM      YEAR
                                                  NORMAL
..................................................................
TEMPERATURE (F)
 TODAY
  MAXIMUM         34    144 PM  49    2005  31      3       39
  MINIMUM         28   1222 AM -18    2009  15     13       17
  AVERAGE         31                        23      8       28

PRECIPITATION (IN)
  TODAY            T             1.00 1938   0.04  -0.04      T
  MONTH TO DATE    0.03                      0.23  -0.20     0.39
  SINCE DEC 1      4.75                      3.78   0.97     3.93
  SINCE JAN 1      3.16                      1.86   1.30     2.03

SNOWFALL (IN)
  TODAY            T             5.7  2014   0.4   -0.4      0.3
  MONTH TO DATE    1.0                       2.0   -1.0      1.1
  SINCE DEC 1     31.6                      26.9    4.7     18.2
  SINCE JUL 1     31.6                      29.8    1.8     29.0
  SNOW DEPTH       1

DEGREE DAYS
 HEATING
  TODAY           34                        42     -8       37
  MONTH TO DATE  211                       210      1      152
  SINCE DEC 1   2472                      2693   -221     2028
  SINCE JUL 1   3513                      4174   -661     3009

 COOLING
  TODAY            0                         0      0        0
  MONTH TO DATE    0                         0      0        0
  SINCE DEC 1      0                         0      0        0
  SINCE JAN 1      0                         0      0        0
..................................................................


WIND (MPH)
  HIGHEST WIND SPEED    22   HIGHEST WIND DIRECTION     W (280)
  HIGHEST GUST SPEED    26   HIGHEST GUST DIRECTION     W (280)
  AVERAGE WIND SPEED    11.8


SKY COVER
  POSSIBLE SUNSHINE  MM
  AVERAGE SKY COVER 1.0


WEATHER CONDITIONS
 THE FOLLOWING WEATHER WAS RECORDED TODAY.
  LIGHT SNOW


RELATIVE HUMIDITY (PERCENT)
 HIGHEST    69          1200 PM
 LOWEST     49           400 AM
 AVERAGE    59

..........................................................


THE FLINT MI CLIMATE NORMALS FOR TOMORROW
                         NORMAL    RECORD    YEAR
 MAXIMUM TEMPERATURE (F)   31        56      1938
 MINIMUM TEMPERATURE (F)   16        -5      2007
                                             1948


SUNRISE AND SUNSET
FEBRUARY  5 2017......SUNRISE   745 AM EST   SUNSET   553 PM EST
FEBRUARY  6 2017......SUNRISE   744 AM EST   SUNSET   555 PM EST


-  INDICATES NEGATIVE NUMBERS.
R  INDICATES RECORD WAS SET OR TIED.
MM INDICATES DATA IS MISSING.
T  INDICATES TRACE AMOUNT.




$$
