000
CDUS43 KDTX 130543
CLIFNT


CLIMATE REPORT
NATIONAL WEATHER SERVICE DETROIT/PONTIAC MI
143 AM EDT WED SEP 13 2017


...................................

...THE FLINT MI CLIMATE SUMMARY FOR SEPTEMBER 12 2017...

CLIMATE NORMAL PERIOD 1981 TO 2010
CLIMATE RECORD PERIOD 1921 TO 2017


WEATHER ITEM   OBSERVED TIME   RECORD YEAR NORMAL DEPARTURE LAST
                VALUE   (LST)  VALUE       VALUE  FROM      YEAR
                                                  NORMAL
..................................................................
TEMPERATURE (F)
 YESTERDAY
  MAXIMUM         78    400 PM  94    1931  74      4       75
  MINIMUM         41    513 AM  34    1964  51    -10       46
  AVERAGE         60                        63     -3       61

PRECIPITATION (IN)
  YESTERDAY        0.00          1.04 1925   0.12  -0.12     0.00
  MONTH TO DATE    0.52                      1.45  -0.93     0.90
  SINCE SEP 1      0.52                      1.45  -0.93     0.90
  SINCE JAN 1     26.21                     22.01   4.20    20.45

SNOWFALL (IN)
  YESTERDAY        0.0           T      MM   0.0    0.0      0.0
  MONTH TO DATE    0.0                       0.0    0.0      0.0
  SINCE SEP 1      0.0                       0.0    0.0      0.0
  SINCE JUL 1      0.0                       0.0    0.0      0.0
  SNOW DEPTH       0

DEGREE DAYS
 HEATING
  YESTERDAY        5                         4      1        4
  MONTH TO DATE   92                        35     57       15
  SINCE SEP 1     92                        35     57       15
  SINCE JUL 1    124                        79     45       15

 COOLING
  YESTERDAY        0                         2     -2        0
  MONTH TO DATE    5                        29    -24       53
  SINCE SEP 1      5                        29    -24       53
  SINCE JAN 1    462                       506    -44      992
..................................................................


WIND (MPH)
  HIGHEST WIND SPEED     9   HIGHEST WIND DIRECTION     E (110)
  HIGHEST GUST SPEED    11   HIGHEST GUST DIRECTION     S (170)
  AVERAGE WIND SPEED     2.4


SKY COVER
  POSSIBLE SUNSHINE  MM
  AVERAGE SKY COVER 0.0


WEATHER CONDITIONS
 THE FOLLOWING WEATHER WAS RECORDED YESTERDAY.
  FOG


RELATIVE HUMIDITY (PERCENT)
 HIGHEST   100           300 AM
 LOWEST     30           400 PM
 AVERAGE    65

..........................................................


THE FLINT MI CLIMATE NORMALS FOR TODAY
                         NORMAL    RECORD    YEAR
 MAXIMUM TEMPERATURE (F)   74        93      1952
 MINIMUM TEMPERATURE (F)   51        33      1964


SUNRISE AND SUNSET
SEPTEMBER 13 2017.....SUNRISE   713 AM EDT   SUNSET   748 PM EDT
SEPTEMBER 14 2017.....SUNRISE   714 AM EDT   SUNSET   746 PM EDT


-  INDICATES NEGATIVE NUMBERS.
R  INDICATES RECORD WAS SET OR TIED.
MM INDICATES DATA IS MISSING.
T  INDICATES TRACE AMOUNT.




$$
