000
CDUS43 KDTX 302032
CLIFNT


CLIMATE REPORT
NATIONAL WEATHER SERVICE DETROIT/PONTIAC MI
431 PM EDT SUN MAR 30 2014


...................................

...THE FLINT MI CLIMATE SUMMARY FOR MARCH 30 2014...
VALID TODAY AS OF 0400 PM LOCAL TIME.

CLIMATE NORMAL PERIOD 1981 TO 2010
CLIMATE RECORD PERIOD 1921 TO 2014


WEATHER ITEM   OBSERVED TIME   RECORD YEAR NORMAL DEPARTURE LAST
                VALUE   (LST)  VALUE       VALUE  FROM      YEAR
                                                  NORMAL
..................................................................
TEMPERATURE (F)
 TODAY
  MAXIMUM         47    259 PM  79    1998  50     -3       55
  MINIMUM         24    637 AM   4    1954  30     -6       24
  AVERAGE         36                        40     -4       40

PRECIPITATION (IN)
  TODAY            0.00          0.83 1960   0.07  -0.07     0.00
  MONTH TO DATE    1.21                      1.83  -0.62     0.76
  SINCE MAR 1      1.21                      1.83  -0.62     0.76
  SINCE JAN 1      5.22                      4.94   0.28     6.22

SNOWFALL (IN)
  TODAY            0.0           0.6  1975   0.2   -0.2      0.0
  MONTH TO DATE    9.4                       6.4    3.0      5.1
  SINCE MAR 1      9.4                       6.4    3.0      5.1
  SINCE JUL 1     82.6                      45.0   37.6     43.6
  SNOW DEPTH       T

DEGREE DAYS
 HEATING
  TODAY           29                        25      4       25
  MONTH TO DATE 1183                       931    252      994
  SINCE MAR 1   1183                       931    252      994
  SINCE JUL 1   6704                      6019    685     5647

 COOLING
  TODAY            0                         0      0        0
  MONTH TO DATE    0                         0      0        0
  SINCE MAR 1      0                         0      0        0
  SINCE JAN 1      0                         0      0        0
..................................................................


WIND (MPH)
  HIGHEST WIND SPEED    14   HIGHEST WIND DIRECTION     N (350)
  HIGHEST GUST SPEED    19   HIGHEST GUST DIRECTION    NW (310)
  AVERAGE WIND SPEED     7.6


SKY COVER
  POSSIBLE SUNSHINE  MM
  AVERAGE SKY COVER 0.0


WEATHER CONDITIONS
 THE FOLLOWING WEATHER WAS RECORDED TODAY.
  NO SIGNIFICANT WEATHER WAS OBSERVED.


RELATIVE HUMIDITY (PERCENT)
 HIGHEST    81           200 AM
 LOWEST     37           200 PM
 AVERAGE    59

..........................................................


THE FLINT MI CLIMATE NORMALS FOR TOMORROW
                         NORMAL    RECORD    YEAR
 MAXIMUM TEMPERATURE (F)   50        77      1943
 MINIMUM TEMPERATURE (F)   30         0      1923


SUNRISE AND SUNSET
MARCH 30 2014.........SUNRISE   721 AM EDT   SUNSET   759 PM EDT
MARCH 31 2014.........SUNRISE   719 AM EDT   SUNSET   800 PM EDT


-  INDICATES NEGATIVE NUMBERS.
R  INDICATES RECORD WAS SET OR TIED.
MM INDICATES DATA IS MISSING.
T  INDICATES TRACE AMOUNT.




$$
