000
CDUS43 KDTX 010537
CLIFNT


CLIMATE REPORT
NATIONAL WEATHER SERVICE DETROIT/PONTIAC MI
1237 AM EST MON JAN 1 2018


...................................

...THE FLINT MI CLIMATE SUMMARY FOR DECEMBER 31 2017...

CLIMATE NORMAL PERIOD 1981 TO 2010
CLIMATE RECORD PERIOD 1921 TO 2017


WEATHER ITEM   OBSERVED TIME   RECORD YEAR NORMAL DEPARTURE LAST
                VALUE   (LST)  VALUE       VALUE  FROM      YEAR
                                                  NORMAL
..................................................................
TEMPERATURE (F)
 YESTERDAY
  MAXIMUM         10    123 PM  61    1965  31    -21       43
  MINIMUM        -11R   845 PM -11    1976  17    -28       28
                                      1963
  AVERAGE          0                        24    -24       36

PRECIPITATION (IN)
  YESTERDAY        0.00          1.04 1978   0.06  -0.06     0.00
  MONTH TO DATE    1.38                      1.92  -0.54     1.59
  SINCE DEC 1      1.38                      1.92  -0.54     1.59
  SINCE JAN 1     35.71                     31.37   4.34    30.74

SNOWFALL (IN)
  YESTERDAY        0.0           3.7  1974   0.5   -0.5      0.0
  MONTH TO DATE   23.3                      11.8   11.5     20.2
  SINCE DEC 1     23.3                      11.8   11.5     20.2
  SINCE JUL 1     23.7                      14.7    9.0     20.2
  SNOW DEPTH       5

DEGREE DAYS
 HEATING
  YESTERDAY       65                        41     24       29
  MONTH TO DATE 1308                      1163    145     1148
  SINCE DEC 1   1308                      1164    144     1148
  SINCE JUL 1   2606                      2645    -39     2189

 COOLING
  YESTERDAY        0                         0      0        0
  MONTH TO DATE    0                         0      0        0
  SINCE DEC 1      0                         0      0        0
  SINCE JAN 1    567                       531     36     1022
..................................................................


WIND (MPH)
  HIGHEST WIND SPEED    13   HIGHEST WIND DIRECTION     N (350)
  HIGHEST GUST SPEED    15   HIGHEST GUST DIRECTION     N (350)
  AVERAGE WIND SPEED     4.6


SKY COVER
  POSSIBLE SUNSHINE  MM
  AVERAGE SKY COVER 0.2


WEATHER CONDITIONS
 THE FOLLOWING WEATHER WAS RECORDED YESTERDAY.
  NO SIGNIFICANT WEATHER WAS OBSERVED.


RELATIVE HUMIDITY (PERCENT)
 HIGHEST    92           800 PM
 LOWEST     60           500 PM
 AVERAGE    76

..........................................................


THE FLINT MI CLIMATE NORMALS FOR TODAY
                         NORMAL    RECORD    YEAR
 MAXIMUM TEMPERATURE (F)   30        55      2011
 MINIMUM TEMPERATURE (F)   17       -10      2001
                                             1947


SUNRISE AND SUNSET
JANUARY  1 2018.......SUNRISE   806 AM EST   SUNSET   511 PM EST
JANUARY  2 2018.......SUNRISE   806 AM EST   SUNSET   512 PM EST


-  INDICATES NEGATIVE NUMBERS.
R  INDICATES RECORD WAS SET OR TIED.
MM INDICATES DATA IS MISSING.
T  INDICATES TRACE AMOUNT.




$$
