000
CDUS43 KDTX 112132
CLIFNT


CLIMATE REPORT
NATIONAL WEATHER SERVICE DETROIT/PONTIAC MI
431 PM EST TUE NOV 11 2014


...................................

...THE FLINT MI CLIMATE SUMMARY FOR NOVEMBER 11 2014...
VALID TODAY AS OF 0400 PM LOCAL TIME.

CLIMATE NORMAL PERIOD 1981 TO 2010
CLIMATE RECORD PERIOD 1921 TO 2014


WEATHER ITEM   OBSERVED TIME   RECORD YEAR NORMAL DEPARTURE LAST
                VALUE   (LST)  VALUE       VALUE  FROM      YEAR
                                                  NORMAL
..................................................................
TEMPERATURE (F)
 TODAY
  MAXIMUM         59    147 PM  70    2012  49     10       43
  MINIMUM         50    755 AM  14    1926  33     17       28
  AVERAGE         55                        41     14       36

PRECIPITATION (IN)
  TODAY            0.05          1.40 1995   0.09  -0.04     0.17
  MONTH TO DATE    0.28                      0.99  -0.71     0.74
  SINCE SEP 1      5.38                      7.21  -1.83     4.26
  SINCE JAN 1     32.37                     27.77   4.60    29.85

SNOWFALL (IN)
  TODAY            0.0           1.0  1984   0.0    0.0      0.4
  MONTH TO DATE    0.6                       0.3    0.3      0.4
  SINCE SEP 1      1.3                       0.7    0.6      0.4
  SINCE JUL 1      1.3                       0.7    0.6      0.4
  SNOW DEPTH       0

DEGREE DAYS
 HEATING
  TODAY           10                        24    -14       29
  MONTH TO DATE  229                       247    -18      242
  SINCE SEP 1    787                       899   -112      786
  SINCE JUL 1    811                       943   -132      808

 COOLING
  TODAY            0                         0      0        0
  MONTH TO DATE    0                         0      0        0
  SINCE SEP 1     65                        54     11       88
  SINCE JAN 1    597                       531     66      758
..................................................................


WIND (MPH)
  HIGHEST WIND SPEED    20   HIGHEST WIND DIRECTION    SW (230)
  HIGHEST GUST SPEED    28   HIGHEST GUST DIRECTION    SW (240)
  AVERAGE WIND SPEED    10.6


SKY COVER
  POSSIBLE SUNSHINE  MM
  AVERAGE SKY COVER 0.7


WEATHER CONDITIONS
 THE FOLLOWING WEATHER WAS RECORDED TODAY.
  LIGHT RAIN


RELATIVE HUMIDITY (PERCENT)
 HIGHEST    83           400 PM
 LOWEST     41          1200 AM
 AVERAGE    62

..........................................................


THE FLINT MI CLIMATE NORMALS FOR TOMORROW
                         NORMAL    RECORD    YEAR
 MAXIMUM TEMPERATURE (F)   49        68      2010
                                             1964
                                             1927
 MINIMUM TEMPERATURE (F)   32        15      1997


SUNRISE AND SUNSET
NOVEMBER 11 2014......SUNRISE   722 AM EST   SUNSET   515 PM EST
NOVEMBER 12 2014......SUNRISE   723 AM EST   SUNSET   514 PM EST


-  INDICATES NEGATIVE NUMBERS.
R  INDICATES RECORD WAS SET OR TIED.
MM INDICATES DATA IS MISSING.
T  INDICATES TRACE AMOUNT.




$$
