000
CDUS43 KDTX 200542
CLIFNT


CLIMATE REPORT
NATIONAL WEATHER SERVICE DETROIT/PONTIAC MI
1242 AM EST FRI FEB 20 2015


...................................

...THE FLINT MI CLIMATE SUMMARY FOR FEBRUARY 19 2015...

CLIMATE NORMAL PERIOD 1981 TO 2010
CLIMATE RECORD PERIOD 1921 TO 2015


WEATHER ITEM   OBSERVED TIME   RECORD YEAR NORMAL DEPARTURE LAST
                VALUE   (LST)  VALUE       VALUE  FROM      YEAR
                                                  NORMAL
..................................................................
TEMPERATURE (F)
 YESTERDAY
  MAXIMUM          5    429 PM  59    1994  34    -29       44
  MINIMUM        -12    732 AM -14    1944  18    -30       26
  AVERAGE         -3                        26    -29       35

PRECIPITATION (IN)
  YESTERDAY        T             0.60 1939   0.05  -0.05     0.01
  MONTH TO DATE    0.79                      0.95  -0.16     1.16
  SINCE DEC 1      3.73                      4.50  -0.77     5.54
  SINCE JAN 1      2.09                      2.58  -0.49     3.69

SNOWFALL (IN)
  YESTERDAY        T             1.8  2008   0.4   -0.4      0.1
                                      1988
  MONTH TO DATE   15.8                       7.5    8.3     20.3
  SINCE DEC 1     29.5                      32.4   -2.9     70.1
  SINCE JUL 1     38.9                      35.3    3.6     71.7
  SNOW DEPTH       8

DEGREE DAYS
 HEATING
  YESTERDAY       68                        39     29       30
  MONTH TO DATE  981                       781    200      957
  SINCE DEC 1   3329                      3264     65     3711
  SINCE JUL 1   4793                      4745     48     5110

 COOLING
  YESTERDAY        0                         0      0        0
  MONTH TO DATE    0                         0      0        0
  SINCE DEC 1      0                         0      0        0
  SINCE JAN 1      0                         0      0        0
..................................................................


WIND (MPH)
  HIGHEST WIND SPEED    23   HIGHEST WIND DIRECTION     W (290)
  HIGHEST GUST SPEED    29   HIGHEST GUST DIRECTION     W (280)
  AVERAGE WIND SPEED    10.3


SKY COVER
  POSSIBLE SUNSHINE  MM
  AVERAGE SKY COVER 0.2


WEATHER CONDITIONS
 THE FOLLOWING WEATHER WAS RECORDED YESTERDAY.
  LIGHT SNOW
  HAZE


RELATIVE HUMIDITY (PERCENT)
 HIGHEST    72           300 AM
 LOWEST     40           100 PM
 AVERAGE    56

..........................................................


THE FLINT MI CLIMATE NORMALS FOR TODAY
                         NORMAL    RECORD    YEAR
 MAXIMUM TEMPERATURE (F)   34        61      1930
 MINIMUM TEMPERATURE (F)   18       -21      1929


SUNRISE AND SUNSET
FEBRUARY 20 2015......SUNRISE   725 AM EST   SUNSET   613 PM EST
FEBRUARY 21 2015......SUNRISE   724 AM EST   SUNSET   614 PM EST


-  INDICATES NEGATIVE NUMBERS.
R  INDICATES RECORD WAS SET OR TIED.
MM INDICATES DATA IS MISSING.
T  INDICATES TRACE AMOUNT.




$$
