000
CDUS43 KDTX 130536
CLIFNT


CLIMATE REPORT
NATIONAL WEATHER SERVICE DETROIT/PONTIAC MI
136 AM EDT SAT AUG 13 2016


...................................

...THE FLINT MI CLIMATE SUMMARY FOR AUGUST 12 2016...

CLIMATE NORMAL PERIOD 1981 TO 2010
CLIMATE RECORD PERIOD 1921 TO 2016


WEATHER ITEM   OBSERVED TIME   RECORD YEAR NORMAL DEPARTURE LAST
                VALUE   (LST)  VALUE       VALUE  FROM      YEAR
                                                  NORMAL
..................................................................
TEMPERATURE (F)
 YESTERDAY
  MAXIMUM         96R   219 PM  94    1947  80     16       78
                                      1940
  MINIMUM         77   1159 PM  39    1967  59     18       58
  AVERAGE         87                        69     18       68

PRECIPITATION (IN)
  YESTERDAY        0.17          1.22 1988   0.10   0.07     0.00
  MONTH TO DATE    0.17                      1.26  -1.09     2.02
  SINCE JUN 1      2.59                      7.65  -5.06    10.42
  SINCE JAN 1     14.82                     18.64  -3.82    18.54

SNOWFALL (IN)
  YESTERDAY        0.0           0.0    MM   0.0    0.0      0.0
  MONTH TO DATE    0.0                       0.0    0.0      0.0
  SINCE JUN 1      0.0                       0.0    0.0      0.0
  SINCE JUL 1      0.0                       0.0    0.0      0.0
  SNOW DEPTH       0

DEGREE DAYS
 HEATING
  YESTERDAY        0                         1     -1        0
  MONTH TO DATE    0                        11    -11        0
  SINCE JUN 1     28                        92    -64       36
  SINCE JUL 1      0                        26    -26        8

 COOLING
  YESTERDAY       22                         5     17        3
  MONTH TO DATE  158                        65     93       70
  SINCE JUN 1    685                       364    321      412
  SINCE JAN 1    764                       396    368      487
..................................................................


WIND (MPH)
  HIGHEST WIND SPEED    18   HIGHEST WIND DIRECTION     W (270)
  HIGHEST GUST SPEED    22   HIGHEST GUST DIRECTION     W (280)
  AVERAGE WIND SPEED     5.9


SKY COVER
  POSSIBLE SUNSHINE  MM
  AVERAGE SKY COVER 0.6


WEATHER CONDITIONS
 THE FOLLOWING WEATHER WAS RECORDED YESTERDAY.
  THUNDERSTORM
  RAIN
  LIGHT RAIN
  FOG
  HAZE


RELATIVE HUMIDITY (PERCENT)
 HIGHEST    91           800 PM
 LOWEST     41           200 PM
 AVERAGE    66

..........................................................


THE FLINT MI CLIMATE NORMALS FOR TODAY
                         NORMAL    RECORD    YEAR
 MAXIMUM TEMPERATURE (F)   80        96      1947
 MINIMUM TEMPERATURE (F)   59        40      1939


SUNRISE AND SUNSET
AUGUST 13 2016........SUNRISE   639 AM EDT   SUNSET   839 PM EDT
AUGUST 14 2016........SUNRISE   640 AM EDT   SUNSET   838 PM EDT


-  INDICATES NEGATIVE NUMBERS.
R  INDICATES RECORD WAS SET OR TIED.
MM INDICATES DATA IS MISSING.
T  INDICATES TRACE AMOUNT.




$$
