000
CDUS43 KDTX 140537
CLIFNT


CLIMATE REPORT
NATIONAL WEATHER SERVICE DETROIT/PONTIAC MI
137 AM EDT SUN SEP 14 2014


...................................

...THE FLINT MI CLIMATE SUMMARY FOR SEPTEMBER 13 2014...

CLIMATE NORMAL PERIOD 1981 TO 2010
CLIMATE RECORD PERIOD 1921 TO 2014


WEATHER ITEM   OBSERVED TIME   RECORD YEAR NORMAL DEPARTURE LAST
                VALUE   (LST)  VALUE       VALUE  FROM      YEAR
                                                  NORMAL
..................................................................
TEMPERATURE (F)
 YESTERDAY
  MAXIMUM         59    415 PM  93    1952  74    -15       60
  MINIMUM         40   1136 PM  33    1964  51    -11       37
  AVERAGE         50                        62    -12       49

PRECIPITATION (IN)
  YESTERDAY        0.53          2.04 2008   0.13   0.40     0.00
  MONTH TO DATE    1.98                      1.58   0.40     0.30
  SINCE SEP 1      1.98                      1.58   0.40     0.30
  SINCE JAN 1     28.97                     22.14   6.83    25.89

SNOWFALL (IN)
  YESTERDAY        0.0           0.0    MM   0.0    0.0      0.0
  MONTH TO DATE    0.0                       0.0    0.0      0.0
  SINCE SEP 1      0.0                       0.0    0.0      0.0
  SINCE JUL 1      0.0                       0.0    0.0      0.0
  SNOW DEPTH       0

DEGREE DAYS
 HEATING
  YESTERDAY       15                         4     11       16
  MONTH TO DATE   32                        39     -7       29
  SINCE SEP 1     32                        39     -7       29
  SINCE JUL 1     56                        83    -27       51

 COOLING
  YESTERDAY        0                         2     -2        0
  MONTH TO DATE   60                        31     29       58
  SINCE SEP 1     60                        31     29       58
  SINCE JAN 1    592                       508     84      728
..................................................................


WIND (MPH)
  HIGHEST WIND SPEED    18   HIGHEST WIND DIRECTION    NW (310)
  HIGHEST GUST SPEED    24   HIGHEST GUST DIRECTION    NW (310)
  AVERAGE WIND SPEED     7.8


SKY COVER
  POSSIBLE SUNSHINE  MM
  AVERAGE SKY COVER 0.8


WEATHER CONDITIONS
 THE FOLLOWING WEATHER WAS RECORDED YESTERDAY.
  RAIN
  LIGHT RAIN
  FOG
  HAZE


RELATIVE HUMIDITY (PERCENT)
 HIGHEST    93           700 AM
 LOWEST     51           400 PM
 AVERAGE    72

..........................................................


THE FLINT MI CLIMATE NORMALS FOR TODAY
                         NORMAL    RECORD    YEAR
 MAXIMUM TEMPERATURE (F)   73        98      1939
 MINIMUM TEMPERATURE (F)   51        33      1963


SUNRISE AND SUNSET
SEPTEMBER 14 2014.....SUNRISE   713 AM EDT   SUNSET   747 PM EDT
SEPTEMBER 15 2014.....SUNRISE   715 AM EDT   SUNSET   745 PM EDT


-  INDICATES NEGATIVE NUMBERS.
R  INDICATES RECORD WAS SET OR TIED.
MM INDICATES DATA IS MISSING.
T  INDICATES TRACE AMOUNT.




$$
