373
CDUS43 KDTX 140537
CLIFNT


CLIMATE REPORT
NATIONAL WEATHER SERVICE DETROIT/PONTIAC MI
137 AM EDT WED JUN 14 2017


...................................

...THE FLINT MI CLIMATE SUMMARY FOR JUNE 13 2017...

CLIMATE NORMAL PERIOD 1981 TO 2010
CLIMATE RECORD PERIOD 1921 TO 2017


WEATHER ITEM   OBSERVED TIME   RECORD YEAR NORMAL DEPARTURE LAST
                VALUE   (LST)  VALUE       VALUE  FROM      YEAR
                                                  NORMAL
..................................................................
TEMPERATURE (F)
 YESTERDAY
  MAXIMUM         87    248 PM  93    1988  77     10       72
                                      1956
  MINIMUM         69   1159 PM  42    1963  55     14       44
  AVERAGE         78                        66     12       58

PRECIPITATION (IN)
  YESTERDAY        0.00          2.52 1958   0.10  -0.10     0.00
  MONTH TO DATE    0.31                      1.34  -1.03     0.52
  SINCE JUN 1      0.31                      1.34  -1.03     0.52
  SINCE JAN 1     16.74                     12.33   4.41    12.75

SNOWFALL (IN)
  YESTERDAY        0.0           0.0    MM   0.0    0.0      0.0
  MONTH TO DATE    0.0                       0.0    0.0      0.0
  SINCE JUN 1      0.0                       0.0    0.0      0.0
  SINCE JUL 1     39.4                      47.4   -8.0     69.0
  SNOW DEPTH       0

DEGREE DAYS
 HEATING
  YESTERDAY        0                         2     -2        7
  MONTH TO DATE   24                        44    -20       22
  SINCE JUN 1     24                        44    -20       22
  SINCE JUL 1   5812                      6931  -1119     5378

 COOLING
  YESTERDAY       13                         3     10        0
  MONTH TO DATE   59                        32     27       58
  SINCE JUN 1     59                        32     27       58
  SINCE JAN 1     84                        64     20      137
..................................................................


WIND (MPH)
  HIGHEST WIND SPEED    15   HIGHEST WIND DIRECTION     E (70)
  HIGHEST GUST SPEED    18   HIGHEST GUST DIRECTION    NE (50)
  AVERAGE WIND SPEED     7.6


SKY COVER
  POSSIBLE SUNSHINE  MM
  AVERAGE SKY COVER 0.3


WEATHER CONDITIONS
 THE FOLLOWING WEATHER WAS RECORDED YESTERDAY.
  NO SIGNIFICANT WEATHER WAS OBSERVED.


RELATIVE HUMIDITY (PERCENT)
 HIGHEST    90           200 AM
 LOWEST     44           500 PM
 AVERAGE    67

..........................................................


THE FLINT MI CLIMATE NORMALS FOR TODAY
                         NORMAL    RECORD    YEAR
 MAXIMUM TEMPERATURE (F)   78        97      1987
 MINIMUM TEMPERATURE (F)   55        37      1978


SUNRISE AND SUNSET
JUNE 14 2017..........SUNRISE   555 AM EDT   SUNSET   915 PM EDT
JUNE 15 2017..........SUNRISE   555 AM EDT   SUNSET   916 PM EDT


-  INDICATES NEGATIVE NUMBERS.
R  INDICATES RECORD WAS SET OR TIED.
MM INDICATES DATA IS MISSING.
T  INDICATES TRACE AMOUNT.




$$
