000
CDUS43 KDTX 202026
CLIFNT


CLIMATE REPORT
NATIONAL WEATHER SERVICE DETROIT/PONTIAC MI
426 PM EDT MON JUL 20 2015


...................................

...THE FLINT MI CLIMATE SUMMARY FOR JULY 20 2015...
VALID TODAY AS OF 0400 PM LOCAL TIME.

CLIMATE NORMAL PERIOD 1981 TO 2010
CLIMATE RECORD PERIOD 1921 TO 2015


WEATHER ITEM   OBSERVED TIME   RECORD YEAR NORMAL DEPARTURE LAST
                VALUE   (LST)  VALUE       VALUE  FROM      YEAR
                                                  NORMAL
..................................................................
TEMPERATURE (F)
 TODAY
  MAXIMUM         85    158 PM 102    1930  82      3       85
  MINIMUM         63    557 AM  41    1965  59      4       56
  AVERAGE         74                        71      3       71

PRECIPITATION (IN)
  TODAY            0.00          2.28 1952   0.11  -0.11     0.00
  MONTH TO DATE    2.73                      2.04   0.69     4.68
  SINCE JUN 1      8.19                      5.11   3.08     7.14
  SINCE JAN 1     16.31                     16.10   0.21    22.09

SNOWFALL (IN)
  TODAY            0.0           0.0    MM   0.0    0.0      0.0
  MONTH TO DATE    0.0                       0.0    0.0      0.0
  SINCE JUN 1      0.0                       0.0    0.0      0.0
  SINCE JUL 1      0.0                       0.0    0.0      0.0
  SNOW DEPTH       0

DEGREE DAYS
 HEATING
  TODAY            0                         0      0        0
  MONTH TO DATE    8                        10     -2        8
  SINCE JUN 1     36                        76    -40       30
  SINCE JUL 1      8                        10     -2        8

 COOLING
  TODAY            9                         6      3        6
  MONTH TO DATE  109                       120    -11       90
  SINCE JUN 1    234                       232      2      242
  SINCE JAN 1    309                       264     45      290
..................................................................


WIND (MPH)
  HIGHEST WIND SPEED    17   HIGHEST WIND DIRECTION    SW (240)
  HIGHEST GUST SPEED    23   HIGHEST GUST DIRECTION    SW (240)
  AVERAGE WIND SPEED     8.1


SKY COVER
  POSSIBLE SUNSHINE  MM
  AVERAGE SKY COVER 0.0


WEATHER CONDITIONS
 THE FOLLOWING WEATHER WAS RECORDED TODAY.
  NO SIGNIFICANT WEATHER WAS OBSERVED.


RELATIVE HUMIDITY (PERCENT)
 HIGHEST    84           300 AM
 LOWEST     43           100 PM
 AVERAGE    64

..........................................................


THE FLINT MI CLIMATE NORMALS FOR TOMORROW
                         NORMAL    RECORD    YEAR
 MAXIMUM TEMPERATURE (F)   82       102      1934
 MINIMUM TEMPERATURE (F)   59        44      1958
                                             1944


SUNRISE AND SUNSET
JULY 20 2015..........SUNRISE   614 AM EDT   SUNSET   908 PM EDT
JULY 21 2015..........SUNRISE   615 AM EDT   SUNSET   907 PM EDT


-  INDICATES NEGATIVE NUMBERS.
R  INDICATES RECORD WAS SET OR TIED.
MM INDICATES DATA IS MISSING.
T  INDICATES TRACE AMOUNT.




$$
