000
CDUS43 KDTX 022135
CLIFNT


CLIMATE REPORT
NATIONAL WEATHER SERVICE DETROIT/PONTIAC MI
434 PM EST FRI FEB 2 2018


...................................

...THE FLINT MI CLIMATE SUMMARY FOR FEBRUARY 2 2018...
VALID TODAY AS OF 0400 PM LOCAL TIME.

CLIMATE NORMAL PERIOD 1981 TO 2010
CLIMATE RECORD PERIOD 1921 TO 2018


WEATHER ITEM   OBSERVED TIME   RECORD YEAR NORMAL DEPARTURE LAST
                VALUE   (LST)  VALUE       VALUE  FROM      YEAR
                                                  NORMAL
..................................................................
TEMPERATURE (F)
 TODAY
  MAXIMUM         18   1207 PM  53    1973  30    -12       28
  MINIMUM          8    811 AM -22    1959  15     -7       10
  AVERAGE         13                        23    -10       19

PRECIPITATION (IN)
  TODAY            0.00          0.69 2011   0.04  -0.04      T
  MONTH TO DATE    T                         0.09  -0.09     0.03
  SINCE DEC 1      3.24                      3.64  -0.40     4.75
  SINCE JAN 1      1.86                      1.72   0.14     3.16

SNOWFALL (IN)
  TODAY            0.0           8.3  2011   0.4   -0.4       T
  MONTH TO DATE    T                         0.8   -0.8      1.0
  SINCE DEC 1     43.5                      25.7   17.8     31.6
  SINCE JUL 1     43.9                      28.6   15.3     31.6
  SNOW DEPTH       3

DEGREE DAYS
 HEATING
  TODAY           52                        42     10       46
  MONTH TO DATE   95                        84     11       81
  SINCE DEC 1   2713                      2567    146     2342
  SINCE JUL 1   4011                      4048    -37     3383

 COOLING
  TODAY            0                         0      0        0
  MONTH TO DATE    0                         0      0        0
  SINCE DEC 1      0                         0      0        0
  SINCE JAN 1      0                         0      0        0
..................................................................


WIND (MPH)
  HIGHEST WIND SPEED    21   HIGHEST WIND DIRECTION    NW (300)
  HIGHEST GUST SPEED    25   HIGHEST GUST DIRECTION     W (290)
  AVERAGE WIND SPEED    12.3


SKY COVER
  POSSIBLE SUNSHINE  MM
  AVERAGE SKY COVER 0.5


WEATHER CONDITIONS
 THE FOLLOWING WEATHER WAS RECORDED TODAY.
  NO SIGNIFICANT WEATHER WAS OBSERVED.


RELATIVE HUMIDITY (PERCENT)
 HIGHEST    80           500 AM
 LOWEST     53          1200 PM
 AVERAGE    67

..........................................................


THE FLINT MI CLIMATE NORMALS FOR TOMORROW
                         NORMAL    RECORD    YEAR
 MAXIMUM TEMPERATURE (F)   30        55      2016
 MINIMUM TEMPERATURE (F)   15       -11      1996


SUNRISE AND SUNSET
FEBRUARY  2 2018......SUNRISE   749 AM EST   SUNSET   549 PM EST
FEBRUARY  3 2018......SUNRISE   748 AM EST   SUNSET   550 PM EST


-  INDICATES NEGATIVE NUMBERS.
R  INDICATES RECORD WAS SET OR TIED.
MM INDICATES DATA IS MISSING.
T  INDICATES TRACE AMOUNT.




$$
