330
CDUS43 KDTX 162036
CLIFNT


CLIMATE REPORT
NATIONAL WEATHER SERVICE DETROIT/PONTIAC MI
436 PM EDT FRI SEP 16 2016


...................................

...THE FLINT MI CLIMATE SUMMARY FOR SEPTEMBER 16 2016...
VALID TODAY AS OF 0400 PM LOCAL TIME.

CLIMATE NORMAL PERIOD 1981 TO 2010
CLIMATE RECORD PERIOD 1921 TO 2016


WEATHER ITEM   OBSERVED TIME   RECORD YEAR NORMAL DEPARTURE LAST
                VALUE   (LST)  VALUE       VALUE  FROM      YEAR
                                                  NORMAL
..................................................................
TEMPERATURE (F)
 TODAY
  MAXIMUM         77    259 PM  96    1939  72      5       84
  MINIMUM         45    614 AM  33    1959  50     -5       55
  AVERAGE         61                        61      0       70

PRECIPITATION (IN)
  TODAY            0.00          0.81 1936   0.13  -0.13     0.00
  MONTH TO DATE    0.91                      1.97  -1.06     3.14
  SINCE SEP 1      0.91                      1.97  -1.06     3.14
  SINCE JAN 1     20.46                     22.53  -2.07    22.51

SNOWFALL (IN)
  TODAY            0.0           0.0    MM   0.0    0.0      0.0
  MONTH TO DATE    0.0                       0.0    0.0      0.0
  SINCE SEP 1      0.0                       0.0    0.0      0.0
  SINCE JUL 1      0.0                       0.0    0.0      0.0
  SNOW DEPTH       0

DEGREE DAYS
 HEATING
  TODAY            4                         5     -1        0
  MONTH TO DATE   25                        54    -29       23
  SINCE SEP 1     25                        54    -29       23
  SINCE JUL 1     25                        98    -73       45

 COOLING
  TODAY            0                         1     -1        5
  MONTH TO DATE   56                        35     21      118
  SINCE SEP 1     56                        35     21      118
  SINCE JAN 1    995                       512    483      731
..................................................................


WIND (MPH)
  HIGHEST WIND SPEED    17   HIGHEST WIND DIRECTION     S (160)
  HIGHEST GUST SPEED    22   HIGHEST GUST DIRECTION     S (170)
  AVERAGE WIND SPEED     5.7


SKY COVER
  POSSIBLE SUNSHINE  MM
  AVERAGE SKY COVER 0.0


WEATHER CONDITIONS
 THE FOLLOWING WEATHER WAS RECORDED TODAY.
  FOG


RELATIVE HUMIDITY (PERCENT)
 HIGHEST   100           100 AM
 LOWEST     50           200 PM
 AVERAGE    75

..........................................................


THE FLINT MI CLIMATE NORMALS FOR TOMORROW
                         NORMAL    RECORD    YEAR
 MAXIMUM TEMPERATURE (F)   72        94      1955
 MINIMUM TEMPERATURE (F)   49        30      1959


SUNRISE AND SUNSET
SEPTEMBER 16 2016.....SUNRISE   716 AM EDT   SUNSET   742 PM EDT
SEPTEMBER 17 2016.....SUNRISE   717 AM EDT   SUNSET   740 PM EDT


-  INDICATES NEGATIVE NUMBERS.
R  INDICATES RECORD WAS SET OR TIED.
MM INDICATES DATA IS MISSING.
T  INDICATES TRACE AMOUNT.




$$
