000
CDUS43 KDTX 100555
CLIFNT


CLIMATE REPORT
NATIONAL WEATHER SERVICE DETROIT/PONTIAC MI
155 AM EDT TUE OCT 10 2017


...................................

...THE FLINT MI CLIMATE SUMMARY FOR OCTOBER 9 2017...

CLIMATE NORMAL PERIOD 1981 TO 2010
CLIMATE RECORD PERIOD 1921 TO 2017


WEATHER ITEM   OBSERVED TIME   RECORD YEAR NORMAL DEPARTURE LAST
                VALUE   (LST)  VALUE       VALUE  FROM      YEAR
                                                  NORMAL
..................................................................
TEMPERATURE (F)
 YESTERDAY
  MAXIMUM         78    313 PM  85    1939  62     16       59
  MINIMUM         53   1113 PM  25    1989  41     12       33
  AVERAGE         66                        52     14       46

PRECIPITATION (IN)
  YESTERDAY        0.07          1.07 1990   0.08  -0.01     0.00
  MONTH TO DATE    0.80                      0.82  -0.02     0.62
  SINCE SEP 1      1.64                      4.57  -2.93     5.03
  SINCE JAN 1     27.33                     25.13   2.20    24.58

SNOWFALL (IN)
  YESTERDAY        0.0           T      MM   0.1   -0.1      0.0
  MONTH TO DATE    0.0                       0.1   -0.1      0.0
  SINCE SEP 1      0.0                       0.1   -0.1      0.0
  SINCE JUL 1      0.0                       0.1   -0.1      0.0
  SNOW DEPTH       0

DEGREE DAYS
 HEATING
  YESTERDAY        0                        14    -14       19
  MONTH TO DATE   37                       110    -73       60
  SINCE SEP 1    160                       276   -116      130
  SINCE JUL 1    192                       320   -128      130

 COOLING
  YESTERDAY        1                         0      1        0
  MONTH TO DATE   13                         2     11        6
  SINCE SEP 1    108                        51     57       78
  SINCE JAN 1    565                       528     37     1017
..................................................................


WIND (MPH)
  HIGHEST WIND SPEED    10   HIGHEST WIND DIRECTION    SE (140)
  HIGHEST GUST SPEED    14   HIGHEST GUST DIRECTION    SE (140)
  AVERAGE WIND SPEED     3.2


SKY COVER
  POSSIBLE SUNSHINE  MM
  AVERAGE SKY COVER 0.4


WEATHER CONDITIONS
 THE FOLLOWING WEATHER WAS RECORDED YESTERDAY.
  LIGHT RAIN
  FOG


RELATIVE HUMIDITY (PERCENT)
 HIGHEST    93           400 AM
 LOWEST     43           300 PM
 AVERAGE    68

..........................................................


THE FLINT MI CLIMATE NORMALS FOR TODAY
                         NORMAL    RECORD    YEAR
 MAXIMUM TEMPERATURE (F)   62        85      1949
                                             1938
 MINIMUM TEMPERATURE (F)   41        26      1993
                                             1964
                                             1956


SUNRISE AND SUNSET
OCTOBER 10 2017.......SUNRISE   743 AM EDT   SUNSET   700 PM EDT
OCTOBER 11 2017.......SUNRISE   744 AM EDT   SUNSET   658 PM EDT


-  INDICATES NEGATIVE NUMBERS.
R  INDICATES RECORD WAS SET OR TIED.
MM INDICATES DATA IS MISSING.
T  INDICATES TRACE AMOUNT.




$$
