000
CDUS43 KDTX 080543
CLIFNT


CLIMATE REPORT
NATIONAL WEATHER SERVICE DETROIT/PONTIAC MI
143 AM EDT TUE AUG 8 2017


...................................

...THE FLINT MI CLIMATE SUMMARY FOR AUGUST 7 2017...

CLIMATE NORMAL PERIOD 1981 TO 2010
CLIMATE RECORD PERIOD 1921 TO 2017


WEATHER ITEM   OBSERVED TIME   RECORD YEAR NORMAL DEPARTURE LAST
                VALUE   (LST)  VALUE       VALUE  FROM      YEAR
                                                  NORMAL
..................................................................
TEMPERATURE (F)
 YESTERDAY
  MAXIMUM         76    415 PM  99    1931  81     -5       85
  MINIMUM         52   1136 PM  46    1989  59     -7       57
                                      1929
  AVERAGE         64                        70     -6       71

PRECIPITATION (IN)
  YESTERDAY        0.02          1.28 1937   0.11  -0.09     0.00
  MONTH TO DATE    1.30                      0.74   0.56     0.00
  SINCE JUN 1      6.68                      7.13  -0.45     2.42
  SINCE JAN 1     23.11                     18.12   4.99    14.65

SNOWFALL (IN)
  YESTERDAY        0.0           0.0    MM   0.0    0.0      0.0
  MONTH TO DATE    0.0                       0.0    0.0      0.0
  SINCE JUN 1      0.0                       0.0    0.0      0.0
  SINCE JUL 1      0.0                       0.0    0.0      0.0
  SNOW DEPTH       0

DEGREE DAYS
 HEATING
  YESTERDAY        1                         1      0        0
  MONTH TO DATE    2                         6     -4        0
  SINCE JUN 1     42                        87    -45       28
  SINCE JUL 1      3                        21    -18        0

 COOLING
  YESTERDAY        0                         5     -5        6
  MONTH TO DATE   24                        40    -16       86
  SINCE JUN 1    358                       339     19      613
  SINCE JAN 1    383                       371     12      692
..................................................................


WIND (MPH)
  HIGHEST WIND SPEED    18   HIGHEST WIND DIRECTION     N (340)
  HIGHEST GUST SPEED    23   HIGHEST GUST DIRECTION     N (340)
  AVERAGE WIND SPEED     4.6


SKY COVER
  POSSIBLE SUNSHINE  MM
  AVERAGE SKY COVER 0.5


WEATHER CONDITIONS
 THE FOLLOWING WEATHER WAS RECORDED YESTERDAY.
  LIGHT RAIN
  FOG


RELATIVE HUMIDITY (PERCENT)
 HIGHEST    93          1000 PM
 LOWEST     53           200 PM
 AVERAGE    73

..........................................................


THE FLINT MI CLIMATE NORMALS FOR TODAY
                         NORMAL    RECORD    YEAR
 MAXIMUM TEMPERATURE (F)   81        98      2001
 MINIMUM TEMPERATURE (F)   59        44      1989


SUNRISE AND SUNSET
AUGUST  8 2017........SUNRISE   634 AM EDT   SUNSET   847 PM EDT
AUGUST  9 2017........SUNRISE   635 AM EDT   SUNSET   845 PM EDT


-  INDICATES NEGATIVE NUMBERS.
R  INDICATES RECORD WAS SET OR TIED.
MM INDICATES DATA IS MISSING.
T  INDICATES TRACE AMOUNT.




$$
