000
CDUS43 KDTX 102030
CLIFNT


CLIMATE REPORT
NATIONAL WEATHER SERVICE DETROIT/PONTIAC MI
429 PM EDT WED AUG 10 2016


...................................

...THE FLINT MI CLIMATE SUMMARY FOR AUGUST 10 2016...
VALID TODAY AS OF 0400 PM LOCAL TIME.

CLIMATE NORMAL PERIOD 1981 TO 2010
CLIMATE RECORD PERIOD 1921 TO 2016


WEATHER ITEM   OBSERVED TIME   RECORD YEAR NORMAL DEPARTURE LAST
                VALUE   (LST)  VALUE       VALUE  FROM      YEAR
                                                  NORMAL
..................................................................
TEMPERATURE (F)
 TODAY
  MAXIMUM         95    259 PM  98    1944  80     15       81
  MINIMUM         64    533 AM  43    1972  59      5       66
                                      1962
  AVERAGE         80                        70     10       74

PRECIPITATION (IN)
  TODAY            0.00          1.08 2012   0.11  -0.11     0.56
  MONTH TO DATE    0.00                      1.06  -1.06     2.02
  SINCE JUN 1      2.42                      7.45  -5.03    10.42
  SINCE JAN 1     14.65                     18.44  -3.79    18.54

SNOWFALL (IN)
  TODAY            0.0           0.0    MM   0.0    0.0      0.0
  MONTH TO DATE    0.0                       0.0    0.0      0.0
  SINCE JUN 1      0.0                       0.0    0.0      0.0
  SINCE JUL 1      0.0                       0.0    0.0      0.0
  SNOW DEPTH       0

DEGREE DAYS
 HEATING
  TODAY            0                         1     -1        0
  MONTH TO DATE    0                         9     -9        0
  SINCE JUN 1     28                        90    -62       36
  SINCE JUL 1      0                        24    -24        8

 COOLING
  TODAY           15                         5     10        9
  MONTH TO DATE  117                        55     62       59
  SINCE JUN 1    644                       354    290      401
  SINCE JAN 1    723                       386    337      476
..................................................................


WIND (MPH)
  HIGHEST WIND SPEED    16   HIGHEST WIND DIRECTION     W (280)
  HIGHEST GUST SPEED    21   HIGHEST GUST DIRECTION     W (290)
  AVERAGE WIND SPEED     4.4


SKY COVER
  POSSIBLE SUNSHINE  MM
  AVERAGE SKY COVER 0.1


WEATHER CONDITIONS
 THE FOLLOWING WEATHER WAS RECORDED TODAY.
  FOG


RELATIVE HUMIDITY (PERCENT)
 HIGHEST    93           600 AM
 LOWEST     34          1000 AM
 AVERAGE    64

..........................................................


THE FLINT MI CLIMATE NORMALS FOR TOMORROW
                         NORMAL    RECORD    YEAR
 MAXIMUM TEMPERATURE (F)   80        96      1944
 MINIMUM TEMPERATURE (F)   59        41      1967


SUNRISE AND SUNSET
AUGUST 10 2016........SUNRISE   636 AM EDT   SUNSET   844 PM EDT
AUGUST 11 2016........SUNRISE   637 AM EDT   SUNSET   842 PM EDT


-  INDICATES NEGATIVE NUMBERS.
R  INDICATES RECORD WAS SET OR TIED.
MM INDICATES DATA IS MISSING.
T  INDICATES TRACE AMOUNT.




$$
