000
CDUS43 KDTX 250535
CLIFNT


CLIMATE REPORT
NATIONAL WEATHER SERVICE DETROIT/PONTIAC MI
1235 AM EST FRI NOV 25 2016


...................................

...THE FLINT MI CLIMATE SUMMARY FOR NOVEMBER 24 2016...

CLIMATE NORMAL PERIOD 1981 TO 2010
CLIMATE RECORD PERIOD 1921 TO 2016


WEATHER ITEM   OBSERVED TIME   RECORD YEAR NORMAL DEPARTURE LAST
                VALUE   (LST)  VALUE       VALUE  FROM      YEAR
                                                  NORMAL
..................................................................
TEMPERATURE (F)
 YESTERDAY
  MAXIMUM         43    512 PM  64    1931  43      0       41
  MINIMUM         38    730 AM   5    1950  28     10       26
  AVERAGE         41                        36      5       34

PRECIPITATION (IN)
  YESTERDAY        0.05          1.32 1973   0.08  -0.03     0.00
  MONTH TO DATE    1.53                      2.18  -0.65     1.46
  SINCE SEP 1      9.12                      8.40   0.72     7.25
  SINCE JAN 1     28.67                     28.96  -0.29    26.62

SNOWFALL (IN)
  YESTERDAY        0.0           7.2  1949   0.2   -0.2      0.0
  MONTH TO DATE    T                         1.5   -1.5     10.8
  SINCE SEP 1      T                         1.9   -1.9     10.8
  SINCE JUL 1      T                         1.9   -1.9     10.8
  SNOW DEPTH       0

DEGREE DAYS
 HEATING
  YESTERDAY       24                        30     -6       31
  MONTH TO DATE  464                       599   -135      415
  SINCE SEP 1    903                      1251   -348      810
  SINCE JUL 1    903                      1295   -392      832

 COOLING
  YESTERDAY        0                         0      0        0
  MONTH TO DATE    0                         0      0        2
  SINCE SEP 1     83                        54     29      153
  SINCE JAN 1   1022                       531    491      766
..................................................................


WIND (MPH)
  HIGHEST WIND SPEED    15   HIGHEST WIND DIRECTION     W (270)
  HIGHEST GUST SPEED    19   HIGHEST GUST DIRECTION     W (260)
  AVERAGE WIND SPEED     5.5


SKY COVER
  POSSIBLE SUNSHINE  MM
  AVERAGE SKY COVER 1.0


WEATHER CONDITIONS
 THE FOLLOWING WEATHER WAS RECORDED YESTERDAY.
  LIGHT RAIN
  FOG


RELATIVE HUMIDITY (PERCENT)
 HIGHEST   100           400 AM
 LOWEST     89          1100 AM
 AVERAGE    95

..........................................................


THE FLINT MI CLIMATE NORMALS FOR TODAY
                         NORMAL    RECORD    YEAR
 MAXIMUM TEMPERATURE (F)   42        63      2011
                                             2001
 MINIMUM TEMPERATURE (F)   28         9      1950


SUNRISE AND SUNSET
NOVEMBER 25 2016......SUNRISE   740 AM EST   SUNSET   504 PM EST
NOVEMBER 26 2016......SUNRISE   741 AM EST   SUNSET   503 PM EST


-  INDICATES NEGATIVE NUMBERS.
R  INDICATES RECORD WAS SET OR TIED.
MM INDICATES DATA IS MISSING.
T  INDICATES TRACE AMOUNT.




$$
