000
CDUS43 KDTX 280819 CCA
CLIFNT

CLIMATE REPORT
NATIONAL WEATHER SERVICE DETROIT/PONTIAC MI
1255 AM EST THU JAN 28 2016


...................................

...THE FLINT MI CLIMATE SUMMARY FOR JANUARY 27 2016...

CLIMATE NORMAL PERIOD 1981 TO 2010
CLIMATE RECORD PERIOD 1921 TO 2016


WEATHER ITEM   OBSERVED TIME   RECORD YEAR NORMAL DEPARTURE LAST
                VALUE   (LST)  VALUE       VALUE  FROM      YEAR
                                                  NORMAL
..................................................................
TEMPERATURE (F)
 YESTERDAY
  MAXIMUM         33    224 PM  56    2002  30      3       27
  MINIMUM         28   1159 PM -11    2003  15     13        7
                                      1943
  AVERAGE         31                        22      9       17

PRECIPITATION (IN)
  YESTERDAY        0.03          0.75 1967   0.05  -0.02     0.00
  MONTH TO DATE    1.47                      1.44   0.03     1.17
  SINCE DEC 1      3.37                      3.36   0.01     2.81
  SINCE JAN 1      1.47                      1.44   0.03     1.17

SNOWFALL (IN)
  YESTERDAY       1.1             8.2  1967  0.4   +0.7      0.0
  MONTH TO DATE   13.8                      11.5    2.3     12.1
  SINCE DEC 1     16.3                      23.3   -7.0     12.7
  SINCE JUL 1     27.1                      26.2   +0.9     22.1
  SNOW DEPTH       1

DEGREE DAYS
 HEATING
  YESTERDAY       34                        43     -9       48
  MONTH TO DATE 1022                      1150   -128     1185
  SINCE DEC 1   1759                      2314   -555     2175
  SINCE JUL 1   2740                      3795  -1055     3639

 COOLING
  YESTERDAY        0                         0      0        0
  MONTH TO DATE    0                         0      0        0
  SINCE DEC 1      0                         0      0        0
  SINCE JAN 1      0                         0      0        0
..................................................................


WIND (MPH)
  HIGHEST WIND SPEED    21   HIGHEST WIND DIRECTION     S (200)
  HIGHEST GUST SPEED    27   HIGHEST GUST DIRECTION     S (190)
  AVERAGE WIND SPEED    11.1


SKY COVER
  POSSIBLE SUNSHINE  MM
  AVERAGE SKY COVER 1.0


WEATHER CONDITIONS
 THE FOLLOWING WEATHER WAS RECORDED YESTERDAY.
  SNOW
  LIGHT SNOW
  FOG
  HAZE


RELATIVE HUMIDITY (PERCENT)
 HIGHEST    85           400 AM
 LOWEST     58           500 PM
 AVERAGE    72

..........................................................


THE FLINT MI CLIMATE NORMALS FOR TODAY
                         NORMAL    RECORD    YEAR
 MAXIMUM TEMPERATURE (F)   30        54      2002
 MINIMUM TEMPERATURE (F)   15       -12      1925


SUNRISE AND SUNSET
JANUARY 28 2016.......SUNRISE   754 AM EST   SUNSET   542 PM EST
JANUARY 29 2016.......SUNRISE   753 AM EST   SUNSET   543 PM EST


-  INDICATES NEGATIVE NUMBERS.
R  INDICATES RECORD WAS SET OR TIED.
MM INDICATES DATA IS MISSING.
T  INDICATES TRACE AMOUNT.




$$
