906
CDUS43 KDTX 110542
CLIFNT


CLIMATE REPORT
NATIONAL WEATHER SERVICE DETROIT/PONTIAC MI
1241 AM EST WED JAN 11 2017


...................................

...THE FLINT MI CLIMATE SUMMARY FOR JANUARY 10 2017...

CLIMATE NORMAL PERIOD 1981 TO 2010
CLIMATE RECORD PERIOD 1921 TO 2017


WEATHER ITEM   OBSERVED TIME   RECORD YEAR NORMAL DEPARTURE LAST
                VALUE   (LST)  VALUE       VALUE  FROM      YEAR
                                                  NORMAL
..................................................................
TEMPERATURE (F)
 YESTERDAY
  MAXIMUM         47    754 PM  56    1950  30     17       47
  MINIMUM         26    155 AM -14    1984  16     10       17
  AVERAGE         37                        22     15       32

PRECIPITATION (IN)
  YESTERDAY        0.41          0.75 1924   0.06   0.35     0.37
  MONTH TO DATE    1.14                      0.58   0.56     0.76
  SINCE DEC 1      2.73                      2.50   0.23     2.66
  SINCE JAN 1      1.14                      0.58   0.56     0.76

SNOWFALL (IN)
  YESTERDAY        4.1           4.8  1977   0.5    3.6      4.0
  MONTH TO DATE    5.3                       4.3    1.0      6.4
  SINCE DEC 1     25.5                      16.1    9.4      8.9
  SINCE JUL 1     25.5                      19.0    6.5     19.7
  SNOW DEPTH       4

DEGREE DAYS
 HEATING
  YESTERDAY       28                        42    -14       33
  MONTH TO DATE  417                       419     -2      342
  SINCE DEC 1   1565                      1583    -18     1079
  SINCE JUL 1   2606                      3064   -458     2060

 COOLING
  YESTERDAY        0                         0      0        0
  MONTH TO DATE    0                         0      0        0
  SINCE DEC 1      0                         0      0        0
  SINCE JAN 1      0                         0      0        0
..................................................................


WIND (MPH)
  HIGHEST WIND SPEED    33   HIGHEST WIND DIRECTION     W (260)
  HIGHEST GUST SPEED    45   HIGHEST GUST DIRECTION     W (270)
  AVERAGE WIND SPEED    18.9


SKY COVER
  POSSIBLE SUNSHINE  MM
  AVERAGE SKY COVER 1.0


WEATHER CONDITIONS
 THE FOLLOWING WEATHER WAS RECORDED YESTERDAY.
  LIGHT RAIN
  LT FREEZING RAIN
  LIGHT SNOW
  FOG


RELATIVE HUMIDITY (PERCENT)
 HIGHEST    92           200 AM
 LOWEST     76          1100 PM
 AVERAGE    84

..........................................................


THE FLINT MI CLIMATE NORMALS FOR TODAY
                         NORMAL    RECORD    YEAR
 MAXIMUM TEMPERATURE (F)   30        56      1975
 MINIMUM TEMPERATURE (F)   15       -19      1984


SUNRISE AND SUNSET
JANUARY 11 2017.......SUNRISE   805 AM EST   SUNSET   522 PM EST
JANUARY 12 2017.......SUNRISE   804 AM EST   SUNSET   523 PM EST


-  INDICATES NEGATIVE NUMBERS.
R  INDICATES RECORD WAS SET OR TIED.
MM INDICATES DATA IS MISSING.
T  INDICATES TRACE AMOUNT.




$$
