000
CDUS43 KDTX 042025
CLIFNT


CLIMATE REPORT
NATIONAL WEATHER SERVICE DETROIT/PONTIAC MI
425 PM EDT FRI JUL 4 2014


...................................

...THE FLINT MI CLIMATE SUMMARY FOR JULY 4 2014...
VALID TODAY AS OF 0400 PM LOCAL TIME.

CLIMATE NORMAL PERIOD 1981 TO 2010
CLIMATE RECORD PERIOD 1921 TO 2014


WEATHER ITEM   OBSERVED TIME   RECORD YEAR NORMAL DEPARTURE LAST
                VALUE   (LST)  VALUE       VALUE  FROM      YEAR
                                                  NORMAL
..................................................................
TEMPERATURE (F)
 TODAY
  MAXIMUM         76    244 PM 102    1921  82     -6       81
  MINIMUM         51    529 AM  41    1963  59     -8       64
  AVERAGE         64                        70     -6       73

PRECIPITATION (IN)
  TODAY            0.00          2.06 1969   0.09  -0.09     0.00
  MONTH TO DATE    0.86                      0.38   0.48     0.01
  SINCE JUN 1      3.32                      3.45  -0.13     4.52
  SINCE JAN 1     18.27                     14.44   3.83    21.28

SNOWFALL (IN)
  TODAY            0.0           0.0    MM   0.0    0.0      0.0
  MONTH TO DATE    0.0                       0.0    0.0      0.0
  SINCE JUN 1      0.0                       0.0    0.0      0.0
  SINCE JUL 1      0.0                       0.0    0.0      0.0
  SNOW DEPTH       0

DEGREE DAYS
 HEATING
  TODAY            1                         1      0        0
  MONTH TO DATE    3                         4     -1        0
  SINCE JUN 1     25                        70    -45       41
  SINCE JUL 1      3                         4     -1        0

 COOLING
  TODAY            0                         6     -6        8
  MONTH TO DATE   18                        24     -6       19
  SINCE JUN 1    170                       136     34      178
  SINCE JAN 1    218                       168     50      257
..................................................................


WIND (MPH)
  HIGHEST WIND SPEED    16   HIGHEST WIND DIRECTION     N (20)
  HIGHEST GUST SPEED    21   HIGHEST GUST DIRECTION     N (360)
  AVERAGE WIND SPEED     7.1


SKY COVER
  POSSIBLE SUNSHINE  MM
  AVERAGE SKY COVER 0.1


WEATHER CONDITIONS
 THE FOLLOWING WEATHER WAS RECORDED TODAY.
  FOG


RELATIVE HUMIDITY (PERCENT)
 HIGHEST    89           300 AM
 LOWEST     31           300 PM
 AVERAGE    60

..........................................................


THE FLINT MI CLIMATE NORMALS FOR TOMORROW
                         NORMAL    RECORD    YEAR
 MAXIMUM TEMPERATURE (F)   82       102      1921
 MINIMUM TEMPERATURE (F)   59        43      1972


SUNRISE AND SUNSET
JULY  4 2014..........SUNRISE   601 AM EDT   SUNSET   917 PM EDT
JULY  5 2014..........SUNRISE   602 AM EDT   SUNSET   917 PM EDT


-  INDICATES NEGATIVE NUMBERS.
R  INDICATES RECORD WAS SET OR TIED.
MM INDICATES DATA IS MISSING.
T  INDICATES TRACE AMOUNT.




$$
