000
CDUS43 KDTX 020540
CLIFNT


CLIMATE REPORT
NATIONAL WEATHER SERVICE DETROIT/PONTIAC MI
140 AM EDT SUN JUL 2 2017


...................................

...THE FLINT MI CLIMATE SUMMARY FOR JULY 1 2017...

CLIMATE NORMAL PERIOD 1981 TO 2010
CLIMATE RECORD PERIOD 1921 TO 2017


WEATHER ITEM   OBSERVED TIME   RECORD YEAR NORMAL DEPARTURE LAST
                VALUE   (LST)  VALUE       VALUE  FROM      YEAR
                                                  NORMAL
..................................................................
TEMPERATURE (F)
 YESTERDAY
  MAXIMUM         83    445 PM 102    1931  82      1       77
  MINIMUM         62   1159 PM  40    1965  59      3       57
  AVERAGE         73                        70      3       67

PRECIPITATION (IN)
  YESTERDAY        0.01          1.34 1999   0.10  -0.09     0.43
  MONTH TO DATE    0.01                      0.10  -0.09     0.43
  SINCE JUN 1      2.67                      3.17  -0.50     1.10
  SINCE JAN 1     19.10                     14.16   4.94    13.33

SNOWFALL (IN)
  YESTERDAY        0.0           0.0    MM   0.0    0.0      0.0
  MONTH TO DATE    0.0                       0.0    0.0      0.0
  SINCE JUN 1      0.0                       0.0    0.0      0.0
  SINCE JUL 1      0.0                       0.0    0.0      0.0
  SNOW DEPTH       0

DEGREE DAYS
 HEATING
  YESTERDAY        0                         1     -1        0
  MONTH TO DATE    0                         1     -1        0
  SINCE JUN 1     39                        67    -28       28
  SINCE JUL 1      0                         1     -1        0

 COOLING
  YESTERDAY        8                         6      2        2
  MONTH TO DATE    8                         6      2        2
  SINCE JUN 1    154                       118     36      180
  SINCE JAN 1    179                       150     29      259
..................................................................


WIND (MPH)
  HIGHEST WIND SPEED    24   HIGHEST WIND DIRECTION     W (290)
  HIGHEST GUST SPEED    29   HIGHEST GUST DIRECTION     W (290)
  AVERAGE WIND SPEED     8.9


SKY COVER
  POSSIBLE SUNSHINE  MM
  AVERAGE SKY COVER 0.5


WEATHER CONDITIONS
 THE FOLLOWING WEATHER WAS RECORDED YESTERDAY.
  THUNDERSTORM
  LIGHT RAIN


RELATIVE HUMIDITY (PERCENT)
 HIGHEST    93          1200 AM
 LOWEST     42           600 PM
 AVERAGE    68

..........................................................


THE FLINT MI CLIMATE NORMALS FOR TODAY
                         NORMAL    RECORD    YEAR
 MAXIMUM TEMPERATURE (F)   82       100      1931
                                             1927
 MINIMUM TEMPERATURE (F)   59        40      2001


SUNRISE AND SUNSET
JULY  2 2017..........SUNRISE   600 AM EDT   SUNSET   917 PM EDT
JULY  3 2017..........SUNRISE   601 AM EDT   SUNSET   917 PM EDT


-  INDICATES NEGATIVE NUMBERS.
R  INDICATES RECORD WAS SET OR TIED.
MM INDICATES DATA IS MISSING.
T  INDICATES TRACE AMOUNT.




$$
