000
CDUS43 KDTX 032129
CLIFNT


CLIMATE REPORT
NATIONAL WEATHER SERVICE DETROIT/PONTIAC MI
428 PM EST WED JAN 3 2018


...................................

...THE FLINT MI CLIMATE SUMMARY FOR JANUARY 3 2018...
VALID TODAY AS OF 0400 PM LOCAL TIME.

CLIMATE NORMAL PERIOD 1981 TO 2010
CLIMATE RECORD PERIOD 1921 TO 2018


WEATHER ITEM   OBSERVED TIME   RECORD YEAR NORMAL DEPARTURE LAST
                VALUE   (LST)  VALUE       VALUE  FROM      YEAR
                                                  NORMAL
..................................................................
TEMPERATURE (F)
 TODAY
  MAXIMUM         15    359 PM  59    2004  30    -15       41
  MINIMUM          4    645 AM -10    2014  16    -12       35
  AVERAGE         10                        23    -13       38

PRECIPITATION (IN)
  TODAY            0.01          0.73 1950   0.05  -0.04     0.19
  MONTH TO DATE    0.01                      0.17  -0.16     0.68
  SINCE DEC 1      1.39                      2.09  -0.70     2.27
  SINCE JAN 1      0.01                      0.17  -0.16     0.68

SNOWFALL (IN)
  TODAY            0.5           4.0  1943   0.5    0.0      0.0
  MONTH TO DATE    0.5                       1.3   -0.8      0.0
  SINCE DEC 1     23.8                      13.1   10.7     20.2
  SINCE JUL 1     24.2                      16.0    8.2     20.2
  SNOW DEPTH       4

DEGREE DAYS
 HEATING
  TODAY           55                        42     13       27
  MONTH TO DATE  167                       125     42       90
  SINCE DEC 1   1475                      1289    186     1238
  SINCE JUL 1   2773                      2770      3     2279

 COOLING
  TODAY            0                         0      0        0
  MONTH TO DATE    0                         0      0        0
  SINCE DEC 1      0                         0      0        0
  SINCE JAN 1      0                         0      0        0
..................................................................


WIND (MPH)
  HIGHEST WIND SPEED    20   HIGHEST WIND DIRECTION    SW (230)
  HIGHEST GUST SPEED    27   HIGHEST GUST DIRECTION    SW (230)
  AVERAGE WIND SPEED    11.8


SKY COVER
  POSSIBLE SUNSHINE  MM
  AVERAGE SKY COVER 0.9


WEATHER CONDITIONS
 THE FOLLOWING WEATHER WAS RECORDED TODAY.
  LIGHT SNOW
  HAZE


RELATIVE HUMIDITY (PERCENT)
 HIGHEST    84           300 PM
 LOWEST     49           100 AM
 AVERAGE    67

..........................................................


THE FLINT MI CLIMATE NORMALS FOR TOMORROW
                         NORMAL    RECORD    YEAR
 MAXIMUM TEMPERATURE (F)   30        61      1997
 MINIMUM TEMPERATURE (F)   16       -16      1981


SUNRISE AND SUNSET
JANUARY  3 2018.......SUNRISE   806 AM EST   SUNSET   513 PM EST
JANUARY  4 2018.......SUNRISE   806 AM EST   SUNSET   514 PM EST


-  INDICATES NEGATIVE NUMBERS.
R  INDICATES RECORD WAS SET OR TIED.
MM INDICATES DATA IS MISSING.
T  INDICATES TRACE AMOUNT.




$$
