000
CDUS43 KDTX 160535
CLIFNT


CLIMATE REPORT
NATIONAL WEATHER SERVICE DETROIT/PONTIAC MI
135 AM EDT WED JUL 16 2014


...................................

...THE FLINT MI CLIMATE SUMMARY FOR JULY 15 2014...

CLIMATE NORMAL PERIOD 1981 TO 2010
CLIMATE RECORD PERIOD 1921 TO 2014


WEATHER ITEM   OBSERVED TIME   RECORD YEAR NORMAL DEPARTURE LAST
                VALUE   (LST)  VALUE       VALUE  FROM      YEAR
                                                  NORMAL
..................................................................
TEMPERATURE (F)
 YESTERDAY
  MAXIMUM         71   1259 PM  99    1977  82    -11       93
  MINIMUM         56   1159 PM  41    1960  59     -3       70
  AVERAGE         64                        71     -7       82

PRECIPITATION (IN)
  YESTERDAY        0.02          2.17 1972   0.11  -0.09      T
  MONTH TO DATE    4.68                      1.48   3.20     0.31
  SINCE JUN 1      7.14                      4.55   2.59     4.82
  SINCE JAN 1     22.09                     15.54   6.55    21.58

SNOWFALL (IN)
  YESTERDAY        0.0           0.0    MM   0.0    0.0      0.0
  MONTH TO DATE    0.0                       0.0    0.0      0.0
  SINCE JUN 1      0.0                       0.0    0.0      0.0
  SINCE JUL 1      0.0                       0.0    0.0      0.0
  SNOW DEPTH       0

DEGREE DAYS
 HEATING
  YESTERDAY        1                         0      1        0
  MONTH TO DATE    4                        10     -6        0
  SINCE JUN 1     26                        76    -50       41
  SINCE JUL 1      4                        10     -6        0

 COOLING
  YESTERDAY        0                         6     -6       17
  MONTH TO DATE   78                        90    -12      139
  SINCE JUN 1    230                       202     28      298
  SINCE JAN 1    278                       234     44      377
..................................................................


WIND (MPH)
  HIGHEST WIND SPEED    23   HIGHEST WIND DIRECTION    NW (300)
  HIGHEST GUST SPEED    29   HIGHEST GUST DIRECTION    NW (300)
  AVERAGE WIND SPEED    11.7


SKY COVER
  POSSIBLE SUNSHINE  MM
  AVERAGE SKY COVER 0.7


WEATHER CONDITIONS
 THE FOLLOWING WEATHER WAS RECORDED YESTERDAY.
  THUNDERSTORM
  LIGHT RAIN
  FOG
  HAZE


RELATIVE HUMIDITY (PERCENT)
 HIGHEST    93           600 AM
 LOWEST     53           100 PM
 AVERAGE    73

..........................................................


THE FLINT MI CLIMATE NORMALS FOR TODAY
                         NORMAL    RECORD    YEAR
 MAXIMUM TEMPERATURE (F)   82        97      2012
                                             1988
                                             1931
 MINIMUM TEMPERATURE (F)   59        45      1945


SUNRISE AND SUNSET
JULY 16 2014..........SUNRISE   610 AM EDT   SUNSET   911 PM EDT
JULY 17 2014..........SUNRISE   611 AM EDT   SUNSET   910 PM EDT


-  INDICATES NEGATIVE NUMBERS.
R  INDICATES RECORD WAS SET OR TIED.
MM INDICATES DATA IS MISSING.
T  INDICATES TRACE AMOUNT.




$$
