000
CDUS43 KDTX 040536
CLIFNT


CLIMATE REPORT
NATIONAL WEATHER SERVICE DETROIT/PONTIAC MI
136 AM EDT MON JUL 4 2016


...................................

...THE FLINT MI CLIMATE SUMMARY FOR JULY 3 2016...

CLIMATE NORMAL PERIOD 1981 TO 2010
CLIMATE RECORD PERIOD 1921 TO 2016


WEATHER ITEM   OBSERVED TIME   RECORD YEAR NORMAL DEPARTURE LAST
                VALUE   (LST)  VALUE       VALUE  FROM      YEAR
                                                  NORMAL
..................................................................
TEMPERATURE (F)
 YESTERDAY
  MAXIMUM         84    417 PM  99    1921  82      2       78
  MINIMUM         52    513 AM  45    1968  59     -7       48
                                      1929
  AVERAGE         68                        70     -2       63

PRECIPITATION (IN)
  YESTERDAY        0.00          1.10 1981   0.10  -0.10     0.00
  MONTH TO DATE    0.43                      0.29   0.14     0.00
  SINCE JUN 1      1.10                      3.36  -2.26     5.46
  SINCE JAN 1     13.33                     14.35  -1.02    13.58

SNOWFALL (IN)
  YESTERDAY        0.0           0.0    MM   0.0    0.0      0.0
  MONTH TO DATE    0.0                       0.0    0.0      0.0
  SINCE JUN 1      0.0                       0.0    0.0      0.0
  SINCE JUL 1      0.0                       0.0    0.0      0.0
  SNOW DEPTH       0

DEGREE DAYS
 HEATING
  YESTERDAY        0                         1     -1        2
  MONTH TO DATE    0                         3     -3        3
  SINCE JUN 1     28                        69    -41       31
  SINCE JUL 1      0                         3     -3        3

 COOLING
  YESTERDAY        3                         6     -3        0
  MONTH TO DATE    5                        18    -13        1
  SINCE JUN 1    183                       130     53      125
  SINCE JAN 1    262                       162    100      200
..................................................................


WIND (MPH)
  HIGHEST WIND SPEED    13   HIGHEST WIND DIRECTION     S (180)
  HIGHEST GUST SPEED    16   HIGHEST GUST DIRECTION     S (160)
  AVERAGE WIND SPEED     3.6


SKY COVER
  POSSIBLE SUNSHINE  MM
  AVERAGE SKY COVER 0.1


WEATHER CONDITIONS
 THE FOLLOWING WEATHER WAS RECORDED YESTERDAY.
  NO SIGNIFICANT WEATHER WAS OBSERVED.


RELATIVE HUMIDITY (PERCENT)
 HIGHEST    86           400 AM
 LOWEST     28           100 PM
 AVERAGE    57

..........................................................


THE FLINT MI CLIMATE NORMALS FOR TODAY
                         NORMAL    RECORD    YEAR
 MAXIMUM TEMPERATURE (F)   82       102      1921
 MINIMUM TEMPERATURE (F)   59        41      1963


SUNRISE AND SUNSET
JULY  4 2016..........SUNRISE   602 AM EDT   SUNSET   917 PM EDT
JULY  5 2016..........SUNRISE   602 AM EDT   SUNSET   917 PM EDT


-  INDICATES NEGATIVE NUMBERS.
R  INDICATES RECORD WAS SET OR TIED.
MM INDICATES DATA IS MISSING.
T  INDICATES TRACE AMOUNT.




$$
