000
CDUS43 KDTX 080539
CLIFNT


CLIMATE REPORT
NATIONAL WEATHER SERVICE DETROIT/PONTIAC MI
1239 AM EST THU FEB 8 2018


...................................

...THE FLINT MI CLIMATE SUMMARY FOR FEBRUARY 7 2018...

CLIMATE NORMAL PERIOD 1981 TO 2010
CLIMATE RECORD PERIOD 1921 TO 2018


WEATHER ITEM   OBSERVED TIME   RECORD YEAR NORMAL DEPARTURE LAST
                VALUE   (LST)  VALUE       VALUE  FROM      YEAR
                                                  NORMAL
..................................................................
TEMPERATURE (F)
 YESTERDAY
  MAXIMUM         20    349 PM  50    2009  31    -11       44
  MINIMUM         -1   1135 PM -11    1967  16    -17       32
  AVERAGE         10                        23    -13       38

PRECIPITATION (IN)
  YESTERDAY        0.09          0.73 2017   0.05   0.04     0.73
  MONTH TO DATE    0.52                      0.33   0.19     0.76
  SINCE DEC 1      3.76                      3.88  -0.12     5.48
  SINCE JAN 1      2.38                      1.96   0.42     3.89

SNOWFALL (IN)
  YESTERDAY        1.0           2.1  1986   0.4    0.6      0.0
  MONTH TO DATE    8.4                       2.8    5.6      1.0
  SINCE DEC 1     51.9                      27.7   24.2     31.6
  SINCE JUL 1     52.3                      30.6   21.7     31.6
  SNOW DEPTH       6

DEGREE DAYS
 HEATING
  YESTERDAY       55                        42     13       27
  MONTH TO DATE  345                       294     51      282
  SINCE DEC 1   2963                      2777    186     2543
  SINCE JUL 1   4261                      4258      3     3584

 COOLING
  YESTERDAY        0                         0      0        0
  MONTH TO DATE    0                         0      0        0
  SINCE DEC 1      0                         0      0        0
  SINCE JAN 1      0                         0      0        0
..................................................................


WIND (MPH)
  HIGHEST WIND SPEED    15   HIGHEST WIND DIRECTION     W (290)
  HIGHEST GUST SPEED    18   HIGHEST GUST DIRECTION     W (290)
  AVERAGE WIND SPEED     5.0


SKY COVER
  POSSIBLE SUNSHINE  MM
  AVERAGE SKY COVER 0.7


WEATHER CONDITIONS
 THE FOLLOWING WEATHER WAS RECORDED YESTERDAY.
  LIGHT SNOW
  FOG


RELATIVE HUMIDITY (PERCENT)
 HIGHEST    95          1100 PM
 LOWEST     62           400 PM
 AVERAGE    79

..........................................................


THE FLINT MI CLIMATE NORMALS FOR TODAY
                         NORMAL    RECORD    YEAR
 MAXIMUM TEMPERATURE (F)   31        57      1937
 MINIMUM TEMPERATURE (F)   16       -13      1974


SUNRISE AND SUNSET
FEBRUARY  8 2018......SUNRISE   742 AM EST   SUNSET   557 PM EST
FEBRUARY  9 2018......SUNRISE   740 AM EST   SUNSET   558 PM EST


-  INDICATES NEGATIVE NUMBERS.
R  INDICATES RECORD WAS SET OR TIED.
MM INDICATES DATA IS MISSING.
T  INDICATES TRACE AMOUNT.




$$
