000
CDUS43 KDTX 090539
CLIFNT


CLIMATE REPORT
NATIONAL WEATHER SERVICE DETROIT/PONTIAC MI
139 AM EDT SUN APR 9 2017


...................................

...THE FLINT MI CLIMATE SUMMARY FOR APRIL 8 2017...

CLIMATE NORMAL PERIOD 1981 TO 2010
CLIMATE RECORD PERIOD 1921 TO 2017


WEATHER ITEM   OBSERVED TIME   RECORD YEAR NORMAL DEPARTURE LAST
                VALUE   (LST)  VALUE       VALUE  FROM      YEAR
                                                  NORMAL
..................................................................
TEMPERATURE (F)
 YESTERDAY
  MAXIMUM         60    536 PM  76    1991  54      6       44
  MINIMUM         28    535 AM   8    1982  33     -5       28
  AVERAGE         44                        44      0       36

PRECIPITATION (IN)
  YESTERDAY        0.00          0.91 2002   0.09  -0.09      T
  MONTH TO DATE    2.76                      0.72   2.04     0.56
  SINCE MAR 1      5.97                      2.63   3.34     4.89
  SINCE JAN 1     11.52                      5.74   5.78     8.74

SNOWFALL (IN)
  YESTERDAY        0.0           2.3  2000   0.1   -0.1       T
  MONTH TO DATE    1.5                       1.0    0.5      1.7
  SINCE MAR 1      6.9                       7.5   -0.6     13.3
  SINCE JUL 1     39.4                      46.1   -6.7     63.9
  SNOW DEPTH       0

DEGREE DAYS
 HEATING
  YESTERDAY       21                        21      0       29
  MONTH TO DATE  165                       183    -18      230
  SINCE MAR 1   1123                      1140    -17      944
  SINCE JUL 1   5272                      6228   -956     4814

 COOLING
  YESTERDAY        0                         0      0        0
  MONTH TO DATE    0                         0      0        0
  SINCE MAR 1      0                         0      0        1
  SINCE JAN 1      0                         0      0        1
..................................................................


WIND (MPH)
  HIGHEST WIND SPEED    16   HIGHEST WIND DIRECTION    SW (230)
  HIGHEST GUST SPEED    22   HIGHEST GUST DIRECTION    SW (210)
  AVERAGE WIND SPEED     7.4


SKY COVER
  POSSIBLE SUNSHINE  MM
  AVERAGE SKY COVER 0.0


WEATHER CONDITIONS
 THE FOLLOWING WEATHER WAS RECORDED YESTERDAY.
  NO SIGNIFICANT WEATHER WAS OBSERVED.


RELATIVE HUMIDITY (PERCENT)
 HIGHEST    85           500 AM
 LOWEST     25           500 PM
 AVERAGE    55

..........................................................


THE FLINT MI CLIMATE NORMALS FOR TODAY
                         NORMAL    RECORD    YEAR
 MAXIMUM TEMPERATURE (F)   55        79      1931
 MINIMUM TEMPERATURE (F)   33        18      1997


SUNRISE AND SUNSET
APRIL  9 2017.........SUNRISE   703 AM EDT   SUNSET   811 PM EDT
APRIL 10 2017.........SUNRISE   701 AM EDT   SUNSET   812 PM EDT


-  INDICATES NEGATIVE NUMBERS.
R  INDICATES RECORD WAS SET OR TIED.
MM INDICATES DATA IS MISSING.
T  INDICATES TRACE AMOUNT.




$$
