000
CDUS43 KDTX 132132
CLIFNT


CLIMATE REPORT
NATIONAL WEATHER SERVICE DETROIT/PONTIAC MI
432 PM EST SUN NOV 13 2016


...................................

...THE FLINT MI CLIMATE SUMMARY FOR NOVEMBER 13 2016...
VALID TODAY AS OF 0400 PM LOCAL TIME.

CLIMATE NORMAL PERIOD 1981 TO 2010
CLIMATE RECORD PERIOD 1921 TO 2016


WEATHER ITEM   OBSERVED TIME   RECORD YEAR NORMAL DEPARTURE LAST
                VALUE   (LST)  VALUE       VALUE  FROM      YEAR
                                                  NORMAL
..................................................................
TEMPERATURE (F)
 TODAY
  MAXIMUM         57    330 PM  71    1989  48      9       46
  MINIMUM         35    350 AM  12    1986  32      3       38
  AVERAGE         46                        40      6       42

PRECIPITATION (IN)
  TODAY            0.00          0.85 1959   0.09  -0.09      T
  MONTH TO DATE    0.61                      1.17  -0.56     0.56
  SINCE SEP 1      8.20                      7.39   0.81     6.35
  SINCE JAN 1     27.75                     27.95  -0.20    25.72

SNOWFALL (IN)
  TODAY            0.0           1.2  1974   0.0    0.0       T
  MONTH TO DATE    0.0                       0.4   -0.4       T
  SINCE SEP 1      T                         0.8   -0.8       T
  SINCE JUL 1      T                         0.8   -0.8       T
  SNOW DEPTH       0

DEGREE DAYS
 HEATING
  TODAY           19                        25     -6       23
  MONTH TO DATE  205                       297    -92      181
  SINCE SEP 1    644                       949   -305      576
  SINCE JUL 1    644                       993   -349      598

 COOLING
  TODAY            0                         0      0        0
  MONTH TO DATE    0                         0      0        2
  SINCE SEP 1     83                        54     29      153
  SINCE JAN 1   1022                       531    491      766
..................................................................


WIND (MPH)
  HIGHEST WIND SPEED    21   HIGHEST WIND DIRECTION    SW (240)
  HIGHEST GUST SPEED    27   HIGHEST GUST DIRECTION    SW (240)
  AVERAGE WIND SPEED    10.5


SKY COVER
  POSSIBLE SUNSHINE  MM
  AVERAGE SKY COVER 0.0


WEATHER CONDITIONS
 THE FOLLOWING WEATHER WAS RECORDED TODAY.
  NO SIGNIFICANT WEATHER WAS OBSERVED.


RELATIVE HUMIDITY (PERCENT)
 HIGHEST    82           300 AM
 LOWEST     30           200 PM
 AVERAGE    56

..........................................................


THE FLINT MI CLIMATE NORMALS FOR TOMORROW
                         NORMAL    RECORD    YEAR
 MAXIMUM TEMPERATURE (F)   48        66      2009
                                             1956
                                             1953
 MINIMUM TEMPERATURE (F)   32        12      1986


SUNRISE AND SUNSET
NOVEMBER 13 2016......SUNRISE   725 AM EST   SUNSET   513 PM EST
NOVEMBER 14 2016......SUNRISE   727 AM EST   SUNSET   512 PM EST


-  INDICATES NEGATIVE NUMBERS.
R  INDICATES RECORD WAS SET OR TIED.
MM INDICATES DATA IS MISSING.
T  INDICATES TRACE AMOUNT.




$$
