000
CDUS43 KDTX 302127
CLIFNT


CLIMATE REPORT
NATIONAL WEATHER SERVICE DETROIT/PONTIAC MI
427 PM EST SAT JAN 30 2016


...................................

...THE FLINT MI CLIMATE SUMMARY FOR JANUARY 30 2016...
VALID TODAY AS OF 0400 PM LOCAL TIME.

CLIMATE NORMAL PERIOD 1981 TO 2010
CLIMATE RECORD PERIOD 1921 TO 2016


WEATHER ITEM   OBSERVED TIME   RECORD YEAR NORMAL DEPARTURE LAST
                VALUE   (LST)  VALUE       VALUE  FROM      YEAR
                                                  NORMAL
..................................................................
TEMPERATURE (F)
 TODAY
  MAXIMUM         49    333 PM  58    2013  30     19       25
  MINIMUM         29   1222 AM -16    1951  15     14        7
  AVERAGE         39                        22     17       16

PRECIPITATION (IN)
  TODAY            0.00          0.98 1947   0.04  -0.04      T
  MONTH TO DATE    1.50                      1.58  -0.08     1.30
  SINCE DEC 1      3.40                      3.50  -0.10     2.94
  SINCE JAN 1      1.50                      1.58  -0.08     1.30

SNOWFALL (IN)
  TODAY            0.0           5.5  1939   0.4   -0.4       T
  MONTH TO DATE   14.6                      12.7    1.9     13.1
  SINCE DEC 1     17.1                      24.5   -7.4     13.7
  SINCE JUL 1     27.9                      27.4    0.5     23.1
  SNOW DEPTH       0

DEGREE DAYS
 HEATING
  TODAY           26                        43    -17       49
  MONTH TO DATE 1119                      1279   -160     1315
  SINCE DEC 1   1856                      2443   -587     2305
  SINCE JUL 1   2837                      3924  -1087     3769

 COOLING
  TODAY            0                         0      0        0
  MONTH TO DATE    0                         0      0        0
  SINCE DEC 1      0                         0      0        0
  SINCE JAN 1      0                         0      0        0
..................................................................


WIND (MPH)
  HIGHEST WIND SPEED    20   HIGHEST WIND DIRECTION    SW (220)
  HIGHEST GUST SPEED    26   HIGHEST GUST DIRECTION     S (200)
  AVERAGE WIND SPEED    11.9


SKY COVER
  POSSIBLE SUNSHINE  MM
  AVERAGE SKY COVER 0.1


WEATHER CONDITIONS
 THE FOLLOWING WEATHER WAS RECORDED TODAY.
  NO SIGNIFICANT WEATHER WAS OBSERVED.


RELATIVE HUMIDITY (PERCENT)
 HIGHEST    64           900 AM
 LOWEST     53           100 PM
 AVERAGE    59

..........................................................


THE FLINT MI CLIMATE NORMALS FOR TOMORROW
                         NORMAL    RECORD    YEAR
 MAXIMUM TEMPERATURE (F)   30        59      1989
 MINIMUM TEMPERATURE (F)   15        -8      1963


SUNRISE AND SUNSET
JANUARY 30 2016.......SUNRISE   752 AM EST   SUNSET   544 PM EST
JANUARY 31 2016.......SUNRISE   751 AM EST   SUNSET   546 PM EST


-  INDICATES NEGATIVE NUMBERS.
R  INDICATES RECORD WAS SET OR TIED.
MM INDICATES DATA IS MISSING.
T  INDICATES TRACE AMOUNT.




$$
