000
CDUS43 KDTX 120536
CLIFNT


CLIMATE REPORT
NATIONAL WEATHER SERVICE DETROIT/PONTIAC MI
136 AM EDT WED APR 12 2017


...................................

...THE FLINT MI CLIMATE SUMMARY FOR APRIL 11 2017...

CLIMATE NORMAL PERIOD 1981 TO 2010
CLIMATE RECORD PERIOD 1921 TO 2017


WEATHER ITEM   OBSERVED TIME   RECORD YEAR NORMAL DEPARTURE LAST
                VALUE   (LST)  VALUE       VALUE  FROM      YEAR
                                                  NORMAL
..................................................................
TEMPERATURE (F)
 YESTERDAY
  MAXIMUM         55   1245 PM  82    1945  55      0       59
  MINIMUM         43   1159 PM  21    1989  34      9       35
                                      1946
                                      1943
  AVERAGE         49                        45      4       47

PRECIPITATION (IN)
  YESTERDAY        0.00          1.58 1922   0.10  -0.10     0.05
  MONTH TO DATE    2.78                      1.03   1.75     1.41
  SINCE MAR 1      5.99                      2.94   3.05     5.74
  SINCE JAN 1     11.54                      6.05   5.49     9.59

SNOWFALL (IN)
  YESTERDAY        0.0           0.9  2000   0.1   -0.1      0.0
  MONTH TO DATE    1.5                       1.3    0.2      6.8
  SINCE MAR 1      6.9                       7.8   -0.9     18.4
  SINCE JUL 1     39.4                      46.4   -7.0     69.0
  SNOW DEPTH       0

DEGREE DAYS
 HEATING
  YESTERDAY       16                        20     -4       18
  MONTH TO DATE  185                       245    -60      313
  SINCE MAR 1   1143                      1202    -59     1027
  SINCE JUL 1   5292                      6290   -998     4897

 COOLING
  YESTERDAY        0                         0      0        0
  MONTH TO DATE    0                         0      0        0
  SINCE MAR 1      0                         0      0        1
  SINCE JAN 1      0                         0      0        1
..................................................................


WIND (MPH)
  HIGHEST WIND SPEED    23   HIGHEST WIND DIRECTION     W (280)
  HIGHEST GUST SPEED    28   HIGHEST GUST DIRECTION     W (280)
  AVERAGE WIND SPEED    11.1


SKY COVER
  POSSIBLE SUNSHINE  MM
  AVERAGE SKY COVER 1.0


WEATHER CONDITIONS
 THE FOLLOWING WEATHER WAS RECORDED YESTERDAY.
  FOG
  FOG W/VISIBILITY <= 1/4 MILE


RELATIVE HUMIDITY (PERCENT)
 HIGHEST   100           900 AM
 LOWEST     65          1100 PM
 AVERAGE    83

..........................................................


THE FLINT MI CLIMATE NORMALS FOR TODAY
                         NORMAL    RECORD    YEAR
 MAXIMUM TEMPERATURE (F)   56        81      1977
 MINIMUM TEMPERATURE (F)   34        19      1950
                                             1940


SUNRISE AND SUNSET
APRIL 12 2017.........SUNRISE   658 AM EDT   SUNSET   814 PM EDT
APRIL 13 2017.........SUNRISE   656 AM EDT   SUNSET   815 PM EDT


-  INDICATES NEGATIVE NUMBERS.
R  INDICATES RECORD WAS SET OR TIED.
MM INDICATES DATA IS MISSING.
T  INDICATES TRACE AMOUNT.




$$
