920
CDUS43 KDTX 290539
CLIFNT


CLIMATE REPORT
NATIONAL WEATHER SERVICE DETROIT/PONTIAC MI
1238 AM EST FRI JAN 29 2016


...................................

...THE FLINT MI CLIMATE SUMMARY FOR JANUARY 28 2016...

CLIMATE NORMAL PERIOD 1981 TO 2010
CLIMATE RECORD PERIOD 1921 TO 2016


WEATHER ITEM   OBSERVED TIME   RECORD YEAR NORMAL DEPARTURE LAST
                VALUE   (LST)  VALUE       VALUE  FROM      YEAR
                                                  NORMAL
..................................................................
TEMPERATURE (F)
 YESTERDAY
  MAXIMUM         37    407 PM  54    2002  30      7       32
  MINIMUM         28   1206 AM -12    1925  15     13        5
  AVERAGE         33                        22     11       19

PRECIPITATION (IN)
  YESTERDAY        0.03          0.82 1994   0.05  -0.02     0.00
  MONTH TO DATE    1.50                      1.49   0.01     1.17
  SINCE DEC 1      3.40                      3.41  -0.01     2.81
  SINCE JAN 1      1.50                      1.49   0.01     1.17

SNOWFALL (IN)
  YESTERDAY        0.8           2.5  2009   0.4    0.4      0.0
  MONTH TO DATE   14.6                      11.9    2.7     12.1
  SINCE DEC 1     17.1                      23.7   -6.6     12.7
  SINCE JUL 1     27.9                      26.6    1.3     22.1
  SNOW DEPTH       1

DEGREE DAYS
 HEATING
  YESTERDAY       32                        43    -11       46
  MONTH TO DATE 1054                      1193   -139     1231
  SINCE DEC 1   1791                      2357   -566     2221
  SINCE JUL 1   2772                      3838  -1066     3685

 COOLING
  YESTERDAY        0                         0      0        0
  MONTH TO DATE    0                         0      0        0
  SINCE DEC 1      0                         0      0        0
  SINCE JAN 1      0                         0      0        0
..................................................................


WIND (MPH)
  HIGHEST WIND SPEED    23   HIGHEST WIND DIRECTION    NW (300)
  HIGHEST GUST SPEED    31   HIGHEST GUST DIRECTION    SW (210)
  AVERAGE WIND SPEED    12.7


SKY COVER
  POSSIBLE SUNSHINE  MM
  AVERAGE SKY COVER 1.0


WEATHER CONDITIONS
 THE FOLLOWING WEATHER WAS RECORDED YESTERDAY.
  LIGHT SNOW
  FOG
  HAZE


RELATIVE HUMIDITY (PERCENT)
 HIGHEST    82           500 PM
 LOWEST     61           700 AM
 AVERAGE    72

..........................................................


THE FLINT MI CLIMATE NORMALS FOR TODAY
                         NORMAL    RECORD    YEAR
 MAXIMUM TEMPERATURE (F)   30        58      2013
 MINIMUM TEMPERATURE (F)   15       -11      1966


SUNRISE AND SUNSET
JANUARY 29 2016.......SUNRISE   753 AM EST   SUNSET   543 PM EST
JANUARY 30 2016.......SUNRISE   752 AM EST   SUNSET   544 PM EST


-  INDICATES NEGATIVE NUMBERS.
R  INDICATES RECORD WAS SET OR TIED.
MM INDICATES DATA IS MISSING.
T  INDICATES TRACE AMOUNT.




$$
