000
CDUS43 KDTX 280536
CLIFNT


CLIMATE REPORT
NATIONAL WEATHER SERVICE DETROIT/PONTIAC MI
136 AM EDT FRI MAR 28 2014


...................................

...THE FLINT MI CLIMATE SUMMARY FOR MARCH 27 2014...

CLIMATE NORMAL PERIOD 1981 TO 2010
CLIMATE RECORD PERIOD 1921 TO 2014


WEATHER ITEM   OBSERVED TIME   RECORD YEAR NORMAL DEPARTURE LAST
                VALUE   (LST)  VALUE       VALUE  FROM      YEAR
                                                  NORMAL
..................................................................
TEMPERATURE (F)
 YESTERDAY
  MAXIMUM         44   1159 PM  78    1989  48     -4       48
                                      1945
  MINIMUM         29    107 AM  -2    1965  29      0       30
  AVERAGE         37                        39     -2       39

PRECIPITATION (IN)
  YESTERDAY        0.13          1.36 1991   0.07   0.06      T
  MONTH TO DATE    1.17                      1.61  -0.44     0.76
  SINCE MAR 1      1.17                      1.61  -0.44     0.76
  SINCE JAN 1      5.18                      4.72   0.46     6.22

SNOWFALL (IN)
  YESTERDAY        T             2.1  1983   0.2   -0.2       T
  MONTH TO DATE    9.4                       6.0    3.4      5.1
  SINCE MAR 1      9.4                       6.0    3.4      5.1
  SINCE JUL 1     82.6                      44.6   38.0     43.6
  SNOW DEPTH       1

DEGREE DAYS
 HEATING
  YESTERDAY       28                        26      2       26
  MONTH TO DATE 1101                       854    247      922
  SINCE MAR 1   1101                       854    247      922
  SINCE JUL 1   6622                      5942    680     5575

 COOLING
  YESTERDAY        0                         0      0        0
  MONTH TO DATE    0                         0      0        0
  SINCE MAR 1      0                         0      0        0
  SINCE JAN 1      0                         0      0        0
..................................................................


WIND (MPH)
  HIGHEST WIND SPEED    18   HIGHEST WIND DIRECTION     S (180)
  HIGHEST GUST SPEED    29   HIGHEST GUST DIRECTION     S (170)
  AVERAGE WIND SPEED    12.1


SKY COVER
  POSSIBLE SUNSHINE  MM
  AVERAGE SKY COVER 0.9


WEATHER CONDITIONS
 THE FOLLOWING WEATHER WAS RECORDED YESTERDAY.
  LIGHT RAIN
  LT FREEZING RAIN
  LIGHT SNOW
  FOG
  HAZE


RELATIVE HUMIDITY (PERCENT)
 HIGHEST    82           100 PM
 LOWEST     47           600 AM
 AVERAGE    65

..........................................................


THE FLINT MI CLIMATE NORMALS FOR TODAY
                         NORMAL    RECORD    YEAR
 MAXIMUM TEMPERATURE (F)   49        79      1945
 MINIMUM TEMPERATURE (F)   29         3      1934


SUNRISE AND SUNSET
MARCH 28 2014.........SUNRISE   724 AM EDT   SUNSET   757 PM EDT
MARCH 29 2014.........SUNRISE   722 AM EDT   SUNSET   758 PM EDT


-  INDICATES NEGATIVE NUMBERS.
R  INDICATES RECORD WAS SET OR TIED.
MM INDICATES DATA IS MISSING.
T  INDICATES TRACE AMOUNT.




$$
