000
CDUS43 KDTX 150538
CLIFNT


CLIMATE REPORT
NATIONAL WEATHER SERVICE DETROIT/PONTIAC MI
138 AM EDT WED OCT 15 2014


...................................

...THE FLINT MI CLIMATE SUMMARY FOR OCTOBER 14 2014...

CLIMATE NORMAL PERIOD 1981 TO 2010
CLIMATE RECORD PERIOD 1921 TO 2014


WEATHER ITEM   OBSERVED TIME   RECORD YEAR NORMAL DEPARTURE LAST
                VALUE   (LST)  VALUE       VALUE  FROM      YEAR
                                                  NORMAL
..................................................................
TEMPERATURE (F)
 YESTERDAY
  MAXIMUM         71    229 AM  82    1989  60     11       65
                                      1975
  MINIMUM         60   1136 PM  25    1937  40     20       34
  AVERAGE         66                        50     16       50

PRECIPITATION (IN)
  YESTERDAY        0.39          1.42 1970   0.08   0.31     0.00
  MONTH TO DATE    1.08                      1.22  -0.14     0.84
  SINCE SEP 1      4.33                      4.97  -0.64     1.45
  SINCE JAN 1     31.32                     25.53   5.79    27.04

SNOWFALL (IN)
  YESTERDAY        0.0           0.0    MM   0.0    0.0      0.0
  MONTH TO DATE    0.0                       0.1   -0.1      0.0
  SINCE SEP 1      0.0                       0.1   -0.1      0.0
  SINCE JUL 1      0.0                       0.1   -0.1      0.0
  SNOW DEPTH       0

DEGREE DAYS
 HEATING
  YESTERDAY        0                        15    -15       15
  MONTH TO DATE  154                       182    -28       80
  SINCE SEP 1    293                       348    -55      232
  SINCE JUL 1    317                       392    -75      254

 COOLING
  YESTERDAY        1                         0      1        0
  MONTH TO DATE    1                         2     -1       15
  SINCE SEP 1     65                        51     14       88
  SINCE JAN 1    597                       528     69      758
..................................................................


WIND (MPH)
  HIGHEST WIND SPEED    23   HIGHEST WIND DIRECTION     S (170)
  HIGHEST GUST SPEED    32   HIGHEST GUST DIRECTION     S (170)
  AVERAGE WIND SPEED    10.3


SKY COVER
  POSSIBLE SUNSHINE  MM
  AVERAGE SKY COVER 0.8


WEATHER CONDITIONS
 THE FOLLOWING WEATHER WAS RECORDED YESTERDAY.
  HEAVY RAIN
  RAIN
  LIGHT RAIN
  FOG


RELATIVE HUMIDITY (PERCENT)
 HIGHEST    90           900 PM
 LOWEST     66           500 AM
 AVERAGE    78

..........................................................


THE FLINT MI CLIMATE NORMALS FOR TODAY
                         NORMAL    RECORD    YEAR
 MAXIMUM TEMPERATURE (F)   60        86      1947
 MINIMUM TEMPERATURE (F)   40        26      1944


SUNRISE AND SUNSET
OCTOBER 15 2014.......SUNRISE   748 AM EDT   SUNSET   652 PM EDT
OCTOBER 16 2014.......SUNRISE   750 AM EDT   SUNSET   651 PM EDT


-  INDICATES NEGATIVE NUMBERS.
R  INDICATES RECORD WAS SET OR TIED.
MM INDICATES DATA IS MISSING.
T  INDICATES TRACE AMOUNT.




$$
