000
CDUS43 KDTX 030538
CLIFNT


CLIMATE REPORT
NATIONAL WEATHER SERVICE DETROIT/PONTIAC MI
138 AM EDT THU APR 3 2014


...................................

...THE FLINT MI CLIMATE SUMMARY FOR APRIL 2 2014...

CLIMATE NORMAL PERIOD 1981 TO 2010
CLIMATE RECORD PERIOD 1921 TO 2014


WEATHER ITEM   OBSERVED TIME   RECORD YEAR NORMAL DEPARTURE LAST
                VALUE   (LST)  VALUE       VALUE  FROM      YEAR
                                                  NORMAL
..................................................................
TEMPERATURE (F)
 YESTERDAY
  MAXIMUM         51    535 PM  82    1963  51      0       43
  MINIMUM         28    638 AM  16    1924  31     -3       21
  AVERAGE         40                        41     -1       32

PRECIPITATION (IN)
  YESTERDAY        0.00          1.62 1945   0.09  -0.09     0.00
  MONTH TO DATE    0.01                      0.18  -0.17      T
  SINCE MAR 1      1.22                      2.09  -0.87     0.77
  SINCE JAN 1      5.23                      5.20   0.03     6.23

SNOWFALL (IN)
  YESTERDAY        0.0          12.2  1975   0.1   -0.1      0.0
  MONTH TO DATE    0.0                       0.3   -0.3       T
  SINCE MAR 1      9.4                       6.8    2.6      5.1
  SINCE JUL 1     82.6                      45.4   37.2     43.6
  SNOW DEPTH       0

DEGREE DAYS
 HEATING
  YESTERDAY       25                        24      1       33
  MONTH TO DATE   43                        48     -5       67
  SINCE MAR 1   1247                      1005    242     1080
  SINCE JUL 1   6768                      6093    675     5733

 COOLING
  YESTERDAY        0                         0      0        0
  MONTH TO DATE    0                         0      0        0
  SINCE MAR 1      0                         0      0        0
  SINCE JAN 1      0                         0      0        0
..................................................................


WIND (MPH)
  HIGHEST WIND SPEED    13   HIGHEST WIND DIRECTION     W (270)
  HIGHEST GUST SPEED    16   HIGHEST GUST DIRECTION    NW (330)
  AVERAGE WIND SPEED     6.3


SKY COVER
  POSSIBLE SUNSHINE  MM
  AVERAGE SKY COVER 0.0


WEATHER CONDITIONS
 THE FOLLOWING WEATHER WAS RECORDED YESTERDAY.
  NO SIGNIFICANT WEATHER WAS OBSERVED.


RELATIVE HUMIDITY (PERCENT)
 HIGHEST    78           500 AM
 LOWEST     38           500 PM
 AVERAGE    58

..........................................................


THE FLINT MI CLIMATE NORMALS FOR TODAY
                         NORMAL    RECORD    YEAR
 MAXIMUM TEMPERATURE (F)   52        79      1999
 MINIMUM TEMPERATURE (F)   31        11      1954


SUNRISE AND SUNSET
APRIL  3 2014.........SUNRISE   714 AM EDT   SUNSET   804 PM EDT
APRIL  4 2014.........SUNRISE   712 AM EDT   SUNSET   805 PM EDT


-  INDICATES NEGATIVE NUMBERS.
R  INDICATES RECORD WAS SET OR TIED.
MM INDICATES DATA IS MISSING.
T  INDICATES TRACE AMOUNT.




$$
