000
CDUS43 KDTX 020537
CLIFNT


CLIMATE REPORT
NATIONAL WEATHER SERVICE DETROIT/PONTIAC MI
136 AM EDT WED APR 2 2014


...................................

...THE FLINT MI CLIMATE SUMMARY FOR APRIL 1 2014...

CLIMATE NORMAL PERIOD 1981 TO 2010
CLIMATE RECORD PERIOD 1921 TO 2014


WEATHER ITEM   OBSERVED TIME   RECORD YEAR NORMAL DEPARTURE LAST
                VALUE   (LST)  VALUE       VALUE  FROM      YEAR
                                                  NORMAL
..................................................................
TEMPERATURE (F)
 YESTERDAY
  MAXIMUM         60   1022 AM  79    2010  51      9       37
  MINIMUM         34    936 PM   7    1923  31      3       24
  AVERAGE         47                        41      6       31

PRECIPITATION (IN)
  YESTERDAY        0.01          1.14 1929   0.09  -0.08      T
  MONTH TO DATE    0.01                      0.09  -0.08      T
  SINCE MAR 1      1.22                      2.00  -0.78     0.77
  SINCE JAN 1      5.23                      5.11   0.12     6.23

SNOWFALL (IN)
  YESTERDAY        0.0           6.2  1993   0.2   -0.2       T
  MONTH TO DATE    0.0                       0.2   -0.2       T
  SINCE MAR 1      9.4                       6.7    2.7      5.1
  SINCE JUL 1     82.6                      45.3   37.3     43.6
  SNOW DEPTH       0

DEGREE DAYS
 HEATING
  YESTERDAY       18                        24     -6       34
  MONTH TO DATE   18                        24     -6       34
  SINCE MAR 1   1222                       981    241     1047
  SINCE JUL 1   6743                      6069    674     5700

 COOLING
  YESTERDAY        0                         0      0        0
  MONTH TO DATE    0                         0      0        0
  SINCE MAR 1      0                         0      0        0
  SINCE JAN 1      0                         0      0        0
..................................................................


WIND (MPH)
  HIGHEST WIND SPEED    28   HIGHEST WIND DIRECTION     W (280)
  HIGHEST GUST SPEED    38   HIGHEST GUST DIRECTION     W (270)
  AVERAGE WIND SPEED    16.4


SKY COVER
  POSSIBLE SUNSHINE  MM
  AVERAGE SKY COVER 0.7


WEATHER CONDITIONS
 THE FOLLOWING WEATHER WAS RECORDED YESTERDAY.
  LIGHT RAIN


RELATIVE HUMIDITY (PERCENT)
 HIGHEST    65           700 AM
 LOWEST     38          1200 AM
 AVERAGE    52

..........................................................


THE FLINT MI CLIMATE NORMALS FOR TODAY
                         NORMAL    RECORD    YEAR
 MAXIMUM TEMPERATURE (F)   51        82      1963
 MINIMUM TEMPERATURE (F)   31        16      1924


SUNRISE AND SUNSET
APRIL  2 2014.........SUNRISE   715 AM EDT   SUNSET   802 PM EDT
APRIL  3 2014.........SUNRISE   714 AM EDT   SUNSET   804 PM EDT


-  INDICATES NEGATIVE NUMBERS.
R  INDICATES RECORD WAS SET OR TIED.
MM INDICATES DATA IS MISSING.
T  INDICATES TRACE AMOUNT.




$$
