000
CDUS43 KDTX 160536
CLIFNT


CLIMATE REPORT
NATIONAL WEATHER SERVICE DETROIT/PONTIAC MI
1236 AM EST TUE DEC 16 2014


...................................

...THE FLINT MI CLIMATE SUMMARY FOR DECEMBER 15 2014...

CLIMATE NORMAL PERIOD 1981 TO 2010
CLIMATE RECORD PERIOD 1921 TO 2014


WEATHER ITEM   OBSERVED TIME   RECORD YEAR NORMAL DEPARTURE LAST
                VALUE   (LST)  VALUE       VALUE  FROM      YEAR
                                                  NORMAL
..................................................................
TEMPERATURE (F)
 YESTERDAY
  MAXIMUM         52    335 PM  60    1971  34     18       24
  MINIMUM         42    636 PM  -3    1989  21     21       12
  AVERAGE         47                        27     20       18

PRECIPITATION (IN)
  YESTERDAY        0.02          1.74 1971   0.06  -0.04     0.05
  MONTH TO DATE    0.12                      0.99  -0.87     0.53
  SINCE DEC 1      0.12                      0.99  -0.87     0.53
  SINCE JAN 1     33.90                     30.44   3.46    31.31

SNOWFALL (IN)
  YESTERDAY        0.0           4.6  2005   0.4   -0.4      1.6
  MONTH TO DATE    0.1                       5.2   -5.1      6.4
  SINCE DEC 1      0.1                       5.2   -5.1      6.4
  SINCE JUL 1      9.5                       8.1    1.4      8.0
  SNOW DEPTH       0

DEGREE DAYS
 HEATING
  YESTERDAY       18                        38    -20       47
  MONTH TO DATE  474                       527    -53      593
  SINCE DEC 1    474                       527    -53      593
  SINCE JUL 1   1938                      2008    -70     1992

 COOLING
  YESTERDAY        0                         0      0        0
  MONTH TO DATE    0                         0      0        0
  SINCE DEC 1      0                         0      0        0
  SINCE JAN 1    597                       531     66      758
..................................................................


WIND (MPH)
  HIGHEST WIND SPEED    12   HIGHEST WIND DIRECTION    SE (140)
  HIGHEST GUST SPEED    15   HIGHEST GUST DIRECTION    SE (140)
  AVERAGE WIND SPEED     6.8


SKY COVER
  POSSIBLE SUNSHINE  MM
  AVERAGE SKY COVER 0.9


WEATHER CONDITIONS
 THE FOLLOWING WEATHER WAS RECORDED YESTERDAY.
  LIGHT RAIN
  FOG
  FOG W/VISIBILITY <= 1/4 MILE
  HAZE


RELATIVE HUMIDITY (PERCENT)
 HIGHEST    86          1200 AM
 LOWEST     68           300 PM
 AVERAGE    77

..........................................................


THE FLINT MI CLIMATE NORMALS FOR TODAY
                         NORMAL    RECORD    YEAR
 MAXIMUM TEMPERATURE (F)   34        62      1984
 MINIMUM TEMPERATURE (F)   21        -6      1951


SUNRISE AND SUNSET
DECEMBER 16 2014......SUNRISE   800 AM EST   SUNSET   501 PM EST
DECEMBER 17 2014......SUNRISE   800 AM EST   SUNSET   502 PM EST


-  INDICATES NEGATIVE NUMBERS.
R  INDICATES RECORD WAS SET OR TIED.
MM INDICATES DATA IS MISSING.
T  INDICATES TRACE AMOUNT.




$$
