000
CDUS43 KDTX 012032
CLIFNT


CLIMATE REPORT
NATIONAL WEATHER SERVICE DETROIT/PONTIAC MI
430 PM EDT TUE JUL 1 2014


...................................

...THE FLINT MI CLIMATE SUMMARY FOR JULY 1 2014...
VALID TODAY AS OF 0400 PM LOCAL TIME.

CLIMATE NORMAL PERIOD 1981 TO 2010
CLIMATE RECORD PERIOD 1921 TO 2014


WEATHER ITEM   OBSERVED TIME   RECORD YEAR NORMAL DEPARTURE LAST
                VALUE   (LST)  VALUE       VALUE  FROM      YEAR
                                                  NORMAL
..................................................................
TEMPERATURE (F)
 TODAY
  MAXIMUM         84    259 PM 102    1931  82      2       72
  MINIMUM         67    318 AM  40    1965  59      8       58
  AVERAGE         76                        70      6       65

PRECIPITATION (IN)
  TODAY            0.85          1.34 1999   0.10   0.75     0.01
  MONTH TO DATE    0.85                      0.10   0.75     0.01
  SINCE JUN 1      3.31                      3.17   0.14     4.52
  SINCE JAN 1     18.26                     14.16   4.10    21.28

SNOWFALL (IN)
  TODAY            0.0           0.0    MM   0.0    0.0      0.0
  MONTH TO DATE    0.0                       0.0    0.0      0.0
  SINCE JUN 1      0.0                       0.0    0.0      0.0
  SINCE JUL 1      0.0                       0.0    0.0      0.0
  SNOW DEPTH       0

DEGREE DAYS
 HEATING
  TODAY            0                         1     -1        0
  MONTH TO DATE    0                         1     -1        0
  SINCE JUN 1     22                        67    -45       41
  SINCE JUL 1      0                         1     -1        0

 COOLING
  TODAY           11                         6      5        0
  MONTH TO DATE   11                         6      5        0
  SINCE JUN 1    163                       118     45      159
  SINCE JAN 1    211                       150     61      238
..................................................................


WIND (MPH)
  HIGHEST WIND SPEED    35   HIGHEST WIND DIRECTION     W (260)
  HIGHEST GUST SPEED    56   HIGHEST GUST DIRECTION     W (280)
  AVERAGE WIND SPEED    10.4


SKY COVER
  POSSIBLE SUNSHINE  MM
  AVERAGE SKY COVER 0.7


WEATHER CONDITIONS
 THE FOLLOWING WEATHER WAS RECORDED TODAY.
  THUNDERSTORM
  HEAVY RAIN
  RAIN
  LIGHT RAIN
  FOG
  HAZE


RELATIVE HUMIDITY (PERCENT)
 HIGHEST    90           500 AM
 LOWEST     48           300 PM
 AVERAGE    69

..........................................................


THE FLINT MI CLIMATE NORMALS FOR TOMORROW
                         NORMAL    RECORD    YEAR
 MAXIMUM TEMPERATURE (F)   82       100      1931
                                             1927
 MINIMUM TEMPERATURE (F)   59        40      2001


SUNRISE AND SUNSET
JULY  1 2014..........SUNRISE   600 AM EDT   SUNSET   918 PM EDT
JULY  2 2014..........SUNRISE   600 AM EDT   SUNSET   917 PM EDT


-  INDICATES NEGATIVE NUMBERS.
R  INDICATES RECORD WAS SET OR TIED.
MM INDICATES DATA IS MISSING.
T  INDICATES TRACE AMOUNT.




$$
