000
CDUS43 KDTX 010558
CLIFNT


CLIMATE REPORT
NATIONAL WEATHER SERVICE DETROIT/PONTIAC MI
1258 AM EST THU DEC 1 2016


...................................

...THE FLINT MI CLIMATE SUMMARY FOR NOVEMBER 30 2016...

CLIMATE NORMAL PERIOD 1981 TO 2010
CLIMATE RECORD PERIOD 1921 TO 2016


WEATHER ITEM   OBSERVED TIME   RECORD YEAR NORMAL DEPARTURE LAST
                VALUE   (LST)  VALUE       VALUE  FROM      YEAR
                                                  NORMAL
..................................................................
TEMPERATURE (F)
 YESTERDAY
  MAXIMUM         49    353 PM  64    1998  40      9       47
  MINIMUM         37    828 AM   2    1958  26     11       23
  AVERAGE         43                        33     10       35

PRECIPITATION (IN)
  YESTERDAY        0.00          0.82 2006   0.08  -0.08     0.00
  MONTH TO DATE    2.01                      2.67  -0.66     2.22
  SINCE SEP 1      9.60                      8.89   0.71     8.01
  SINCE JAN 1     29.15                     29.45  -0.30    27.38

SNOWFALL (IN)
  YESTERDAY        0.0           3.0  2008   0.2   -0.2      0.0
  MONTH TO DATE    T                         2.5   -2.5     10.8
  SINCE SEP 1      T                         2.9   -2.9     10.8
  SINCE JUL 1      T                         2.9   -2.9     10.8
  SNOW DEPTH       0

DEGREE DAYS
 HEATING
  YESTERDAY       22                        32    -10       30
  MONTH TO DATE  602                       785   -183      564
  SINCE SEP 1   1041                      1437   -396      959
  SINCE JUL 1   1041                      1481   -440      981

 COOLING
  YESTERDAY        0                         0      0        0
  MONTH TO DATE    0                         0      0        2
  SINCE SEP 1     83                        54     29      153
  SINCE JAN 1   1022                       531    491      766
..................................................................


WIND (MPH)
  HIGHEST WIND SPEED    22   HIGHEST WIND DIRECTION     W (270)
  HIGHEST GUST SPEED    31   HIGHEST GUST DIRECTION     W (270)
  AVERAGE WIND SPEED     8.3


SKY COVER
  POSSIBLE SUNSHINE  MM
  AVERAGE SKY COVER 0.5


WEATHER CONDITIONS
 THE FOLLOWING WEATHER WAS RECORDED YESTERDAY.
  FOG


RELATIVE HUMIDITY (PERCENT)
 HIGHEST    93          1000 AM
 LOWEST     62           800 PM
 AVERAGE    78

..........................................................


THE FLINT MI CLIMATE NORMALS FOR TODAY
                         NORMAL    RECORD    YEAR
 MAXIMUM TEMPERATURE (F)   39        63      1982
                                             1970
 MINIMUM TEMPERATURE (F)   26         4      1966


SUNRISE AND SUNSET
DECEMBER  1 2016......SUNRISE   747 AM EST   SUNSET   501 PM EST
DECEMBER  2 2016......SUNRISE   748 AM EST   SUNSET   501 PM EST


-  INDICATES NEGATIVE NUMBERS.
R  INDICATES RECORD WAS SET OR TIED.
MM INDICATES DATA IS MISSING.
T  INDICATES TRACE AMOUNT.




$$
