000
CDUS43 KDTX 160541
CLIFNT


CLIMATE REPORT
NATIONAL WEATHER SERVICE DETROIT/PONTIAC MI
141 AM EDT TUE AUG 16 2016


...................................

...THE FLINT MI CLIMATE SUMMARY FOR AUGUST 15 2016...

CLIMATE NORMAL PERIOD 1981 TO 2010
CLIMATE RECORD PERIOD 1921 TO 2016


WEATHER ITEM   OBSERVED TIME   RECORD YEAR NORMAL DEPARTURE LAST
                VALUE   (LST)  VALUE       VALUE  FROM      YEAR
                                                  NORMAL
..................................................................
TEMPERATURE (F)
 YESTERDAY
  MAXIMUM         85    213 PM  95    1944  80      5       89
  MINIMUM         66    530 AM  42    1964  58      8       61
                                      1962
  AVERAGE         76                        69      7       75

PRECIPITATION (IN)
  YESTERDAY        0.18          0.84 1959   0.10   0.08     0.00
  MONTH TO DATE    0.90                      1.57  -0.67     2.32
  SINCE JUN 1      3.32                      7.96  -4.64    10.72
  SINCE JAN 1     15.55                     18.95  -3.40    18.84

SNOWFALL (IN)
  YESTERDAY        0.0           0.0    MM   0.0    0.0      0.0
  MONTH TO DATE    0.0                       0.0    0.0      0.0
  SINCE JUN 1      0.0                       0.0    0.0      0.0
  SINCE JUL 1      0.0                       0.0    0.0      0.0
  SNOW DEPTH       0

DEGREE DAYS
 HEATING
  YESTERDAY        0                         1     -1        0
  MONTH TO DATE    0                        14    -14        0
  SINCE JUN 1     28                        95    -67       36
  SINCE JUL 1      0                        29    -29        8

 COOLING
  YESTERDAY       11                         5      6       10
  MONTH TO DATE  199                        80    119      100
  SINCE JUN 1    726                       379    347      442
  SINCE JAN 1    805                       411    394      517
..................................................................


WIND (MPH)
  HIGHEST WIND SPEED    10   HIGHEST WIND DIRECTION    SE (150)
  HIGHEST GUST SPEED    13   HIGHEST GUST DIRECTION     S (190)
  AVERAGE WIND SPEED     3.4


SKY COVER
  POSSIBLE SUNSHINE  MM
  AVERAGE SKY COVER 0.2


WEATHER CONDITIONS
 THE FOLLOWING WEATHER WAS RECORDED YESTERDAY.
  RAIN
  LIGHT RAIN
  FOG


RELATIVE HUMIDITY (PERCENT)
 HIGHEST    93           600 AM
 LOWEST     51           200 PM
 AVERAGE    72

..........................................................


THE FLINT MI CLIMATE NORMALS FOR TODAY
                         NORMAL    RECORD    YEAR
 MAXIMUM TEMPERATURE (F)   80        95      1922
 MINIMUM TEMPERATURE (F)   58        43      1979


SUNRISE AND SUNSET
AUGUST 16 2016........SUNRISE   643 AM EDT   SUNSET   835 PM EDT
AUGUST 17 2016........SUNRISE   644 AM EDT   SUNSET   833 PM EDT


-  INDICATES NEGATIVE NUMBERS.
R  INDICATES RECORD WAS SET OR TIED.
MM INDICATES DATA IS MISSING.
T  INDICATES TRACE AMOUNT.




$$
