000
CDUS43 KDTX 042143
CLIFNT


CLIMATE REPORT
NATIONAL WEATHER SERVICE DETROIT/PONTIAC MI
440 PM EST SUN FEB 4 2018


...................................

...THE FLINT MI CLIMATE SUMMARY FOR FEBRUARY 4 2018...
VALID TODAY AS OF 0400 PM LOCAL TIME.

CLIMATE NORMAL PERIOD 1981 TO 2010
CLIMATE RECORD PERIOD 1921 TO 2018


WEATHER ITEM   OBSERVED TIME   RECORD YEAR NORMAL DEPARTURE LAST
                VALUE   (LST)  VALUE       VALUE  FROM      YEAR
                                                  NORMAL
..................................................................
TEMPERATURE (F)
 TODAY
  MAXIMUM         32   1228 AM  55    1991  30      2       29
  MINIMUM         18    359 PM -16    1978  15      3       10
  AVERAGE         25                        23      2       20

PRECIPITATION (IN)
  TODAY            0.17          0.80 1924   0.05   0.12     0.00
  MONTH TO DATE    0.22                      0.19   0.03     0.03
  SINCE DEC 1      3.46                      3.74  -0.28     4.75
  SINCE JAN 1      2.08                      1.82   0.26     3.16

SNOWFALL (IN)
  TODAY            4.5 R         4.5  2006   0.4    4.1      0.0
  MONTH TO DATE    5.5                       1.6    3.9      1.0
  SINCE DEC 1     49.0                      26.5   22.5     31.6
  SINCE JUL 1     49.4                      29.4   20.0     31.6
  SNOW DEPTH       4

DEGREE DAYS
 HEATING
  TODAY           40                        42     -2       45
  MONTH TO DATE  177                       168      9      177
  SINCE DEC 1   2795                      2651    144     2438
  SINCE JUL 1   4093                      4132    -39     3479

 COOLING
  TODAY            0                         0      0        0
  MONTH TO DATE    0                         0      0        0
  SINCE DEC 1      0                         0      0        0
  SINCE JAN 1      0                         0      0        0
..................................................................


WIND (MPH)
  HIGHEST WIND SPEED    23   HIGHEST WIND DIRECTION     N (360)
  HIGHEST GUST SPEED    29   HIGHEST GUST DIRECTION     N (360)
  AVERAGE WIND SPEED    11.4


SKY COVER
  POSSIBLE SUNSHINE  MM
  AVERAGE SKY COVER 1.0


WEATHER CONDITIONS
 THE FOLLOWING WEATHER WAS RECORDED TODAY.
  LIGHT SNOW
  FOG


RELATIVE HUMIDITY (PERCENT)
 HIGHEST   100           700 AM
 LOWEST     63          1200 AM
 AVERAGE    82

..........................................................


THE FLINT MI CLIMATE NORMALS FOR TOMORROW
                         NORMAL    RECORD    YEAR
 MAXIMUM TEMPERATURE (F)   31        49      2005
 MINIMUM TEMPERATURE (F)   15       -18      2009


SUNRISE AND SUNSET
FEBRUARY  4 2018......SUNRISE   746 AM EST   SUNSET   552 PM EST
FEBRUARY  5 2018......SUNRISE   745 AM EST   SUNSET   553 PM EST


-  INDICATES NEGATIVE NUMBERS.
R  INDICATES RECORD WAS SET OR TIED.
MM INDICATES DATA IS MISSING.
T  INDICATES TRACE AMOUNT.




$$
