000
CDUS43 KDTX 220546
CLIFNT


CLIMATE REPORT
NATIONAL WEATHER SERVICE DETROIT/PONTIAC MI
1246 AM EST WED NOV 22 2017


...................................

...THE FLINT MI CLIMATE SUMMARY FOR NOVEMBER 21 2017...

CLIMATE NORMAL PERIOD 1981 TO 2010
CLIMATE RECORD PERIOD 1921 TO 2017


WEATHER ITEM   OBSERVED TIME   RECORD YEAR NORMAL DEPARTURE LAST
                VALUE   (LST)  VALUE       VALUE  FROM      YEAR
                                                  NORMAL
..................................................................
TEMPERATURE (F)
 YESTERDAY
  MAXIMUM         50   1246 PM  66    1931  44      6       37
  MINIMUM         32   1159 PM   3    2014  29      3       22
  AVERAGE         41                        37      4       30

PRECIPITATION (IN)
  YESTERDAY        0.04          0.78 2015   0.09  -0.05     0.00
  MONTH TO DATE    3.01                      1.92   1.09     0.98
  SINCE SEP 1      8.54                      8.14   0.40     8.57
  SINCE JAN 1     34.23                     28.70   5.53    28.12

SNOWFALL (IN)
  YESTERDAY        0.0          10.0  2015   0.1   -0.1      0.0
  MONTH TO DATE    0.3                       1.1   -0.8       T
  SINCE SEP 1      0.4                       1.5   -1.1       T
  SINCE JUL 1      0.4                       1.5   -1.1       T
  SNOW DEPTH       0

DEGREE DAYS
 HEATING
  YESTERDAY       24                        28     -4       35
  MONTH TO DATE  576                       511     65      369
  SINCE SEP 1   1027                      1163   -136      808
  SINCE JUL 1   1059                      1207   -148      808

 COOLING
  YESTERDAY        0                         0      0        0
  MONTH TO DATE    0                         0      0        0
  SINCE SEP 1    110                        54     56       83
  SINCE JAN 1    567                       531     36     1022
..................................................................


WIND (MPH)
  HIGHEST WIND SPEED    23   HIGHEST WIND DIRECTION    SW (240)
  HIGHEST GUST SPEED    34   HIGHEST GUST DIRECTION    SW (210)
  AVERAGE WIND SPEED    14.5


SKY COVER
  POSSIBLE SUNSHINE  MM
  AVERAGE SKY COVER 0.5


WEATHER CONDITIONS
 THE FOLLOWING WEATHER WAS RECORDED YESTERDAY.
  LIGHT RAIN
  FOG


RELATIVE HUMIDITY (PERCENT)
 HIGHEST    85           400 PM
 LOWEST     51          1200 AM
 AVERAGE    68

..........................................................


THE FLINT MI CLIMATE NORMALS FOR TODAY
                         NORMAL    RECORD    YEAR
 MAXIMUM TEMPERATURE (F)   44        65      1934
 MINIMUM TEMPERATURE (F)   29         9      1929


SUNRISE AND SUNSET
NOVEMBER 22 2017......SUNRISE   736 AM EST   SUNSET   506 PM EST
NOVEMBER 23 2017......SUNRISE   737 AM EST   SUNSET   505 PM EST


-  INDICATES NEGATIVE NUMBERS.
R  INDICATES RECORD WAS SET OR TIED.
MM INDICATES DATA IS MISSING.
T  INDICATES TRACE AMOUNT.




$$
