000
CDUS43 KDTX 010544
CLIFNT


CLIMATE REPORT
NATIONAL WEATHER SERVICE DETROIT/PONTIAC MI
144 AM EDT SAT APR 1 2017


...................................

...THE FLINT MI CLIMATE SUMMARY FOR MARCH 31 2017...

CLIMATE NORMAL PERIOD 1981 TO 2010
CLIMATE RECORD PERIOD 1921 TO 2017


WEATHER ITEM   OBSERVED TIME   RECORD YEAR NORMAL DEPARTURE LAST
                VALUE   (LST)  VALUE       VALUE  FROM      YEAR
                                                  NORMAL
..................................................................
TEMPERATURE (F)
 YESTERDAY
  MAXIMUM         39    132 PM  77    1943  50    -11       65
  MINIMUM         35   1159 PM   0    1923  30      5       50
  AVERAGE         37                        40     -3       58

PRECIPITATION (IN)
  YESTERDAY        0.06          1.41 1949   0.08  -0.02     0.69
  MONTH TO DATE    3.21                      1.91   1.30     4.33
  SINCE MAR 1      3.21                      1.91   1.30     4.33
  SINCE JAN 1      8.76                      5.02   3.74     8.18

SNOWFALL (IN)
  YESTERDAY        0.0           2.0  2011   0.1   -0.1      0.0
  MONTH TO DATE    5.4                       6.5   -1.1     11.6
  SINCE MAR 1      5.4                       6.5   -1.1     11.6
  SINCE JUL 1     37.9                      45.1   -7.2     62.2
  SNOW DEPTH       0

DEGREE DAYS
 HEATING
  YESTERDAY       28                        25      3        7
  MONTH TO DATE  958                       956      2      714
  SINCE MAR 1    958                       957      1      714
  SINCE JUL 1   5107                      6045   -938     4584

 COOLING
  YESTERDAY        0                         0      0        0
  MONTH TO DATE    0                         0      0        1
  SINCE MAR 1      0                         0      0        1
  SINCE JAN 1      0                         0      0        1
..................................................................


WIND (MPH)
  HIGHEST WIND SPEED    20   HIGHEST WIND DIRECTION     N (360)
  HIGHEST GUST SPEED    25   HIGHEST GUST DIRECTION     N (10)
  AVERAGE WIND SPEED    12.1


SKY COVER
  POSSIBLE SUNSHINE  MM
  AVERAGE SKY COVER 0.9


WEATHER CONDITIONS
 THE FOLLOWING WEATHER WAS RECORDED YESTERDAY.
  LIGHT RAIN
  FOG


RELATIVE HUMIDITY (PERCENT)
 HIGHEST   100           300 AM
 LOWEST     92           200 AM
 AVERAGE    96

..........................................................


THE FLINT MI CLIMATE NORMALS FOR TODAY
                         NORMAL    RECORD    YEAR
 MAXIMUM TEMPERATURE (F)   51        79      2010
 MINIMUM TEMPERATURE (F)   31         7      1923


SUNRISE AND SUNSET
APRIL  1 2017.........SUNRISE   717 AM EDT   SUNSET   802 PM EDT
APRIL  2 2017.........SUNRISE   715 AM EDT   SUNSET   803 PM EDT


-  INDICATES NEGATIVE NUMBERS.
R  INDICATES RECORD WAS SET OR TIED.
MM INDICATES DATA IS MISSING.
T  INDICATES TRACE AMOUNT.




$$
