000
CDUS43 KDTX 180537
CLIFNT


CLIMATE REPORT
NATIONAL WEATHER SERVICE DETROIT/PONTIAC MI
137 AM EDT WED MAR 18 2015


...................................

...THE FLINT MI CLIMATE SUMMARY FOR MARCH 17 2015...

CLIMATE NORMAL PERIOD 1981 TO 2010
CLIMATE RECORD PERIOD 1921 TO 2015


WEATHER ITEM   OBSERVED TIME   RECORD YEAR NORMAL DEPARTURE LAST
                VALUE   (LST)  VALUE       VALUE  FROM      YEAR
                                                  NORMAL
..................................................................
TEMPERATURE (F)
 YESTERDAY
  MAXIMUM         47   1202 AM  79    2012  44      3       33
  MINIMUM         25   1145 PM  -5    1926  25      0        7
  AVERAGE         36                        34      2       20

PRECIPITATION (IN)
  YESTERDAY        0.00          0.66 1980   0.06  -0.06     0.00
  MONTH TO DATE    0.26                      0.95  -0.69     0.66
  SINCE MAR 1      0.26                      0.95  -0.69     0.66
  SINCE JAN 1      2.43                      4.06  -1.63     4.67

SNOWFALL (IN)
  YESTERDAY        0.0          12.6  1973   0.2   -0.2      0.0
  MONTH TO DATE    3.4                       4.3   -0.9      8.6
  SINCE MAR 1      3.4                       4.3   -0.9      8.6
  SINCE JUL 1     43.9                      42.9    1.0     81.8
  SNOW DEPTH       0

DEGREE DAYS
 HEATING
  YESTERDAY       29                        31     -2       45
  MONTH TO DATE  561                       571    -10      746
  SINCE MAR 1    561                       571    -10      746
  SINCE JUL 1   5869                      5659    210     6267

 COOLING
  YESTERDAY        0                         0      0        0
  MONTH TO DATE    0                         0      0        0
  SINCE MAR 1      0                         0      0        0
  SINCE JAN 1      0                         0      0        0
..................................................................


WIND (MPH)
  HIGHEST WIND SPEED    30   HIGHEST WIND DIRECTION     N (350)
  HIGHEST GUST SPEED    40   HIGHEST GUST DIRECTION     N (10)
  AVERAGE WIND SPEED    15.3


SKY COVER
  POSSIBLE SUNSHINE  MM
  AVERAGE SKY COVER 0.2


WEATHER CONDITIONS
 THE FOLLOWING WEATHER WAS RECORDED YESTERDAY.
  NO SIGNIFICANT WEATHER WAS OBSERVED.


RELATIVE HUMIDITY (PERCENT)
 HIGHEST    83           100 AM
 LOWEST     27          1000 AM
 AVERAGE    55

..........................................................


THE FLINT MI CLIMATE NORMALS FOR TODAY
                         NORMAL    RECORD    YEAR
 MAXIMUM TEMPERATURE (F)   44        75      2012
 MINIMUM TEMPERATURE (F)   25         3      1959


SUNRISE AND SUNSET
MARCH 18 2015.........SUNRISE   742 AM EDT   SUNSET   745 PM EDT
MARCH 19 2015.........SUNRISE   740 AM EDT   SUNSET   746 PM EDT


-  INDICATES NEGATIVE NUMBERS.
R  INDICATES RECORD WAS SET OR TIED.
MM INDICATES DATA IS MISSING.
T  INDICATES TRACE AMOUNT.




$$
