000
CDUS43 KDTX 160614
CLIFNT

CLIMATE REPORT
NATIONAL WEATHER SERVICE DETROIT/PONTIAC MI
1255 AM EST FRI JAN 16 2015


...................................

...THE FLINT MI CLIMATE SUMMARY FOR JANUARY 15 2015...

CLIMATE NORMAL PERIOD 1981 TO 2010
CLIMATE RECORD PERIOD 1921 TO 2015


WEATHER ITEM   OBSERVED TIME   RECORD YEAR NORMAL DEPARTURE LAST
                VALUE   (LST)  VALUE       VALUE  FROM      YEAR
                                                  NORMAL
..................................................................
TEMPERATURE (F)
 YESTERDAY
  MAXIMUM         33   1159 PM  57    1953  29      4       30
  MINIMUM         13    827 AM -18    1984  15     -2       20
  AVERAGE         23                        22      1       25

PRECIPITATION (IN)
  YESTERDAY        T             0.86 1932   0.05  -0.05      T
  MONTH TO DATE    0.95                      0.85   0.10     1.86
  SINCE DEC 1      2.59                      2.77  -0.18     3.71
  SINCE JAN 1      0.95                      0.85   0.10     1.86

SNOWFALL (IN)
  YESTERDAY        T             2.5    MM   0.4   -0.4      0.1
  MONTH TO DATE    8.4                       6.4    2.0     20.6
  SINCE DEC 1      9.0                      18.2   -9.2     37.5
  SINCE JUL 1     18.4                      21.1   -2.7     39.1
  SNOW DEPTH       5

DEGREE DAYS
 HEATING
  YESTERDAY       42                        43     -1       40
  MONTH TO DATE  729                       634     95      692
  SINCE DEC 1   1719                      1798    -79     1923
  SINCE JUL 1   3183                      3279    -96     3322

 COOLING
  YESTERDAY        0                         0      0        0
  MONTH TO DATE    0                         0      0        0
  SINCE DEC 1      0                         0      0        0
  SINCE JAN 1      0                         0      0        0
..................................................................


WIND (MPH)
  HIGHEST WIND SPEED    20   HIGHEST WIND DIRECTION    SW (230)
  HIGHEST GUST SPEED    24   HIGHEST GUST DIRECTION    SW (240)
  AVERAGE WIND SPEED    10.4


SKY COVER
  POSSIBLE SUNSHINE  MM
  AVERAGE SKY COVER 0.7


WEATHER CONDITIONS
 THE FOLLOWING WEATHER WAS RECORDED YESTERDAY.
  HAZE
  LIGHT SNOW


RELATIVE HUMIDITY (PERCENT)
 HIGHEST    74          1200 AM
 LOWEST     57           100 PM
 AVERAGE    66

..........................................................


THE FLINT MI CLIMATE NORMALS FOR TODAY
                         NORMAL    RECORD    YEAR
 MAXIMUM TEMPERATURE (F)   29        54      1949
 MINIMUM TEMPERATURE (F)   15       -14      1994
                                             1972


SUNRISE AND SUNSET
JANUARY 16 2015.......SUNRISE   803 AM EST   SUNSET   527 PM EST
JANUARY 17 2015.......SUNRISE   802 AM EST   SUNSET   528 PM EST


-  INDICATES NEGATIVE NUMBERS.
R  INDICATES RECORD WAS SET OR TIED.
MM INDICATES DATA IS MISSING.
T  INDICATES TRACE AMOUNT.




$$
