000
CDUS43 KDTX 090535
CLIFNT


CLIMATE REPORT
NATIONAL WEATHER SERVICE DETROIT/PONTIAC MI
135 AM EDT SAT JUL 9 2016


...................................

...THE FLINT MI CLIMATE SUMMARY FOR JULY 8 2016...

CLIMATE NORMAL PERIOD 1981 TO 2010
CLIMATE RECORD PERIOD 1921 TO 2016


WEATHER ITEM   OBSERVED TIME   RECORD YEAR NORMAL DEPARTURE LAST
                VALUE   (LST)  VALUE       VALUE  FROM      YEAR
                                                  NORMAL
..................................................................
TEMPERATURE (F)
 YESTERDAY
  MAXIMUM         91    246 PM 108    1936  82      9       70
  MINIMUM         69    435 AM  44    1954  59     10       52
  AVERAGE         80                        71      9       61

PRECIPITATION (IN)
  YESTERDAY        0.14          3.72 1957   0.10   0.04     0.00
  MONTH TO DATE    0.74                      0.77  -0.03     1.52
  SINCE JUN 1      1.41                      3.84  -2.43     6.98
  SINCE JAN 1     13.64                     14.83  -1.19    15.10

SNOWFALL (IN)
  YESTERDAY        0.0           0.0    MM   0.0    0.0      0.0
  MONTH TO DATE    0.0                       0.0    0.0      0.0
  SINCE JUN 1      0.0                       0.0    0.0      0.0
  SINCE JUL 1      0.0                       0.0    0.0      0.0
  SNOW DEPTH       0

DEGREE DAYS
 HEATING
  YESTERDAY        0                         1     -1        4
  MONTH TO DATE    0                         8     -8        7
  SINCE JUN 1     28                        74    -46       35
  SINCE JUL 1      0                         8     -8        7

 COOLING
  YESTERDAY       15                         6      9        0
  MONTH TO DATE   67                        48     19       21
  SINCE JUN 1    245                       160     85      145
  SINCE JAN 1    324                       192    132      220
..................................................................


WIND (MPH)
  HIGHEST WIND SPEED    33   HIGHEST WIND DIRECTION     W (270)
  HIGHEST GUST SPEED    45   HIGHEST GUST DIRECTION     W (270)
  AVERAGE WIND SPEED     7.8


SKY COVER
  POSSIBLE SUNSHINE  MM
  AVERAGE SKY COVER 0.5


WEATHER CONDITIONS
 THE FOLLOWING WEATHER WAS RECORDED YESTERDAY.
  THUNDERSTORM
  RAIN
  LIGHT RAIN


RELATIVE HUMIDITY (PERCENT)
 HIGHEST    90           500 AM
 LOWEST     47           300 PM
 AVERAGE    69

..........................................................


THE FLINT MI CLIMATE NORMALS FOR TODAY
                         NORMAL    RECORD    YEAR
 MAXIMUM TEMPERATURE (F)   82       105      1936
 MINIMUM TEMPERATURE (F)   59        42      1963


SUNRISE AND SUNSET
JULY  9 2016..........SUNRISE   605 AM EDT   SUNSET   915 PM EDT
JULY 10 2016..........SUNRISE   606 AM EDT   SUNSET   914 PM EDT


-  INDICATES NEGATIVE NUMBERS.
R  INDICATES RECORD WAS SET OR TIED.
MM INDICATES DATA IS MISSING.
T  INDICATES TRACE AMOUNT.




$$
