000
CDUS43 KDTX 170543
CLIFNT


CLIMATE REPORT
NATIONAL WEATHER SERVICE DETROIT/PONTIAC MI
143 AM EDT FRI JUL 17 2015


...................................

...THE FLINT MI CLIMATE SUMMARY FOR JULY 16 2015...

CLIMATE NORMAL PERIOD 1981 TO 2010
CLIMATE RECORD PERIOD 1921 TO 2015


WEATHER ITEM   OBSERVED TIME   RECORD YEAR NORMAL DEPARTURE LAST
                VALUE   (LST)  VALUE       VALUE  FROM      YEAR
                                                  NORMAL
..................................................................
TEMPERATURE (F)
 YESTERDAY
  MAXIMUM         79    407 PM  97    2012  82     -3       71
                                      1988
                                      1931
  MINIMUM         49    531 AM  45    1945  59    -10       53
  AVERAGE         64                        71     -7       62

PRECIPITATION (IN)
  YESTERDAY        T             1.07 1988   0.12  -0.12     0.00
  MONTH TO DATE    2.18                      1.60   0.58     4.68
  SINCE JUN 1      7.64                      4.67   2.97     7.14
  SINCE JAN 1     15.76                     15.66   0.10    22.09

SNOWFALL (IN)
  YESTERDAY        0.0           0.0    MM   0.0    0.0      0.0
  MONTH TO DATE    0.0                       0.0    0.0      0.0
  SINCE JUN 1      0.0                       0.0    0.0      0.0
  SINCE JUL 1      0.0                       0.0    0.0      0.0
  SNOW DEPTH       0

DEGREE DAYS
 HEATING
  YESTERDAY        1                         0      1        3
  MONTH TO DATE    8                        10     -2        7
  SINCE JUN 1     36                        76    -40       29
  SINCE JUL 1      8                        10     -2        7

 COOLING
  YESTERDAY        0                         6     -6        0
  MONTH TO DATE   60                        96    -36       78
  SINCE JUN 1    185                       208    -23      230
  SINCE JAN 1    260                       240     20      278
..................................................................


WIND (MPH)
  HIGHEST WIND SPEED    15   HIGHEST WIND DIRECTION     S (160)
  HIGHEST GUST SPEED    19   HIGHEST GUST DIRECTION    SE (150)
  AVERAGE WIND SPEED     4.7


SKY COVER
  POSSIBLE SUNSHINE  MM
  AVERAGE SKY COVER 0.1


WEATHER CONDITIONS
 THE FOLLOWING WEATHER WAS RECORDED YESTERDAY.
  FOG
  HAZE


RELATIVE HUMIDITY (PERCENT)
 HIGHEST    89           200 AM
 LOWEST     43           100 PM
 AVERAGE    66

..........................................................


THE FLINT MI CLIMATE NORMALS FOR TODAY
                         NORMAL    RECORD    YEAR
 MAXIMUM TEMPERATURE (F)   82       101      2012
                                             1931
 MINIMUM TEMPERATURE (F)   59        45      1978


SUNRISE AND SUNSET
JULY 17 2015..........SUNRISE   611 AM EDT   SUNSET   911 PM EDT
JULY 18 2015..........SUNRISE   612 AM EDT   SUNSET   910 PM EDT


-  INDICATES NEGATIVE NUMBERS.
R  INDICATES RECORD WAS SET OR TIED.
MM INDICATES DATA IS MISSING.
T  INDICATES TRACE AMOUNT.




$$
