000
CDUS43 KDTX 160536
CLIFNT


CLIMATE REPORT
NATIONAL WEATHER SERVICE DETROIT/PONTIAC MI
1236 AM EST SUN NOV 16 2014


...................................

...THE FLINT MI CLIMATE SUMMARY FOR NOVEMBER 15 2014...

CLIMATE NORMAL PERIOD 1981 TO 2010
CLIMATE RECORD PERIOD 1921 TO 2014


WEATHER ITEM   OBSERVED TIME   RECORD YEAR NORMAL DEPARTURE LAST
                VALUE   (LST)  VALUE       VALUE  FROM      YEAR
                                                  NORMAL
..................................................................
TEMPERATURE (F)
 YESTERDAY
  MAXIMUM         35    115 PM  69    1990  47    -12       54
  MINIMUM         24    129 AM  10    1933  31     -7       39
  AVERAGE         30                        39     -9       47

PRECIPITATION (IN)
  YESTERDAY        T             1.08 1973   0.10  -0.10     0.00
  MONTH TO DATE    0.30                      1.37  -1.07     0.74
  SINCE SEP 1      5.40                      7.59  -2.19     4.26
  SINCE JAN 1     32.39                     28.15   4.24    29.85

SNOWFALL (IN)
  YESTERDAY        T             2.1  1997   0.0    0.0      0.0
  MONTH TO DATE    0.6                       0.5    0.1      0.4
  SINCE SEP 1      1.3                       0.9    0.4      0.4
  SINCE JUL 1      1.3                       0.9    0.4      0.4
  SNOW DEPTH       0

DEGREE DAYS
 HEATING
  YESTERDAY       35                        26      9       18
  MONTH TO DATE  372                       348     24      354
  SINCE SEP 1    930                      1000    -70      898
  SINCE JUL 1    954                      1044    -90      920

 COOLING
  YESTERDAY        0                         0      0        0
  MONTH TO DATE    0                         0      0        0
  SINCE SEP 1     65                        54     11       88
  SINCE JAN 1    597                       531     66      758
..................................................................


WIND (MPH)
  HIGHEST WIND SPEED    17   HIGHEST WIND DIRECTION     W (250)
  HIGHEST GUST SPEED    20   HIGHEST GUST DIRECTION    SW (220)
  AVERAGE WIND SPEED     7.2


SKY COVER
  POSSIBLE SUNSHINE  MM
  AVERAGE SKY COVER 0.9


WEATHER CONDITIONS
 THE FOLLOWING WEATHER WAS RECORDED YESTERDAY.
  LIGHT SNOW
  HAZE


RELATIVE HUMIDITY (PERCENT)
 HIGHEST    81           100 AM
 LOWEST     47           100 PM
 AVERAGE    64

..........................................................


THE FLINT MI CLIMATE NORMALS FOR TODAY
                         NORMAL    RECORD    YEAR
 MAXIMUM TEMPERATURE (F)   47        68      1953
                                             1931
 MINIMUM TEMPERATURE (F)   31         7      1933


SUNRISE AND SUNSET
NOVEMBER 16 2014......SUNRISE   728 AM EST   SUNSET   511 PM EST
NOVEMBER 17 2014......SUNRISE   730 AM EST   SUNSET   510 PM EST


-  INDICATES NEGATIVE NUMBERS.
R  INDICATES RECORD WAS SET OR TIED.
MM INDICATES DATA IS MISSING.
T  INDICATES TRACE AMOUNT.




$$
