000
CDUS43 KDTX 160536
CLIFNT


CLIMATE REPORT
NATIONAL WEATHER SERVICE DETROIT/PONTIAC MI
1236 AM EST MON FEB 16 2015


...................................

...THE FLINT MI CLIMATE SUMMARY FOR FEBRUARY 15 2015...

CLIMATE NORMAL PERIOD 1981 TO 2010
CLIMATE RECORD PERIOD 1921 TO 2015


WEATHER ITEM   OBSERVED TIME   RECORD YEAR NORMAL DEPARTURE LAST
                VALUE   (LST)  VALUE       VALUE  FROM      YEAR
                                                  NORMAL
..................................................................
TEMPERATURE (F)
 YESTERDAY
  MAXIMUM          2    412 PM  62    1954  33    -31       21
  MINIMUM        -17R  1159 PM  -7    1943  17    -34       -2
  AVERAGE         -7                        25    -32       10

PRECIPITATION (IN)
  YESTERDAY        0.00          0.55 1992   0.05  -0.05      T
  MONTH TO DATE    0.77                      0.74   0.03     0.74
  SINCE DEC 1      3.71                      4.29  -0.58     5.12
  SINCE JAN 1      2.07                      2.37  -0.30     3.27

SNOWFALL (IN)
  YESTERDAY        0.0           4.6  1975   0.4   -0.4       T
  MONTH TO DATE   15.1                       6.0    9.1     13.7
  SINCE DEC 1     28.8                      30.9   -2.1     63.5
  SINCE JUL 1     38.2                      33.8    4.4     65.1
  SNOW DEPTH       9

DEGREE DAYS
 HEATING
  YESTERDAY       72                        40     32       55
  MONTH TO DATE  735                       622    113      777
  SINCE DEC 1   3083                      3105    -22     3531
  SINCE JUL 1   4547                      4586    -39     4930

 COOLING
  YESTERDAY        0                         0      0        0
  MONTH TO DATE    0                         0      0        0
  SINCE DEC 1      0                         0      0        0
  SINCE JAN 1      0                         0      0        0
..................................................................


WIND (MPH)
  HIGHEST WIND SPEED    17   HIGHEST WIND DIRECTION    NW (330)
  HIGHEST GUST SPEED    24   HIGHEST GUST DIRECTION     N (350)
  AVERAGE WIND SPEED     8.1


SKY COVER
  POSSIBLE SUNSHINE  MM
  AVERAGE SKY COVER 0.0


WEATHER CONDITIONS
 THE FOLLOWING WEATHER WAS RECORDED YESTERDAY.
  NO SIGNIFICANT WEATHER WAS OBSERVED.


RELATIVE HUMIDITY (PERCENT)
 HIGHEST    74           900 PM
 LOWEST     49           400 PM
 AVERAGE    62

..........................................................


THE FLINT MI CLIMATE NORMALS FOR TODAY
                         NORMAL    RECORD    YEAR
 MAXIMUM TEMPERATURE (F)   33        58      1921
 MINIMUM TEMPERATURE (F)   17       -13      1963


SUNRISE AND SUNSET
FEBRUARY 16 2015......SUNRISE   731 AM EST   SUNSET   607 PM EST
FEBRUARY 17 2015......SUNRISE   730 AM EST   SUNSET   609 PM EST


-  INDICATES NEGATIVE NUMBERS.
R  INDICATES RECORD WAS SET OR TIED.
MM INDICATES DATA IS MISSING.
T  INDICATES TRACE AMOUNT.




$$
