000
CDUS43 KDTX 090539
CLIFNT


CLIMATE REPORT
NATIONAL WEATHER SERVICE DETROIT/PONTIAC MI
139 AM EDT SAT AUG 9 2014


...................................

...THE FLINT MI CLIMATE SUMMARY FOR AUGUST 8 2014...

CLIMATE NORMAL PERIOD 1981 TO 2010
CLIMATE RECORD PERIOD 1921 TO 2014


WEATHER ITEM   OBSERVED TIME   RECORD YEAR NORMAL DEPARTURE LAST
                VALUE   (LST)  VALUE       VALUE  FROM      YEAR
                                                  NORMAL
..................................................................
TEMPERATURE (F)
 YESTERDAY
  MAXIMUM         81    248 PM  98    2001  81      0       78
  MINIMUM         55    444 AM  44    1989  59     -4       63
  AVERAGE         68                        70     -2       71

PRECIPITATION (IN)
  YESTERDAY        0.00          4.50 1937   0.10  -0.10     0.00
  MONTH TO DATE    0.02                      0.84  -0.82     1.25
  SINCE JUN 1      8.24                      7.23   1.01     7.50
  SINCE JAN 1     23.19                     18.22   4.97    24.26

SNOWFALL (IN)
  YESTERDAY        0.0           0.0    MM   0.0    0.0      0.0
  MONTH TO DATE    0.0                       0.0    0.0      0.0
  SINCE JUN 1      0.0                       0.0    0.0      0.0
  SINCE JUL 1      0.0                       0.0    0.0      0.0
  SNOW DEPTH       0

DEGREE DAYS
 HEATING
  YESTERDAY        0                         1     -1        0
  MONTH TO DATE    0                         7     -7        2
  SINCE JUN 1     39                        88    -49       52
  SINCE JUL 1     17                        22     -5       11

 COOLING
  YESTERDAY        3                         5     -2        6
  MONTH TO DATE   48                        45      3       32
  SINCE JUN 1    329                       344    -15      455
  SINCE JAN 1    377                       376      1      534
..................................................................


WIND (MPH)
  HIGHEST WIND SPEED    14   HIGHEST WIND DIRECTION    NE (50)
  HIGHEST GUST SPEED    17   HIGHEST GUST DIRECTION     E (100)
  AVERAGE WIND SPEED     6.2


SKY COVER
  POSSIBLE SUNSHINE  MM
  AVERAGE SKY COVER 0.0


WEATHER CONDITIONS
 THE FOLLOWING WEATHER WAS RECORDED YESTERDAY.
  NO SIGNIFICANT WEATHER WAS OBSERVED.


RELATIVE HUMIDITY (PERCENT)
 HIGHEST    86           400 AM
 LOWEST     39           100 PM
 AVERAGE    63

..........................................................


THE FLINT MI CLIMATE NORMALS FOR TODAY
                         NORMAL    RECORD    YEAR
 MAXIMUM TEMPERATURE (F)   81        96      1934
 MINIMUM TEMPERATURE (F)   59        39      1964


SUNRISE AND SUNSET
AUGUST  9 2014........SUNRISE   634 AM EDT   SUNSET   846 PM EDT
AUGUST 10 2014........SUNRISE   635 AM EDT   SUNSET   844 PM EDT


-  INDICATES NEGATIVE NUMBERS.
R  INDICATES RECORD WAS SET OR TIED.
MM INDICATES DATA IS MISSING.
T  INDICATES TRACE AMOUNT.




$$
