000
CDUS43 KDTX 040538
CLIFNT


CLIMATE REPORT
NATIONAL WEATHER SERVICE DETROIT/PONTIAC MI
1238 AM EST SAT FEB 4 2017


...................................

...THE FLINT MI CLIMATE SUMMARY FOR FEBRUARY 3 2017...

CLIMATE NORMAL PERIOD 1981 TO 2010
CLIMATE RECORD PERIOD 1921 TO 2017


WEATHER ITEM   OBSERVED TIME   RECORD YEAR NORMAL DEPARTURE LAST
                VALUE   (LST)  VALUE       VALUE  FROM      YEAR
                                                  NORMAL
..................................................................
TEMPERATURE (F)
 YESTERDAY
  MAXIMUM         20    338 PM  55    2016  30    -10       55
  MINIMUM          7    433 AM -11    1996  15     -8       36
  AVERAGE         14                        23     -9       46

PRECIPITATION (IN)
  YESTERDAY        0.00          0.41 2003   0.05  -0.05     0.06
  MONTH TO DATE    0.03                      0.14  -0.11     0.36
  SINCE DEC 1      4.75                      3.69   1.06     3.90
  SINCE JAN 1      3.16                      1.77   1.39     2.00

SNOWFALL (IN)
  YESTERDAY        0.0           3.8  1949   0.4   -0.4      0.0
  MONTH TO DATE    1.0                       1.2   -0.2      0.0
  SINCE DEC 1     31.6                      26.1    5.5     17.1
  SINCE JUL 1     31.6                      29.0    2.6     27.9
  SNOW DEPTH       3

DEGREE DAYS
 HEATING
  YESTERDAY       51                        42      9       19
  MONTH TO DATE  132                       126      6       79
  SINCE DEC 1   2393                      2609   -216     1955
  SINCE JUL 1   3434                      4090   -656     2936

 COOLING
  YESTERDAY        0                         0      0        0
  MONTH TO DATE    0                         0      0        0
  SINCE DEC 1      0                         0      0        0
  SINCE JAN 1      0                         0      0        0
..................................................................


WIND (MPH)
  HIGHEST WIND SPEED    25   HIGHEST WIND DIRECTION     W (290)
  HIGHEST GUST SPEED    31   HIGHEST GUST DIRECTION     W (270)
  AVERAGE WIND SPEED    12.4


SKY COVER
  POSSIBLE SUNSHINE  MM
  AVERAGE SKY COVER 0.5


WEATHER CONDITIONS
 THE FOLLOWING WEATHER WAS RECORDED YESTERDAY.
  NO SIGNIFICANT WEATHER WAS OBSERVED.


RELATIVE HUMIDITY (PERCENT)
 HIGHEST    83           200 AM
 LOWEST     51           300 PM
 AVERAGE    67

..........................................................


THE FLINT MI CLIMATE NORMALS FOR TODAY
                         NORMAL    RECORD    YEAR
 MAXIMUM TEMPERATURE (F)   30        55      1991
 MINIMUM TEMPERATURE (F)   15       -16      1978


SUNRISE AND SUNSET
FEBRUARY  4 2017......SUNRISE   746 AM EST   SUNSET   552 PM EST
FEBRUARY  5 2017......SUNRISE   745 AM EST   SUNSET   553 PM EST


-  INDICATES NEGATIVE NUMBERS.
R  INDICATES RECORD WAS SET OR TIED.
MM INDICATES DATA IS MISSING.
T  INDICATES TRACE AMOUNT.




$$
