000
CDUS43 KDTX 160536
CLIFNT


CLIMATE REPORT
NATIONAL WEATHER SERVICE DETROIT/PONTIAC MI
136 AM EDT FRI JUN 16 2017


...................................

...THE FLINT MI CLIMATE SUMMARY FOR JUNE 15 2017...

CLIMATE NORMAL PERIOD 1981 TO 2010
CLIMATE RECORD PERIOD 1921 TO 2017


WEATHER ITEM   OBSERVED TIME   RECORD YEAR NORMAL DEPARTURE LAST
                VALUE   (LST)  VALUE       VALUE  FROM      YEAR
                                                  NORMAL
..................................................................
TEMPERATURE (F)
 YESTERDAY
  MAXIMUM         88    337 PM  93    1988  78     10       86
                                      1954
  MINIMUM         64   1135 PM  41    1999  55      9       61
                                      1942
                                      1927
  AVERAGE         76                        67      9       74

PRECIPITATION (IN)
  YESTERDAY        0.01          2.20 1949   0.11  -0.10     0.04
  MONTH TO DATE    0.36                      1.56  -1.20     0.56
  SINCE JUN 1      0.36                      1.56  -1.20     0.56
  SINCE JAN 1     16.79                     12.55   4.24    12.79

SNOWFALL (IN)
  YESTERDAY        0.0           0.0    MM   0.0    0.0      0.0
  MONTH TO DATE    0.0                       0.0    0.0      0.0
  SINCE JUN 1      0.0                       0.0    0.0      0.0
  SINCE JUL 1     39.4                      47.4   -8.0     69.0
  SNOW DEPTH       0

DEGREE DAYS
 HEATING
  YESTERDAY        0                         2     -2        0
  MONTH TO DATE   24                        48    -24       22
  SINCE JUN 1     24                        48    -24       22
  SINCE JUL 1   5812                      6935  -1123     5378

 COOLING
  YESTERDAY       11                         4      7        9
  MONTH TO DATE   80                        39     41       71
  SINCE JUN 1     80                        39     41       71
  SINCE JAN 1    105                        71     34      150
..................................................................


WIND (MPH)
  HIGHEST WIND SPEED    20   HIGHEST WIND DIRECTION     W (270)
  HIGHEST GUST SPEED    28   HIGHEST GUST DIRECTION     W (280)
  AVERAGE WIND SPEED     7.5


SKY COVER
  POSSIBLE SUNSHINE  MM
  AVERAGE SKY COVER 0.4


WEATHER CONDITIONS
 THE FOLLOWING WEATHER WAS RECORDED YESTERDAY.
  LIGHT RAIN


RELATIVE HUMIDITY (PERCENT)
 HIGHEST    87           600 AM
 LOWEST     46           300 PM
 AVERAGE    67

..........................................................


THE FLINT MI CLIMATE NORMALS FOR TODAY
                         NORMAL    RECORD    YEAR
 MAXIMUM TEMPERATURE (F)   78        96      1952
 MINIMUM TEMPERATURE (F)   56        38      1980


SUNRISE AND SUNSET
JUNE 16 2017..........SUNRISE   555 AM EDT   SUNSET   916 PM EDT
JUNE 17 2017..........SUNRISE   555 AM EDT   SUNSET   917 PM EDT


-  INDICATES NEGATIVE NUMBERS.
R  INDICATES RECORD WAS SET OR TIED.
MM INDICATES DATA IS MISSING.
T  INDICATES TRACE AMOUNT.




$$
