000
CDUS43 KDTX 150728
CLIFNT


CLIMATE REPORT
NATIONAL WEATHER SERVICE DETROIT/PONTIAC MI
328 AM EDT SUN MAR 15 2015


...................................

...THE FLINT MI CLIMATE SUMMARY FOR MARCH 14 2015...

CLIMATE NORMAL PERIOD 1981 TO 2010
CLIMATE RECORD PERIOD 1921 TO 2015


WEATHER ITEM   OBSERVED TIME   RECORD YEAR NORMAL DEPARTURE LAST
                VALUE   (LST)  VALUE       VALUE  FROM      YEAR
                                                  NORMAL
..................................................................
TEMPERATURE (F)
 YESTERDAY
  MAXIMUM         46    400 PM  76    2012  43      3       51
                                      1990
  MINIMUM         37   1159 PM   5    1993  24     13       26
                                      1970
  AVERAGE         42                        33      9       39

PRECIPITATION (IN)
  YESTERDAY        0.00          1.01 1973   0.06  -0.06     0.00
  MONTH TO DATE    0.26                      0.78  -0.52     0.66
  SINCE MAR 1      0.26                      0.78  -0.52     0.66
  SINCE JAN 1      2.43                      3.89  -1.46     4.67

SNOWFALL (IN)
  YESTERDAY        0.0           2.8  1987   0.2   -0.2      0.0
  MONTH TO DATE    3.4                       3.7   -0.3      8.6
  SINCE MAR 1      3.4                       3.7   -0.3      8.6
  SINCE JUL 1     43.9                      42.3    1.6     81.8
  SNOW DEPTH       T

DEGREE DAYS
 HEATING
  YESTERDAY       23                        32     -9       26
  MONTH TO DATE  500                       478     22      616
  SINCE MAR 1    500                       478     22      616
  SINCE JUL 1   5808                      5566    242     6137

 COOLING
  YESTERDAY        0                         0      0        0
  MONTH TO DATE    0                         0      0        0
  SINCE MAR 1      0                         0      0        0
  SINCE JAN 1      0                         0      0        0
..................................................................


WIND (MPH)
  HIGHEST WIND SPEED    23   HIGHEST WIND DIRECTION    NW (300)
  HIGHEST GUST SPEED    30   HIGHEST GUST DIRECTION    NW (310)
  AVERAGE WIND SPEED    12.8


SKY COVER
  POSSIBLE SUNSHINE  MM
  AVERAGE SKY COVER 0.9


WEATHER CONDITIONS
 THE FOLLOWING WEATHER WAS RECORDED YESTERDAY.
  FOG
  HAZE


RELATIVE HUMIDITY (PERCENT)
 HIGHEST    92           100 AM
 LOWEST     60           400 PM
 AVERAGE    76

..........................................................


THE FLINT MI CLIMATE NORMALS FOR TODAY
                         NORMAL    RECORD    YEAR
 MAXIMUM TEMPERATURE (F)   43        78      1990
 MINIMUM TEMPERATURE (F)   24         3      1960


SUNRISE AND SUNSET
MARCH 15 2015.........SUNRISE   747 AM EDT   SUNSET   741 PM EDT
MARCH 16 2015.........SUNRISE   746 AM EDT   SUNSET   742 PM EDT


-  INDICATES NEGATIVE NUMBERS.
R  INDICATES RECORD WAS SET OR TIED.
MM INDICATES DATA IS MISSING.
T  INDICATES TRACE AMOUNT.




$$
