365
CDUS43 KDTX 252131
CLIFNT


CLIMATE REPORT
NATIONAL WEATHER SERVICE DETROIT/PONTIAC MI
431 PM EST MON JAN 25 2016


...................................

...THE FLINT MI CLIMATE SUMMARY FOR JANUARY 25 2016...
VALID TODAY AS OF 0400 PM LOCAL TIME.

CLIMATE NORMAL PERIOD 1981 TO 2010
CLIMATE RECORD PERIOD 1921 TO 2016


WEATHER ITEM   OBSERVED TIME   RECORD YEAR NORMAL DEPARTURE LAST
                VALUE   (LST)  VALUE       VALUE  FROM      YEAR
                                                  NORMAL
..................................................................
TEMPERATURE (F)
 TODAY
  MAXIMUM         44    248 PM  65    1950  29     15       36
  MINIMUM         28    542 AM -16    2004  15     13       17
  AVERAGE         36                        22     14       27

PRECIPITATION (IN)
  TODAY            0.00          0.42 1950   0.05  -0.05     0.00
  MONTH TO DATE    1.39                      1.35   0.04     1.17
  SINCE DEC 1      3.29                      3.27   0.02     2.81
  SINCE JAN 1      1.39                      1.35   0.04     1.17

SNOWFALL (IN)
  TODAY            0.0           4.5  1928   0.5   -0.5      0.0
  MONTH TO DATE   12.5                      10.7    1.8     12.1
  SINCE DEC 1     15.0                      22.5   -7.5     12.7
  SINCE JUL 1     25.8                      25.4    0.4     22.1
  SNOW DEPTH       2

DEGREE DAYS
 HEATING
  TODAY           29                        43    -14       38
  MONTH TO DATE  962                      1064   -102     1091
  SINCE DEC 1   1699                      2228   -529     2081
  SINCE JUL 1   2680                      3709  -1029     3545

 COOLING
  TODAY            0                         0      0        0
  MONTH TO DATE    0                         0      0        0
  SINCE DEC 1      0                         0      0        0
  SINCE JAN 1      0                         0      0        0
..................................................................


WIND (MPH)
  HIGHEST WIND SPEED    17   HIGHEST WIND DIRECTION     S (190)
  HIGHEST GUST SPEED    22   HIGHEST GUST DIRECTION     S (200)
  AVERAGE WIND SPEED     7.4


SKY COVER
  POSSIBLE SUNSHINE  MM
  AVERAGE SKY COVER 0.4


WEATHER CONDITIONS
 THE FOLLOWING WEATHER WAS RECORDED TODAY.
  HAZE


RELATIVE HUMIDITY (PERCENT)
 HIGHEST    78          1200 AM
 LOWEST     46           100 PM
 AVERAGE    62

..........................................................


THE FLINT MI CLIMATE NORMALS FOR TOMORROW
                         NORMAL    RECORD    YEAR
 MAXIMUM TEMPERATURE (F)   30        63      1944
 MINIMUM TEMPERATURE (F)   15       -16      1959


SUNRISE AND SUNSET
JANUARY 25 2016.......SUNRISE   757 AM EST   SUNSET   538 PM EST
JANUARY 26 2016.......SUNRISE   756 AM EST   SUNSET   539 PM EST


-  INDICATES NEGATIVE NUMBERS.
R  INDICATES RECORD WAS SET OR TIED.
MM INDICATES DATA IS MISSING.
T  INDICATES TRACE AMOUNT.




$$
